000
CXUS54 KEWX 051854
CF6PEZ
PRELIMINARY LOCAL CLIMATOLOGICAL DATA (WS FORM: F-6)
STATION: PLEASANTON MUNICIPAL AIRPORT
MONTH: JUNE
YEAR: 2022
LATITUDE: 28 57 N
LONGITUDE: 98 31 W
TEMPERATURE IN F: :PCPN: SNOW: WIND :SUNSHINE: SKY :PK WND
================================================================================
1 2 3 4 5 6A 6B 7 8 9 10 11 12 13 14 15 16 17 18
12Z AVG MX 2MIN
DY MAX MIN AVG DEP HDD CDD WTR SNW DPTH SPD SPD DIR MIN PSBL S-S WX SPD DR
================================================================================
1 100 78 89 M 0 24 0.00 M M 9.4 18 150 M M 5 25 150
2 99 74 87 M 0 22 0.05 M M 5.7 13 50 M M 4 17 60
3 98 73 86 M 0 21 0.00 M M 4.0 12 80 M M 4 18 30
4 101 71 86 M 0 21 0.00 M M 4.7 17 150 M M 3 29 150
5 104 71 88 M 0 23 0.00 M M 8.3 16 130 M M 0 23 130
6 106 76 91 M 0 26 0.00 M M 11.2 20 140 M M 2 26 120
7 105 74 90 M 0 25 0.00 M M 9.7 15 140 M M 1 25 130
8 103 76 90 M 0 25 0.00 M M 9.9 18 140 M M 3 25 140
9 103 76 90 M 0 25 0.00 M M 6.3 12 150 M M 5 22 130
10 105 76 91 M 0 26 0.00 M M 6.6 12 150 M M 3 20 150
11 106 74 90 M 0 25 0.00 M M 6.5 16 140 M M 0 21 140
12 108 76 92 M 0 27 0.00 M M 9.6 17 140 M M 1 28 190
13 102 75 89 M 0 24 0.00 M M 11.2 18 140 M M 1 28 140
14 101 78 90 M 0 25 0.00 M M 13.8 21 160 M M 2 30 160
15 100 79 90 M 0 25 0.00 M M 11.7 18 140 M M 4 24 130
16 104 76 90 M 0 25 0.00 M M 8.5 16 150 M M 1 1 23 160
17 101 70 86 M 0 21 0.00 M M 5.3 16 140 M M 3 1 24 130
18 101 71 86 M 0 21 0.00 M M 6.0 15 130 M M 2 25 130
19 102 72 87 M 0 22 0.00 M M 5.7 16 150 M M 2 1 25 100
20 103 73 88 M 0 23 0.00 M M 5.6 13 150 M M 2 24 130
21 103 75 89 M 0 24 0.00 M M 6.4 14 140 M M 2 28 150
22 101 76 89 M 0 24 0.00 M M 5.9 12 160 M M 3 16 150
23 103 72 88 M 0 23 0.00 M M 4.1 13 150 M M 0 22 150
24 104 73 89 M 0 24 0.00 M M 6.9 17 150 M M 0 25 150
25 102 74 88 M 0 23 0.00 M M 8.5 16 110 M M 1 21 170
26 103 75 89 M 0 24 0.00 M M 3.8 14 140 M M 2 25 140
27 103 71 87 M 0 22 0.00 M M 5.1 17 80 M M 1 25 60
28 94 72 83 M 0 18 0.70 M M 4.1 9 80 M M 3 13 23 40
29 99 72 86 M 0 21 0.00 M M 5.2 14 110 M M 1 1 16 110
30 101 73 87 M 0 22 0.00 M M 4.4 12 60 M M 1 21 70
================================================================================
SM 3065 2222 0 701 0.75 M 214.1 M 62
================================================================================
AV102.2 74.1 7.1 FASTST M M 2 MAX(MPH)
MISC ----> 21 160 30 160
================================================================================
NOTES:
# LAST OF SEVERAL OCCURRENCES
COLUMN 17 PEAK WIND IN M.P.H.
PRELIMINARY LOCAL CLIMATOLOGICAL DATA (WS FORM: F-6) , PAGE 2
STATION: PLEASANTON MUNICIPAL AIRPORT
MONTH: JUNE
YEAR: 2022
LATITUDE: 28 57 N
LONGITUDE: 98 31 W
[TEMPERATURE DATA] [PRECIPITATION DATA] SYMBOLS USED IN COLUMN 16
AVERAGE MONTHLY: 88.1 TOTAL FOR MONTH: 0.75 1 = FOG OR MIST
DPTR FM NORMAL: 0.0 DPTR FM NORMAL: M 2 = FOG REDUCING VISIBILITY
HIGHEST: 108 ON 12 GRTST 24HR 0.70 ON 28-28 TO 1/4 MILE OR LESS
LOWEST: 70 ON 17 3 = THUNDER
SNOW, ICE PELLETS, HAIL 4 = ICE PELLETS
TOTAL MONTH: M 5 = HAIL
GRTST 24HR M ON M 6 = FREEZING RAIN OR DRIZZLE
GRTST DEPTH: M ON M 7 = DUSTSTORM OR SANDSTORM:
VSBY 1/2 MILE OR LESS
8 = SMOKE OR HAZE
[NO. OF DAYS WITH] [WEATHER - DAYS WITH] 9 = BLOWING SNOW
X = TORNADO
MAX 32 OR BELOW: 0 0.01 INCH OR MORE: 2
MAX 90 OR ABOVE: 30 0.10 INCH OR MORE: 1
MIN 32 OR BELOW: 0 0.50 INCH OR MORE: 1
MIN 0 OR BELOW: 0 1.00 INCH OR MORE: 0
[HDD (BASE 65) ]
TOTAL THIS MO. 0 CLEAR (SCALE 0-3) 24
DPTR FM NORMAL M PTCLDY (SCALE 4-7) 6
TOTAL FM JUL 1 1067 CLOUDY (SCALE 8-10) 0
DPTR FM NORMAL M
[CDD (BASE 65) ]
TOTAL THIS MO. 701
DPTR FM NORMAL M [PRESSURE DATA]
TOTAL FM JAN 1 1822 HIGHEST SLP M ON M
DPTR FM NORMAL M LOWEST SLP M ON M
[REMARKS]
#FINAL-06-22#