000
CXUS52 KTBW 052339
CF6PGD
PRELIMINARY LOCAL CLIMATOLOGICAL DATA (WS FORM: F-6)
STATION: PUNTA GORDA
MONTH: SEPTEMBER
YEAR: 2022
LATITUDE: 26 55 N
LONGITUDE: 82 0 W
TEMPERATURE IN F: :PCPN: SNOW: WIND :SUNSHINE: SKY :PK WND
================================================================================
1 2 3 4 5 6A 6B 7 8 9 10 11 12 13 14 15 16 17 18
12Z AVG MX 2MIN
DY MAX MIN AVG DEP HDD CDD WTR SNW DPTH SPD SPD DIR MIN PSBL S-S WX SPD DR
================================================================================
1 92 75 84 1 0 19 0.01 0.0 0 5.1 17 250 M M 2 3 26 290
2 91 75 83 0 0 18 0.01 0.0 0 5.0 15 60 M M 3 13 19 60
3 95 75 85 2 0 20 T 0.0 0 5.7 14 230 M M 2 13 19 230
4 95 74 85 2 0 20 0.66 0.0 0 6.2 18 40 M M 3 13 22 30
5 96 77 87 4 0 22 T 0.0 0 5.7 21 90 M M 3 3 33 100
6 96 79 88 5 0 23 0.00 0.0 0 3.9 14 320 M M 2 3 19 330
7 95 75 85 2 0 20 0.30 0.0 0 4.6 28 50 M M 2 13 33 50
8 85 72 79 -4 0 14 1.37 0.0 0 3.5 25 290 M M 3 13 33 290
9 91 73 82 -1 0 17 0.46 0.0 0 5.6 25 280 M M 2 13 39 280
10 91 76 84 2 0 19 1.74 0.0 0 7.0 24 190 M M 1 123 31 190
11 93 77 85 3 0 20 0.00 0.0 0 5.4 16 80 M M 2 3 21 80
12 91 76 84 2 0 19 T 0.0 0 4.9 15 280 M M 1 3 22 310
13 90 76 83 1 0 18 0.11 0.0 0 3.9 18 240 M M 1 3 25 250
14 89 75 82 0 0 17 0.00 0.0 0 4.9 16 110 M M 1 3 20 110
15 88 74 81 -1 0 16 0.14 0.0 0 4.5 18 180 M M 3 13 25 30
16 89 74 82 0 0 17 1.43 0.0 0 6.0 26 60 M M 4 1238 34 70
17 90 74 82 0 0 17 0.57 0.0 0 7.6 18 200 M M 6 13 26 190
18 89 73 81 -1 0 16 0.01 0.0 0 4.0 12 270 M M 4 1 20 20
19 90 75 83 1 0 18 0.00 0.0 0 3.8 18 140 M M 2 3 24 150
20 93 74 84 2 0 19 1.82 0.0 0 4.1 29 10 M M 3 1238 44 220
21 91 75 83 1 0 18 0.00 0.0 0 6.0 16 50 M M 2 13 21 40
22 93 75 84 2 0 19 T 0.0 0 6.3 13 10 M M 1 17 360
23 93 74 84 2 0 19 0.01 0.0 0 5.7 29 340 M M 3 13 34 340
24 92 76 84 3 0 19 0.00 0.0 0 9.1 16 50 M M 4 23 50
25 93 75 84 3 0 19 0.42 0.0 0 4.0 18 230 M M 5 13 27 240
26 91 75 83 2 0 18 0.02 0.0 0 5.8 20 180 M M 3 123 25 160
27 78 75 77 -4 0 12 1.74 0.0 0 12.4 31 50 M M 6 1 45 40
28 79 71 75 -6 0 10 5.59 0.0 0 40.8 87 100 M M 10 123 135 100
29 80 68 74 -7 0 9 0.01 0.0 0 17.1 31 290 M M M 45 270
30 82 64 73 -8 0 8 0.00 0.0 0 8.5 15 350 M M M 1 19 340
================================================================================
SM 2701 2227 0 520 16.42 0.0 217.1 M 84
================================================================================
AV 90.0 74.2 7.2 FASTST M M 3 MAX(MPH)
MISC ----> 87 100 135 100
================================================================================
NOTES:
# LAST OF SEVERAL OCCURRENCES
COLUMN 17 PEAK WIND IN M.P.H.
PRELIMINARY LOCAL CLIMATOLOGICAL DATA (WS FORM: F-6) , PAGE 2
STATION: PUNTA GORDA
MONTH: SEPTEMBER
YEAR: 2022
LATITUDE: 26 55 N
LONGITUDE: 82 0 W
[TEMPERATURE DATA] [PRECIPITATION DATA] SYMBOLS USED IN COLUMN 16
AVERAGE MONTHLY: 82.1 TOTAL FOR MONTH: 16.42 1 = FOG OR MIST
DPTR FM NORMAL: 0.0 DPTR FM NORMAL: 9.55 2 = FOG REDUCING VISIBILITY
HIGHEST: 96 ON 6, 5 GRTST 24HR 5.59 ON 28-28 TO 1/4 MILE OR LESS
LOWEST: 64 ON 30 3 = THUNDER
SNOW, ICE PELLETS, HAIL 4 = ICE PELLETS
TOTAL MONTH: 0.0 INCH 5 = HAIL
GRTST 24HR 0.0 6 = FREEZING RAIN OR DRIZZLE
GRTST DEPTH: 0 7 = DUSTSTORM OR SANDSTORM:
VSBY 1/2 MILE OR LESS
8 = SMOKE OR HAZE
[NO. OF DAYS WITH] [WEATHER - DAYS WITH] 9 = BLOWING SNOW
X = TORNADO
MAX 32 OR BELOW: 0 0.01 INCH OR MORE: 19
MAX 90 OR ABOVE: 21 0.10 INCH OR MORE: 13
MIN 32 OR BELOW: 0 0.50 INCH OR MORE: 8
MIN 0 OR BELOW: 0 1.00 INCH OR MORE: 6
[HDD (BASE 65) ]
TOTAL THIS MO. 0 CLEAR (SCALE 0-3) 19
DPTR FM NORMAL 0 PTCLDY (SCALE 4-7) 8
TOTAL FM JUL 1 0 CLOUDY (SCALE 8-10) 3
DPTR FM NORMAL 0
[CDD (BASE 65) ]
TOTAL THIS MO. 520
DPTR FM NORMAL 9 [PRESSURE DATA]
TOTAL FM JAN 1 3359 HIGHEST SLP M ON M
DPTR FM NORMAL 258 LOWEST SLP 28.10 ON 28
[REMARKS]
#FINAL-09-22#