000
CXUS51 KPBZ 010730
CF6PHD
PRELIMINARY LOCAL CLIMATOLOGICAL DATA (WS FORM: F-6)
STATION: NEW PHILADELPHIA OH
MONTH: MARCH
YEAR: 2024
LATITUDE: 40 28 N
LONGITUDE: 81 25 W
TEMPERATURE IN F: :PCPN: SNOW: WIND :SUNSHINE: SKY :PK WND
================================================================================
1 2 3 4 5 6A 6B 7 8 9 10 11 12 13 14 15 16 17 18
12Z AVG MX 2MIN
DY MAX MIN AVG DEP HDD CDD WTR SNW DPTH SPD SPD DIR MIN PSBL S-S WX SPD DR
================================================================================
1 49 23 36 1 29 0 0.11 M M 5.2 15 120 M M 3 1 22 110
2 51 42 47 12 18 0 0.13 M M 2.2 8 170 M M 10 1 14 150
3 65 41 53 17 12 0 0.00 M M 2.7 12 110 M M 6 17 120
4 73 37 55 19 10 0 0.00 M M 5.8 13 220 M M 1 1 21 230
5 74 49 62 26 3 0 0.00 M M 4.5 15 280 M M 3 3 22 250
6 55 46 51 15 14 0 0.36 M M 5.6 14 340 M M 10 1 20 340
7 49 40 45 8 20 0 0.00 M M 4.0 13 350 M M 10 1 19 20
8 63 46 55 18 10 0 0.01 M M 6.6 15 170 M M 7 22 160
9 57 39 48 11 17 0 0.32 M M 10.1 17 290 M M 10 1 29 280
10 39 30 35 -3 30 0 T M M 12.2 22 280 M M 9 12 36 300
11 53 29 41 3 24 0 0.00 M M 7.7 17 290 M M 1 28 240
12 68 39 54 16 11 0 0.00 M M 5.9 15 240 M M 0 24 220
13 71 38 55 16 10 0 0.00 M M 3.6 15 250 M M 0 22 280
14 73 41 57 18 8 0 0.20 M M 6.4 24 200 M M 3 3 45 200
15 62 37 50 10 15 0 0.01 M M 7.4 16 310 M M 9 1 22 310
16 61 32 47 7 18 0 T M M 7.9 23 320 M M 3 12 36 320
17 50 34 42 2 23 0 0.02 M M 9.8 22 260 M M 7 1 36 240
18 34 28 31 -10 34 0 T M M 7.2 16 300 M M 9 25 290
19 47 30 39 -2 26 0 T M M 10.3 21 250 M M 9 1 36 230
20 48 27 38 -3 27 0 T M M 9.9 25 340 M M 7 39 290
21 40 20 30 -12 35 0 0.00 M M 3.7 12 330 M M 0 18 360
22 43 25 34 -8 31 0 0.34 M M 4.4 14 120 M M 7 1 17 120
23 38 28 33 -9 32 0 0.01 M M 11.3 20 350 M M 10 1 29 320
24 49 22 36 -7 29 0 0.00 M M 5.6 13 120 M M 0 19 70
25 69 35 52 9 13 0 0.00 M M 9.0 18 130 M M 0 26 110
26 56 43 50 6 15 0 1.05 M M 10.4 23 130 M M 8 1 38 130
27 55 34 45 1 20 0 0.02 M M 6.5 15 320 M M 6 1 24 320
28 52 26 39 -5 26 0 T M M 4.5 17 290 M M 4 12 25 290
29 55 36 46 1 19 0 0.00 M M 5.8 18 310 M M 3 8 25 320
30 64 31 48 3 17 0 0.33 M M 4.8 16 250 M M 6 13 26 280
31 60 43 52 6 13 0 0.00 M M 3.3 8 110 M M 7 1 13 300
================================================================================
SM 1723 1071 609 0 2.91 M 204.3 M 168
================================================================================
AV 55.6 34.5 6.6 FASTST M M 5 MAX(MPH)
MISC ----> 25 340 45 200
================================================================================
NOTES:
# LAST OF SEVERAL OCCURRENCES
COLUMN 17 PEAK WIND IN M.P.H.
PRELIMINARY LOCAL CLIMATOLOGICAL DATA (WS FORM: F-6) , PAGE 2
STATION: NEW PHILADELPHIA OH
MONTH: MARCH
YEAR: 2024
LATITUDE: 40 28 N
LONGITUDE: 81 25 W
[TEMPERATURE DATA] [PRECIPITATION DATA] SYMBOLS USED IN COLUMN 16
AVERAGE MONTHLY: 45.1 TOTAL FOR MONTH: 2.91 1 = FOG OR MIST
DPTR FM NORMAL: 5.1 DPTR FM NORMAL: -0.14 2 = FOG REDUCING VISIBILITY
HIGHEST: 74 ON 5 GRTST 24HR 1.07 ON 26-27 TO 1/4 MILE OR LESS
LOWEST: 20 ON 21 3 = THUNDER
SNOW, ICE PELLETS, HAIL 4 = ICE PELLETS
TOTAL MONTH: M 5 = HAIL
GRTST 24HR M ON M 6 = FREEZING RAIN OR DRIZZLE
GRTST DEPTH: M ON M 7 = DUSTSTORM OR SANDSTORM:
VSBY 1/2 MILE OR LESS
8 = SMOKE OR HAZE
[NO. OF DAYS WITH] [WEATHER - DAYS WITH] 9 = BLOWING SNOW
X = TORNADO
MAX 32 OR BELOW: 0 0.01 INCH OR MORE: 13
MAX 90 OR ABOVE: 0 0.10 INCH OR MORE: 8
MIN 32 OR BELOW: 13 0.50 INCH OR MORE: 1
MIN 0 OR BELOW: 0 1.00 INCH OR MORE: 1
[HDD (BASE 65) ]
TOTAL THIS MO. 609 CLEAR (SCALE 0-3) 10
DPTR FM NORMAL -167 PTCLDY (SCALE 4-7) 12
TOTAL FM JUL 1 4131 CLOUDY (SCALE 8-10) 9
DPTR FM NORMAL -819
[CDD (BASE 65) ]
TOTAL THIS MO. 0
DPTR FM NORMAL -1 [PRESSURE DATA]
TOTAL FM JAN 1 0 HIGHEST SLP M ON M
DPTR FM NORMAL -1 LOWEST SLP 29.63 ON 16
[REMARKS]
#FINAL-03-24#