000
CXUS55 KPSR 011005
CF6PHX
PRELIMINARY LOCAL CLIMATOLOGICAL DATA (WS FORM: F-6)
STATION: PHOENIX AZ
MONTH: JULY
YEAR: 2021
LATITUDE: 33 25 N
LONGITUDE: 112 1 W
TEMPERATURE IN F: :PCPN: SNOW: WIND :SUNSHINE: SKY :PK WND
================================================================================
1 2 3 4 5 6A 6B 7 8 9 10 11 12 13 14 15 16 17 18
12Z AVG MX 2MIN
DY MAX MIN AVG DEP HDD CDD WTR SNW DPTH SPD SPD DIR MIN PSBL S-S WX SPD DR
================================================================================
1 107 85 96 1 0 31 T 0.0 0 6.0 31 60 M M 4 3 37 50
2 105 89 97 2 0 32 T 0.0 M 6.0 23 160 M M 8 3 29 150
3 107 79 93 -2 0 28 0.26 0.0 0 7.2 35 50 M M 8 3 42 50
4 103 80 92 -3 0 27 0.00 0.0 0 5.3 16 80 M M 7 19 280
5 107 90 99 4 0 34 0.00 0.0 0 7.2 17 280 M M 5 23 280
6 111 89 100 5 0 35 0.00 0.0 0 7.6 20 270 M M 5 24 270
7 111 88 100 4 0 35 0.00 0.0 0 5.5 17 300 M M 4 24 280
8 112 92 102 6 0 37 0.00 0.0 0 6.9 23 260 M M 4 29 260
9 112 93 103 7 0 38 0.00 0.0 0 8.8 32 140 M M 3 78 46 150
10 112 85 99 3 0 34 T 0.0 0 11.9 38 30 M M 8 38 49 40
11 111 85 98 2 0 33 0.00 0.0 0 8.1 21 270 M M 5 24 260
12 106 90 98 2 0 33 0.00 0.0 0 7.1 23 140 M M 4 30 140
13 109 86 98 2 0 33 0.00 0.0 0 8.5 22 140 M M 7 8 30 140
14 99 77 88 -8 0 23 0.10 0.0 0 8.6 36 290 M M 8 13 42 290
15 102 85 94 -2 0 29 0.00 0.0 0 8.0 17 330 M M 7 25 340
16 102 83 93 -3 0 28 0.01 0.0 0 9.2 28 130 M M 8 3 34 140
17 102 83 93 -3 0 28 0.00 0.0 0 5.8 13 290 M M 6 18 340
18 102 88 95 -1 0 30 0.00 0.0 0 7.4 25 170 M M 6 37 31 170
19 105 88 97 1 0 32 0.00 0.0 0 7.5 16 260 M M 7 19 230
20 109 89 99 3 0 34 0.00 0.0 0 8.1 23 270 M M 7 29 280
21 109 89 99 3 0 34 0.00 0.0 0 8.3 25 310 M M 8 38 32 280
22 106 78 92 -4 0 27 0.21 0.0 0 9.8 25 50 M M 7 3 33 150
23 83 73 78 -18 0 13 0.80 0.0 0 8.7 23 150 M M 10 13 31 130
24 83 74 79 -17 0 14 0.18 0.0 0 8.7 15 110 M M 8 18 18 100
25 81 73 77 -19 0 12 0.11 0.0 0 7.1 14 320 M M 9 1 17 60
26 98 75 87 -9 0 22 0.00 0.0 0 4.8 10 160 M M 5 16 200
27 104 81 93 -2 0 28 0.00 0.0 0 6.6 26 170 M M 3 78 42 140
28 105 83 94 -1 0 29 0.00 0.0 0 4.4 15 120 M M 4 19 130
29 106 88 97 2 0 32 0.00 0.0 0 9.0 26 50 M M 7 33 50
30 104 80 92 -3 0 27 0.01 0.0 0 9.5 28 290 M M 6 3 34 170
31 100 77 89 -6 0 24 0.05 0.0 M 5.5 20 180 M M 6 3 23 170
================================================================================
SM 3213 2595 0 896 1.73 0.0 233.1 M 194
================================================================================
AV103.6 83.7 7.5 FASTST M M 6 MAX(MPH)
MISC ----> 38 30 49 40
================================================================================
NOTES:
# LAST OF SEVERAL OCCURRENCES
COLUMN 17 PEAK WIND IN M.P.H.
PRELIMINARY LOCAL CLIMATOLOGICAL DATA (WS FORM: F-6) , PAGE 2
STATION: PHOENIX AZ
MONTH: JULY
YEAR: 2021
LATITUDE: 33 25 N
LONGITUDE: 112 1 W
[TEMPERATURE DATA] [PRECIPITATION DATA] SYMBOLS USED IN COLUMN 16
AVERAGE MONTHLY: 93.7 TOTAL FOR MONTH: 1.73 1 = FOG OR MIST
DPTR FM NORMAL: -1.8 DPTR FM NORMAL: 0.82 2 = FOG REDUCING VISIBILITY
HIGHEST: 112 ON 10, 9 GRTST 24HR 1.01 ON 22-23 TO 1/4 MILE OR LESS
LOWEST: 73 ON 25,23 3 = THUNDER
SNOW, ICE PELLETS, HAIL 4 = ICE PELLETS
TOTAL MONTH: 0.0 INCH 5 = HAIL
GRTST 24HR 0.0 6 = FREEZING RAIN OR DRIZZLE
GRTST DEPTH: 0 7 = DUSTSTORM OR SANDSTORM:
VSBY 1/2 MILE OR LESS
8 = SMOKE OR HAZE
[NO. OF DAYS WITH] [WEATHER - DAYS WITH] 9 = BLOWING SNOW
X = TORNADO
MAX 32 OR BELOW: 0 0.01 INCH OR MORE: 9
MAX 90 OR ABOVE: 28 0.10 INCH OR MORE: 6
MIN 32 OR BELOW: 0 0.50 INCH OR MORE: 1
MIN 0 OR BELOW: 0 1.00 INCH OR MORE: 0
[HDD (BASE 65) ]
TOTAL THIS MO. 0 CLEAR (SCALE 0-3) 0
DPTR FM NORMAL 0 PTCLDY (SCALE 4-7) 28
TOTAL FM JUL 1 0 CLOUDY (SCALE 8-10) 3
DPTR FM NORMAL 0
[CDD (BASE 65) ]
TOTAL THIS MO. 896
DPTR FM NORMAL -49 [PRESSURE DATA]
TOTAL FM JAN 1 2845 HIGHEST SLP 30.06 ON 23
DPTR FM NORMAL 198 LOWEST SLP 29.55 ON 7
[REMARKS]
#FINAL-07-21#