000
CXUS55 KPSR 011011
CF6PHX
PRELIMINARY LOCAL CLIMATOLOGICAL DATA (WS FORM: F-6)
STATION: PHOENIX AZ
MONTH: OCTOBER
YEAR: 2023
LATITUDE: 33 25 N
LONGITUDE: 112 1 W
TEMPERATURE IN F: :PCPN: SNOW: WIND :SUNSHINE: SKY :PK WND
================================================================================
1 2 3 4 5 6A 6B 7 8 9 10 11 12 13 14 15 16 17 18
12Z AVG MX 2MIN
DY MAX MIN AVG DEP HDD CDD WTR SNW DPTH SPD SPD DIR MIN PSBL S-S WX SPD DR
================================================================================
1 88 71 80 -4 0 15 0.00 0.0 0 7.5 18 170 M M 2 28 310
2 88 69 79 -4 0 14 0.00 0.0 0 5.4 15 160 M M 2 25 310
3 89 68 79 -4 0 14 0.00 0.0 0 5.1 13 300 M M 1 20 300
4 95 68 82 0 0 17 0.00 0.0 0 4.0 9 290 M M 0 17 320
5 100 70 85 3 0 20 0.00 0.0 0 2.6 9 110 M M 1 14 80
6 104 70 87 6 0 22 0.00 0.0 0 4.5 16 80 M M 2 23 80
7 103 82 93 12 0 28 0.00 0.0 0 10.1 22 100 M M 3 29 100
8 100 79 90 9 0 25 0.00 0.0 0 5.4 17 40 M M 6 26 30
9 102 78 90 10 0 25 0.00 0.0 0 4.8 15 10 M M 4 27 10
10 99 75 87 7 0 22 0.00 0.0 0 7.8 16 280 M M 1 22 290
11 94 74 84 5 0 19 0.00 0.0 0 9.0 24 270 M M 1 29 270
12 91 69 80 1 0 15 0.00 0.0 0 6.5 15 270 M M 0 20 280
13 91 65 78 0 0 13 0.00 0.0 0 4.6 12 80 M M 4 21 360
14 94 67 81 3 0 16 0.00 0.0 0 3.5 8 340 M M 3 14 320
15 102 67 85 7 0 20 0.00 0.0 0 3.3 13 60 M M 0 18 50
16 105 73 89 12 0 24 0.00 0.0 0 3.2 13 70 M M 0 22 350
17 101 75 88 11 0 23 0.00 0.0 0 4.6 13 290 M M 1 20 330
18 102 72 87 11 0 22 0.00 0.0 0 4.2 13 120 M M 2 15 120
19 104 72 88 12 0 23 0.00 0.0 0 3.9 9 310 M M 0 19 360
20 104 71 88 12 0 23 0.00 0.0 0 4.1 13 280 M M 0 8 21 310
21 101 72 87 12 0 22 0.00 0.0 0 4.5 12 270 M M 1 17 260
22 98 70 84 9 0 19 0.00 0.0 0 5.1 12 290 M M 0 17 300
23 88 70 79 4 0 14 0.00 0.0 0 6.7 16 290 M M 1 8 27 320
24 87 69 78 4 0 13 0.00 0.0 0 6.7 15 160 M M 4 23 160
25 85 67 76 2 0 11 0.00 0.0 0 5.7 13 290 M M 2 17 120
26 86 68 77 4 0 12 0.00 0.0 0 4.5 12 150 M M 4 17 360
27 89 67 78 5 0 13 0.00 0.0 0 5.2 13 110 M M 1 15 140
28 87 65 76 3 0 11 0.00 0.0 0 6.7 17 270 M M 1 28 260
29 80 61 71 -1 0 6 0.00 0.0 0 7.8 15 270 M M 0 30 340
30 81 55 68 -4 0 3 0.00 0.0 0 8.0 21 60 M M 0 32 50
31 82 61 72 0 0 7 0.00 0.0 M 10.0 25 80 M M 0 33 70
================================================================================
SM 2920 2160 0 531 0.00 0.0 175.0 M 47
================================================================================
AV 94.2 69.7 5.6 FASTST M M 2 MAX(MPH)
MISC ----> 25 80 33 70
================================================================================
NOTES:
# LAST OF SEVERAL OCCURRENCES
COLUMN 17 PEAK WIND IN M.P.H.
PRELIMINARY LOCAL CLIMATOLOGICAL DATA (WS FORM: F-6) , PAGE 2
STATION: PHOENIX AZ
MONTH: OCTOBER
YEAR: 2023
LATITUDE: 33 25 N
LONGITUDE: 112 1 W
[TEMPERATURE DATA] [PRECIPITATION DATA] SYMBOLS USED IN COLUMN 16
AVERAGE MONTHLY: 81.9 TOTAL FOR MONTH: 0.00 1 = FOG OR MIST
DPTR FM NORMAL: 4.5 DPTR FM NORMAL: -0.56 2 = FOG REDUCING VISIBILITY
HIGHEST: 105 ON 16 GRTST 24HR 0.00 ON 1- 1 TO 1/4 MILE OR LESS
LOWEST: 55 ON 30 3 = THUNDER
SNOW, ICE PELLETS, HAIL 4 = ICE PELLETS
TOTAL MONTH: 0.0 INCH 5 = HAIL
GRTST 24HR 0.0 6 = FREEZING RAIN OR DRIZZLE
GRTST DEPTH: 0 7 = DUSTSTORM OR SANDSTORM:
VSBY 1/2 MILE OR LESS
8 = SMOKE OR HAZE
[NO. OF DAYS WITH] [WEATHER - DAYS WITH] 9 = BLOWING SNOW
X = TORNADO
MAX 32 OR BELOW: 0 0.01 INCH OR MORE: 0
MAX 90 OR ABOVE: 19 0.10 INCH OR MORE: 0
MIN 32 OR BELOW: 0 0.50 INCH OR MORE: 0
MIN 0 OR BELOW: 0 1.00 INCH OR MORE: 0
[HDD (BASE 65) ]
TOTAL THIS MO. 0 CLEAR (SCALE 0-3) 25
DPTR FM NORMAL -6 PTCLDY (SCALE 4-7) 6
TOTAL FM JUL 1 0 CLOUDY (SCALE 8-10) 0
DPTR FM NORMAL -2
[CDD (BASE 65) ]
TOTAL THIS MO. 531
DPTR FM NORMAL 141 [PRESSURE DATA]
TOTAL FM JAN 1 5190 HIGHEST SLP 30.13 ON 31
DPTR FM NORMAL 516 LOWEST SLP 29.39 ON 11
[REMARKS]
#FINAL-10-23#