000
CXUS51 KRLX 020420
CF6PKB
PRELIMINARY LOCAL CLIMATOLOGICAL DATA (WS FORM: F-6)
STATION: PARKERSBURG WV
MONTH: AUGUST
YEAR: 2022
LATITUDE: 39 20 N
LONGITUDE: 81 26 W
TEMPERATURE IN F: :PCPN: SNOW: WIND :SUNSHINE: SKY :PK WND
================================================================================
1 2 3 4 5 6A 6B 7 8 9 10 11 12 13 14 15 16 17 18
12Z AVG MX 2MIN
DY MAX MIN AVG DEP HDD CDD WTR SNW DPTH SPD SPD DIR MIN PSBL S-S WX SPD DR
================================================================================
1 83 64 74 0 0 9 0.34 M M 4.2 15 230 M M 8 123 25 210
2 86 69 78 4 0 13 0.00 M M 3.6 12 280 M M 4 1 16 320
3 89 66 78 4 0 13 0.00 M M 3.4 13 200 M M 1 1 15 190
4 89 71 80 6 0 15 0.20 M M 3.8 13 300 M M 2 13 23 280
5 82 70 76 2 0 11 1.14 M M 2.8 13 150 M M 5 13 17 170
6 81 70 76 2 0 11 0.47 M M 3.7 12 210 M M 7 13 16 210
7 87 69 78 4 0 13 T M M 4.3 14 290 M M 3 13 21 290
8 88 70 79 5 0 14 0.00 M M 6.4 15 190 M M 2 20 200
9 88 73 81 7 0 16 0.01 M M 4.1 13 190 M M 5 13 18 190
10 84 71 78 4 0 13 0.02 M M 3.0 9 310 M M 8 123 12 320
11 84 66 75 1 0 10 T M M 2.3 9 320 M M 6 1 15 360
12 81 57 69 -5 0 4 0.00 M M 3.0 9 10 M M 2 15 50
13 80 53 67 -7 0 2 T M M 1.7 8 60 M M 2 8 10 60
14 70 62 66 -8 0 1 0.01 M M 2.7 12 70 M M 9 15 90
15 82 60 71 -3 0 6 0.00 M M 3.6 9 40 M M 5 1 12 320
16 79 61 70 -4 0 5 0.01 M M 2.5 13 310 M M 6 12 16 90
17 83 61 72 -2 0 7 T M M 2.9 14 40 M M 6 123 18 20
18 84 58 71 -3 0 6 0.00 M M 1.0 6 180 M M 4 12 7 210
19 87 59 73 -1 0 8 0.00 M M 1.7 7 160 M M 1 2 10 190
20 86 62 74 0 0 9 T M M 3.6 13 320 M M 2 13 19 320
21 83 65 74 1 0 9 0.53 M M 4.4 14 210 M M 6 13 20 210
22 78 65 72 -1 0 7 0.51 M M 3.3 10 160 M M 8 13 14 10
23 82 62 72 -1 0 7 0.00 M M 1.0 7 360 M M 5 128 11 230
24 84 61 73 0 0 8 0.00 M M 1.3 9 250 M M 3 12 12 230
25 85 62 74 1 0 9 0.00 M M 1.1 9 200 M M 4 12 12 190
26 85 66 76 3 0 11 0.00 M M 3.4 12 200 M M 4 1 16 240
27 84 62 73 1 0 8 0.00 M M 1.3 8 130 M M 4 12 12 160
28 90 64 77 5 0 12 0.00 M M 2.3 8 170 M M 4 12 12 150
29 90 70 80 8 0 15 0.58 M M 6.0 18 220 M M 3 13 31 160
30 80 65 73 1 0 8 0.62 M M 4.1 12 310 M M 5 1 17 280
31 80 58 69 -3 0 4 0.00 M M 3.1 13 270 M M 1 15 260
================================================================================
SM 2594 1992 0 284 4.44 M 95.6 M 135
================================================================================
AV 83.7 64.3 3.1 FASTST M M 4 MAX(MPH)
MISC ----> 18 220 31 160
================================================================================
NOTES:
# LAST OF SEVERAL OCCURRENCES
COLUMN 17 PEAK WIND IN M.P.H.
PRELIMINARY LOCAL CLIMATOLOGICAL DATA (WS FORM: F-6) , PAGE 2
STATION: PARKERSBURG WV
MONTH: AUGUST
YEAR: 2022
LATITUDE: 39 20 N
LONGITUDE: 81 26 W
[TEMPERATURE DATA] [PRECIPITATION DATA] SYMBOLS USED IN COLUMN 16
AVERAGE MONTHLY: 74.0 TOTAL FOR MONTH: 4.44 1 = FOG OR MIST
DPTR FM NORMAL: 0.5 DPTR FM NORMAL: 1.06 2 = FOG REDUCING VISIBILITY
HIGHEST: 90 ON 29,28 GRTST 24HR 1.56 ON 5- 6 TO 1/4 MILE OR LESS
LOWEST: 53 ON 13 3 = THUNDER
SNOW, ICE PELLETS, HAIL 4 = ICE PELLETS
TOTAL MONTH: M 5 = HAIL
GRTST 24HR M ON M 6 = FREEZING RAIN OR DRIZZLE
GRTST DEPTH: M ON M 7 = DUSTSTORM OR SANDSTORM:
VSBY 1/2 MILE OR LESS
8 = SMOKE OR HAZE
[NO. OF DAYS WITH] [WEATHER - DAYS WITH] 9 = BLOWING SNOW
X = TORNADO
MAX 32 OR BELOW: 0 0.01 INCH OR MORE: 12
MAX 90 OR ABOVE: 2 0.10 INCH OR MORE: 8
MIN 32 OR BELOW: 0 0.50 INCH OR MORE: 5
MIN 0 OR BELOW: 0 1.00 INCH OR MORE: 1
[HDD (BASE 65) ]
TOTAL THIS MO. 0 CLEAR (SCALE 0-3) 10
DPTR FM NORMAL -3 PTCLDY (SCALE 4-7) 19
TOTAL FM JUL 1 0 CLOUDY (SCALE 8-10) 2
DPTR FM NORMAL -1
[CDD (BASE 65) ]
TOTAL THIS MO. 284
DPTR FM NORMAL 16 [PRESSURE DATA]
TOTAL FM JAN 1 905 HIGHEST SLP 30.21 ON 6
DPTR FM NORMAL 43 LOWEST SLP 29.87 ON 30
[REMARKS]
#FINAL-08-22#