000
CXUS54 KMOB 010632
CF6PNS
PRELIMINARY LOCAL CLIMATOLOGICAL DATA (WS FORM: F-6)
STATION: PENSACOLA
MONTH: OCTOBER
YEAR: 2023
LATITUDE: 30 28 N
LONGITUDE: 87 12 W
TEMPERATURE IN F: :PCPN: SNOW: WIND :SUNSHINE: SKY :PK WND
================================================================================
1 2 3 4 5 6A 6B 7 8 9 10 11 12 13 14 15 16 17 18
12Z AVG MX 2MIN
DY MAX MIN AVG DEP HDD CDD WTR SNW DPTH SPD SPD DIR MIN PSBL S-S WX SPD DR
================================================================================
1 91 71 81 4 0 16 0.00 0.0 0 7.1 16 90 M M 0 22 100
2 86 68 77 1 0 12 0.00 0.0 0 6.6 13 120 M M 0 19 70
3 86 69 78 2 0 13 0.00 0.0 0 6.1 14 100 M M 0 8 18 110
4 86 69 78 2 0 13 0.00 0.0 0 6.7 15 100 M M 0 8 20 100
5 84 73 79 4 0 14 0.00 0.0 0 7.2 16 130 M M 2 8 21 130
6 86 73 80 5 0 15 0.08 0.0 0 5.8 16 350 M M 4 1 24 10
7 84 61 73 -2 0 8 0.00 0.0 0 10.7 20 330 M M 1 27 330
8 77 54 66 -8 0 1 0.00 0.0 0 7.5 16 350 M M 0 21 340
9 79 50 65 -9 0 0 0.00 0.0 0 5.1 16 170 M M 0 19 160
10 82 56 69 -5 0 4 0.00 0.0 0 3.5 10 190 M M 0 14 180
11 72 62 67 -6 0 2 1.23 0.0 0 9.4 22 70 M M 8 1 32 70
12 73 62 68 -5 0 3 0.13 0.0 0 8.0 16 50 M M 10 18 29 40
13 74 66 70 -2 0 5 0.00 0.0 0 5.0 10 330 M M 10 18 13 30
14 85 62 74 2 0 9 0.00 0.0 0 7.5 17 300 M M 2 24 300
15 69 55 62 -10 3 0 0.00 0.0 0 12.0 21 340 M M 4 32 340
16 71 50 61 -10 4 0 0.00 0.0 0 9.8 20 350 M M 0 31 10
17 75 48 62 -9 3 0 0.00 0.0 0 5.0 14 330 M M 0 20 290
18 75 52 64 -7 1 0 0.00 0.0 0 5.4 12 150 M M 0 18 140
19 81 59 70 0 0 5 0.00 0.0 0 5.1 15 200 M M 4 20 220
20 87 68 78 8 0 13 0.00 0.0 0 10.4 21 290 M M 1 30 300
21 82 58 70 0 0 5 0.00 0.0 0 6.1 12 190 M M 0 16 360
22 87 61 74 5 0 9 0.00 0.0 0 4.8 10 190 M M 0 14 300
23 82 62 72 3 0 7 0.00 0.0 0 6.6 15 150 M M 0 20 150
24 80 64 72 4 0 7 0.00 0.0 0 9.4 17 120 M M 3 22 120
25 78 65 72 4 0 7 0.00 0.0 0 8.0 16 100 M M 2 21 140
26 81 67 74 6 0 9 0.00 0.0 0 7.6 16 130 M M 1 20 130
27 82 67 75 8 0 10 0.00 0.0 0 7.1 14 120 M M 2 1 18 140
28 82 66 74 7 0 9 0.00 0.0 0 5.4 14 140 M M 1 18 20 160
29 82 66 74 7 0 9 0.00 0.0 0 5.4 14 130 M M 1 18 20 150
30 86 55 71 5 0 6 0.00 0.0 0 7.3 22 350 M M 4 12 32 340
31 68 50 59 -7 6 0 T 0.0 0 16.2 24 350 M M 5 35 360
================================================================================
SM 2493 1909 17 211 1.44 0.0 227.8 M 65
================================================================================
AV 80.4 61.6 7.3 FASTST M M 2 MAX(MPH)
MISC ----> 24 350 35 360
================================================================================
NOTES:
# LAST OF SEVERAL OCCURRENCES
COLUMN 17 PEAK WIND IN M.P.H.
PRELIMINARY LOCAL CLIMATOLOGICAL DATA (WS FORM: F-6) , PAGE 2
STATION: PENSACOLA
MONTH: OCTOBER
YEAR: 2023
LATITUDE: 30 28 N
LONGITUDE: 87 12 W
[TEMPERATURE DATA] [PRECIPITATION DATA] SYMBOLS USED IN COLUMN 16
AVERAGE MONTHLY: 71.0 TOTAL FOR MONTH: 1.44 1 = FOG OR MIST
DPTR FM NORMAL: -0.3 DPTR FM NORMAL: -3.26 2 = FOG REDUCING VISIBILITY
HIGHEST: 91 ON 1 GRTST 24HR 1.36 ON 11-12 TO 1/4 MILE OR LESS
LOWEST: 48 ON 17 3 = THUNDER
SNOW, ICE PELLETS, HAIL 4 = ICE PELLETS
TOTAL MONTH: 0.0 INCH 5 = HAIL
GRTST 24HR 0.0 6 = FREEZING RAIN OR DRIZZLE
GRTST DEPTH: 0 7 = DUSTSTORM OR SANDSTORM:
VSBY 1/2 MILE OR LESS
8 = SMOKE OR HAZE
[NO. OF DAYS WITH] [WEATHER - DAYS WITH] 9 = BLOWING SNOW
X = TORNADO
MAX 32 OR BELOW: 0 0.01 INCH OR MORE: 3
MAX 90 OR ABOVE: 1 0.10 INCH OR MORE: 2
MIN 32 OR BELOW: 0 0.50 INCH OR MORE: 1
MIN 0 OR BELOW: 0 1.00 INCH OR MORE: 1
[HDD (BASE 65) ]
TOTAL THIS MO. 17 CLEAR (SCALE 0-3) 23
DPTR FM NORMAL -10 PTCLDY (SCALE 4-7) 5
TOTAL FM JUL 1 17 CLOUDY (SCALE 8-10) 3
DPTR FM NORMAL -8
[CDD (BASE 65) ]
TOTAL THIS MO. 211
DPTR FM NORMAL -13 [PRESSURE DATA]
TOTAL FM JAN 1 3443 HIGHEST SLP M ON M
DPTR FM NORMAL 575 LOWEST SLP 29.52 ON 12
[REMARKS]
#FINAL-10-23#