000
CXUS55 KALY 010810
CF6POU
PRELIMINARY LOCAL CLIMATOLOGICAL DATA (WS FORM: F-6)
STATION: POUGHKEEPSIE NY
MONTH: DECEMBER
YEAR: 2022
LATITUDE: 41 37 N
LONGITUDE: 73 53 W
TEMPERATURE IN F: :PCPN: SNOW: WIND :SUNSHINE: SKY :PK WND
================================================================================
1 2 3 4 5 6A 6B 7 8 9 10 11 12 13 14 15 16 17 18
12Z AVG MX 2MIN
DY MAX MIN AVG DEP HDD CDD WTR SNW DPTH SPD SPD DIR MIN PSBL S-S WX SPD DR
================================================================================
1 43 23 33 -3 32 0 0.00 M M 9.5 23 300 M M 6 29 260
2 44 20 32 -4 33 0 0.00 M M 2.5 10 220 M M 1 1 15 210
3 57 36 47 11 18 0 0.28 M M 9.4 23 290 M M 8 1 31 290
4 43 23 33 -2 32 0 0.00 M M 2.6 22 290 M M 1 31 310
5 46 20 33 -2 32 0 0.00 M M 1.5 12 170 M M 0 16 160
6 56 26 41 6 24 0 0.33 M M 2.9 14 130 M M 8 18 21 140
7 59 44 52 18 13 0 0.24 M M 2.0 10 240 M M 9 12 14 150
8 53 33 43 9 22 0 0.00 M M 5.0 15 10 M M 3 12 20 10
9 42 28 35 1 30 0 0.00 M M 9.0 20 20 M M 0 23 350
10 37 23 30 -4 35 0 0.00 M M 6.2 14 30 M M 2 17 30
11 35 30 33 0 32 0 0.24 M M 2.7 9 100 M M 10 128 13 110
12 33 16 25 -8 40 0 T M M 4.1 18 10 M M 6 1 26 20
13 34 11 23 -10 42 0 0.00 M M 0.5 7 10 M M 0 1 9 360
14 34 15 25 -7 40 0 0.00 M M 6.4 20 20 M M 1 26 20
15 39 22 31 -1 34 0 0.23 M M 3.2 12 70 M M 5 1 14 60
16 39 34 37 5 28 0 0.59 M M 7.6 14 350 M M 10 1 19 350
17 43 32 38 6 27 0 0.04 M M 6.7 20 280 M M 6 1 25 270
18 40 30 35 3 30 0 0.00 M M 6.2 17 260 M M 7 24 250
19 39 30 35 4 30 0 0.00 M M 10.5 20 260 M M 5 27 300
20 39 21 30 -1 35 0 0.00 M M 5.3 15 330 M M 4 18 330
21 39 17 28 -3 37 0 0.00 M M 0.0 5 310 M M 0 6 300
22 44 21 33 2 32 0 0.11 M M 3.8 18 110 M M 5 1 26 110
23 58 8 33 3 32 0 2.03 M M 15.0 35 240 M M 9 18 44 240
24 14 6 10 -20 55 0 0.00 M M 14.1 24 240 M M 3 33 240
25 28 12 20 -10 45 0 0.00 M M 9.9 17 250 M M 1 23 220
26 28 15 22 -8 43 0 0.00 M M 5.4 14 240 M M 2 18 230
27 32 24 28 -2 37 0 0.00 M M 5.1 13 250 M M 9 16 270
28 47 24 36 7 29 0 0.00 M M 3.1 14 230 M M 3 8 22 220
29 52 24 38 9 27 0 0.00 M M 1.5 12 230 M M 0 18 16 240
30 61 32 47 18 18 0 0.00 M M 1.1 9 330 M M 6 18 10 160
31 53 32 43 14 22 0 0.20 M M 0.8 7 160 M M 8 128 10 190
================================================================================
SM 1311 732 986 0 4.29 M 163.6 M 138
================================================================================
AV 42.3 23.6 5.3 FASTST M M 4 MAX(MPH)
MISC ----> 35 240 44 240
================================================================================
NOTES:
# LAST OF SEVERAL OCCURRENCES
COLUMN 17 PEAK WIND IN M.P.H.
PRELIMINARY LOCAL CLIMATOLOGICAL DATA (WS FORM: F-6) , PAGE 2
STATION: POUGHKEEPSIE NY
MONTH: DECEMBER
YEAR: 2022
LATITUDE: 41 37 N
LONGITUDE: 73 53 W
[TEMPERATURE DATA] [PRECIPITATION DATA] SYMBOLS USED IN COLUMN 16
AVERAGE MONTHLY: 33.0 TOTAL FOR MONTH: 4.29 1 = FOG OR MIST
DPTR FM NORMAL: 0.9 DPTR FM NORMAL: 0.90 2 = FOG REDUCING VISIBILITY
HIGHEST: 61 ON 30 GRTST 24HR 2.12 ON 22-23 TO 1/4 MILE OR LESS
LOWEST: 6 ON 24 3 = THUNDER
SNOW, ICE PELLETS, HAIL 4 = ICE PELLETS
TOTAL MONTH: M 5 = HAIL
GRTST 24HR M ON M 6 = FREEZING RAIN OR DRIZZLE
GRTST DEPTH: M ON M 7 = DUSTSTORM OR SANDSTORM:
VSBY 1/2 MILE OR LESS
8 = SMOKE OR HAZE
[NO. OF DAYS WITH] [WEATHER - DAYS WITH] 9 = BLOWING SNOW
X = TORNADO
MAX 32 OR BELOW: 4 0.01 INCH OR MORE: 10
MAX 90 OR ABOVE: 0 0.10 INCH OR MORE: 9
MIN 32 OR BELOW: 27 0.50 INCH OR MORE: 2
MIN 0 OR BELOW: 0 1.00 INCH OR MORE: 1
[HDD (BASE 65) ]
TOTAL THIS MO. 986 CLEAR (SCALE 0-3) 12
DPTR FM NORMAL -32 PTCLDY (SCALE 4-7) 13
TOTAL FM JUL 1 2044 CLOUDY (SCALE 8-10) 6
DPTR FM NORMAL -201
[CDD (BASE 65) ]
TOTAL THIS MO. 0
DPTR FM NORMAL 0 [PRESSURE DATA]
TOTAL FM JAN 1 1001 HIGHEST SLP 30.55 ON 2
DPTR FM NORMAL 257 LOWEST SLP 28.94 ON 23
[REMARKS]
#FINAL-12-22#