000
CXZS50 NSTU 302324
CLMPPG
CLIMATE REPORT
NATIONAL WEATHER SERVICE PAGO PAGO AS
1225 PM SST TUE JAN 30 2024
.....................................
...THE PAGO PAGO AIRPORT CLIMATE SUMMARY FOR THE MONTH OF NOVEMBER 2023...
CLIMATE NORMAL PERIOD 1991 TO 2020
CLIMATE RECORD PERIOD 1956 TO 2023
WEATHER ITEM OBSERVED DATES NORMAL DEPARTURE LAST YEAR
VALUE VALUE FROM VALUE DATE(S)
NORMAL
.............................................................................
TEMPERATURE (F)
RECORD
HIGH 95 11/18/1998
LOW 60 11/11/1959
HIGHEST 93 11/14 87 6 89 10/31
10/22
10/21
10/16
LOWEST 76 11/01 78 -2 73 10/28
AVG. MAXIMUM 88.9 87.0 1.9 86.5
AVG. MINIMUM 79.9 78.0 1.9 77.1
MEAN 84.4 82.5 1.9 81.8
DAYS MAX >= 90 9 3.1 5.9 0.0
DAYS MAX <= 32 0 0.0 0.0 0
DAYS MIN <= 32 0 0.0 0.0 0
DAYS MIN <= 0 0 0.0 0.0 0
PRECIPITATION (INCHES)
RECORD
MAXIMUM 25.67 1978
MINIMUM 1.36 1965
TOTALS 3.69 12.05 -8.36 11.93
DAILY AVG. 0.13 0.39 -0.26 0.43
DAYS >= .01 18 21 -3 23
DAYS >= .10 11 15 -4 16
DAYS >= .50 3 7 -4 7
DAYS >= 1.00 0 4 -4 4
GREATEST
24 HR. TOTAL 0.90 11/7 TO 8 2.66 11/25 TO 26
DEGREE DAYS
HEATING TOTAL 000 00 00 00
SINCE 1/1 000 00 00 00
COOLING TOTAL 588 525 63 509
SINCE 1/1 5812 5742 70 5707
WIND (MPH)
AVERAGE WIND SPEED 12.5
HIGHEST WIND SPEED/DIRECTION 28/090 DATE 11/04
HIGHEST GUST SPEED/DIRECTION MM DATE MM
SKY COVER
POSSIBLE SUNSHINE (PERCENT) MM
AVERAGE SKY COVER 5.2
NUMBER OF DAYS FAIR 2
NUMBER OF DAYS PC 22
NUMBER OF DAYS CLOUDY 6
AVERAGE RH (PERCENT) 85.3
WEATHER CONDITIONS NUMBER OF DAYS WITH
THUNDERSTORM 2 MIXED PRECIP 00
HEAVY RAIN 3 RAIN 00
LIGHT RAIN 19 FREEZING RAIN 00
LT FREEZING RAIN 00 HAIL 00
HEAVY SNOW 00 SNOW 00
LIGHT SNOW 00 SLEET 00
FOG 00 FOG W/VIS <= 1/4 MILE 00
HAZE 00
- INDICATES NEGATIVE NUMBERS
R INDICATES RECORD WAS SET OR TIED
MM INDICATES DATA IS MISSING
T INDICATES TRACE AMOUNTTEMPERATURE (F)