000
CXUS54 KFWD 010732
CF6PRX
PRELIMINARY LOCAL CLIMATOLOGICAL DATA (WS FORM: F-6)
STATION: PARIS
MONTH: JULY
YEAR: 2021
LATITUDE: 33 37 N
LONGITUDE: 95 27 W
TEMPERATURE IN F: :PCPN: SNOW: WIND :SUNSHINE: SKY :PK WND
================================================================================
1 2 3 4 5 6A 6B 7 8 9 10 11 12 13 14 15 16 17 18
12Z AVG MX 2MIN
DY MAX MIN AVG DEP HDD CDD WTR SNW DPTH SPD SPD DIR MIN PSBL S-S WX SPD DR
================================================================================
1 M M M M M M 0.08 M M 6.1 17 40 M M 5 22 50
2 M M M M M M 0.12 M M 4.2 17 60 M M 7 138 29 60
3 M M M M M M 0.00 M M 6.2 12 60 M M 5 M M
4 M M M M M M 0.00 M M 7.0 12 70 M M 1 M M
5 M M M M M M 0.00 M M 6.4 10 110 M M 2 M M
6 M M M M M M 0.00 M M 7.3 10 70 M M 4 16 100
7 M M M M M M 0.14 M M 3.8 15 60 M M 1 3 30 30
8 M M M M M M 0.00 M M 6.7 13 150 M M 2 M M
9 M M M M M M T M M 9.2 18 200 M M 4 21 200
10 M M M M M M 0.00 M M 9.9 18 210 M M 4 24 210
11 88 67 78 -6 0 13 M M M 6.2 10 200 M M 4 M M
12 89 67 78 -6 0 13 0.00 M M 4.0 12 210 M M 2 M M
13 93 68 81 -3 0 16 0.00 M M 7.0 14 170 M M 2 25 170
14 93 68 81 -3 0 16 0.00 M M 7.9 15 180 M M 1 20 160
15 92 70 81 -4 0 16 M M M 9.9 16 190 M M 3 18 210
16 91 73 82 -3 0 17 M M M 9.2 16 190 M M 3 22 220
17 93 74 84 -1 0 19 M M M 8.5 16 230 M M 1 21 220
18 94 75 85 0 0 20 M M M 8.3 17 230 M M 2 21 230
19 82 72 77 -8 0 12 0.33 M M 5.3 13 260 M M 6 13 M M
20 88 71 80 -5 0 15 M M M 7.2 13 40 M M 3 12 18 20
21 88 68 78 -7 0 13 0.00 M M 6.1 9 30 M M 1 M M
22 93 70 82 -3 0 17 0.00 M M 5.1 8 190 M M 1 28 M M
23 94 72 83 -2 0 18 0.00 M M 8.4 14 160 M M 1 12 23 220
24 94 74 84 -1 0 19 0.00 M M 7.1 12 210 M M 2 M M
25 96 74 85 0 0 20 0.00 M M 6.0 10 180 M M 0 17 170
26 99 74 87 2 0 22 0.00 M M 4.3 8 120 M M 0 M M
27 98 73 86 0 0 21 0.60 M M 2.7 21 120 M M 1 13 35 90
28 95 74 85 -1 0 20 0.01 M M 4.1 12 100 M M 1 17 100
29 96 76 86 0 0 21 0.00 M M 3.5 9 40 M M 0 M M
30 99 76 88 2 0 23 0.00 M M 3.2 7 200 M M 0 M M
31 99 75 87 1 0 22 0.00 M M 5.2 9 220 M M 0 M M
================================================================================
SM 1954 1511 0 373 1.28 M 196.0 M 69
================================================================================
AV 93.0 72.0 6.3 FASTST M M 2 MAX(MPH)
MISC ----> 21 120 35 90
================================================================================
NOTES:
# LAST OF SEVERAL OCCURRENCES
COLUMN 17 PEAK WIND IN M.P.H.
PRELIMINARY LOCAL CLIMATOLOGICAL DATA (WS FORM: F-6) , PAGE 2
STATION: PARIS
MONTH: JULY
YEAR: 2021
LATITUDE: 33 37 N
LONGITUDE: 95 27 W
[TEMPERATURE DATA] [PRECIPITATION DATA] SYMBOLS USED IN COLUMN 16
AVERAGE MONTHLY: 82.5 TOTAL FOR MONTH: 1.28 1 = FOG OR MIST
DPTR FM NORMAL: -2.1 DPTR FM NORMAL: -2.40 2 = FOG REDUCING VISIBILITY
HIGHEST: 99 ON 31,30 GRTST 24HR 0.63 ON 27-28 TO 1/4 MILE OR LESS
LOWEST: 67 ON 12,11 3 = THUNDER
SNOW, ICE PELLETS, HAIL 4 = ICE PELLETS
TOTAL MONTH: M 5 = HAIL
GRTST 24HR M ON M 6 = FREEZING RAIN OR DRIZZLE
GRTST DEPTH: M ON M 7 = DUSTSTORM OR SANDSTORM:
VSBY 1/2 MILE OR LESS
8 = SMOKE OR HAZE
[NO. OF DAYS WITH] [WEATHER - DAYS WITH] 9 = BLOWING SNOW
X = TORNADO
MAX 32 OR BELOW: 0 0.01 INCH OR MORE: 6
MAX 90 OR ABOVE: 16 0.10 INCH OR MORE: 4
MIN 32 OR BELOW: 0 0.50 INCH OR MORE: 1
MIN 0 OR BELOW: 0 1.00 INCH OR MORE: 0
[HDD (BASE 65) ]
TOTAL THIS MO. 0 CLEAR (SCALE 0-3) 23
DPTR FM NORMAL 0 PTCLDY (SCALE 4-7) 8
TOTAL FM JUL 1 0 CLOUDY (SCALE 8-10) 0
DPTR FM NORMAL 0
[CDD (BASE 65) ]
TOTAL THIS MO. 373
DPTR FM NORMAL -235 [PRESSURE DATA]
TOTAL FM JAN 1 879 HIGHEST SLP 30.23 ON 14
DPTR FM NORMAL -546 LOWEST SLP 29.91 ON 26
[REMARKS]
#FINAL-07-21#