000
CXUS56 KPDT 011810
CF6PSC
PRELIMINARY LOCAL CLIMATOLOGICAL DATA (WS FORM: F-6)
STATION: PASCO WA
MONTH: AUGUST
YEAR: 2022
LATITUDE: 46 16 N
LONGITUDE: 119 7 W
TEMPERATURE IN F: :PCPN: SNOW: WIND :SUNSHINE: SKY :PK WND
================================================================================
1 2 3 4 5 6A 6B 7 8 9 10 11 12 13 14 15 16 17 18
12Z AVG MX 2MIN
DY MAX MIN AVG DEP HDD CDD WTR SNW DPTH SPD SPD DIR MIN PSBL S-S WX SPD DR
================================================================================
1 100 64 82 6 0 17 0.00 M M 6.1 15 180 M M 0 19 160
2 101 63 82 6 0 17 0.00 M M 7.2 21 280 M M 0 26 230
3 104 54 79 3 0 14 0.00 M M 9.0 21 290 M M 0 33 250
4 89 61 75 -1 0 10 0.00 M M 8.3 17 320 M M 0 26 210
5 85 50 68 -8 0 3 0.00 M M 4.4 13 360 M M 0 8 17 10
6 92 50 71 -5 0 6 0.00 M M 3.0 9 350 M M 0 13 350
7 98 51 75 0 0 10 0.00 M M 3.3 9 340 M M 0 13 50
8 104 52 78 3 0 13 0.00 M M 3.0 9 350 M M 0 10 30
9 95 64 80 5 0 15 T M M 8.0 22 140 M M 0 29 150
10 102 69 86 11 0 21 0.00 M M 4.7 21 130 M M 0 25 140
11 98 65 82 7 0 17 0.00 M M 6.7 15 200 M M 0 19 180
12 100 61 81 7 0 16 0.00 M M 6.8 18 260 M M 0 27 260
13 91 66 79 5 0 14 0.00 M M 8.6 21 210 M M 0 27 210
14 93 52 73 -1 0 8 0.00 M M 3.0 9 350 M M 0 13 360
15 97 53 75 1 0 10 0.00 M M 2.4 8 330 M M 0 8 15 350
16 101 55 78 4 0 13 0.00 M M 4.1 8 350 M M 0 11 330
17 104 58 81 8 0 16 0.00 M M 4.9 14 330 M M 0 19 340
18 106 62 84 11 0 19 0.00 M M 3.8 9 340 M M 0 14 290
19 101 69 85 12 0 20 0.00 M M 4.2 13 210 M M 0 16 170
20 100 74 87 15 0 22 0.00 M M 6.8 17 210 M M 0 22 200
21 102 66 84 12 0 19 0.00 M M 8.2 15 200 M M 0 20 220
22 98 66 82 10 0 17 T M M 4.4 14 340 M M 1 19 330
23 97 62 80 8 0 15 0.00 M M 4.6 12 340 M M 0 8 15 320
24 98 65 82 11 0 17 0.00 M M 7.6 18 330 M M 0 25 320
25 M 65 M M M M 0.00 M M 4.6 15 330 M M 0 20 330
26 98 63 81 10 0 16 0.00 M M 8.6 22 260 M M 0 8 29 250
27 86 60 73 3 0 8 0.00 M M 12.3 23 220 M M 0 31 220
28 85 54 70 0 0 5 0.00 M M 4.3 13 50 M M 0 20 20
29 92 56 74 4 0 9 0.00 M M 4.5 9 340 M M 0 14 310
30 98 57 78 8 0 13 0.00 M M 4.5 12 330 M M 0 17 320
31 99 59 79 10 0 14 T M M 4.9 14 250 M M 0 19 240
================================================================================
SM 2914 1866 0 414 T M 176.8 M 1
================================================================================
AV 97.1 60.2 5.7 FASTST M M 0 MAX(MPH)
MISC ----> 23 220 33 250
================================================================================
NOTES:
# LAST OF SEVERAL OCCURRENCES
COLUMN 17 PEAK WIND IN M.P.H.
PRELIMINARY LOCAL CLIMATOLOGICAL DATA (WS FORM: F-6) , PAGE 2
STATION: PASCO WA
MONTH: AUGUST
YEAR: 2022
LATITUDE: 46 16 N
LONGITUDE: 119 7 W
[TEMPERATURE DATA] [PRECIPITATION DATA] SYMBOLS USED IN COLUMN 16
AVERAGE MONTHLY: 78.7 TOTAL FOR MONTH: T 1 = FOG OR MIST
DPTR FM NORMAL: 5.5 DPTR FM NORMAL: -0.27 2 = FOG REDUCING VISIBILITY
HIGHEST: 106 ON 18 GRTST 24HR T ON 9- 9 TO 1/4 MILE OR LESS
LOWEST: 50 ON 6, 5 3 = THUNDER
SNOW, ICE PELLETS, HAIL 4 = ICE PELLETS
TOTAL MONTH: M 5 = HAIL
GRTST 24HR M ON M 6 = FREEZING RAIN OR DRIZZLE
GRTST DEPTH: M ON M 7 = DUSTSTORM OR SANDSTORM:
VSBY 1/2 MILE OR LESS
8 = SMOKE OR HAZE
[NO. OF DAYS WITH] [WEATHER - DAYS WITH] 9 = BLOWING SNOW
X = TORNADO
MAX 32 OR BELOW: 0 0.01 INCH OR MORE: 0
MAX 90 OR ABOVE: 26 0.10 INCH OR MORE: 0
MIN 32 OR BELOW: 0 0.50 INCH OR MORE: 0
MIN 0 OR BELOW: 0 1.00 INCH OR MORE: 0
[HDD (BASE 65) ]
TOTAL THIS MO. 0 CLEAR (SCALE 0-3) 31
DPTR FM NORMAL -5 PTCLDY (SCALE 4-7) 0
TOTAL FM JUL 1 0 CLOUDY (SCALE 8-10) 0
DPTR FM NORMAL -6
[CDD (BASE 65) ]
TOTAL THIS MO. 414
DPTR FM NORMAL 155 [PRESSURE DATA]
TOTAL FM JAN 1 1031 HIGHEST SLP 30.09 ON 13
DPTR FM NORMAL 309 LOWEST SLP 29.67 ON 26
[REMARKS]
#FINAL-08-22#