000
CXUS56 KSGX 011045
CF6PSP
PRELIMINARY LOCAL CLIMATOLOGICAL DATA (WS FORM: F-6)
STATION: PALM SPRINGS INTL AIRPORT CA
MONTH: AUGUST
YEAR: 2021
LATITUDE: 33 49 N
LONGITUDE: 116 30 W
TEMPERATURE IN F: :PCPN: SNOW: WIND :SUNSHINE: SKY :PK WND
================================================================================
1 2 3 4 5 6A 6B 7 8 9 10 11 12 13 14 15 16 17 18
12Z AVG MX 2MIN
DY MAX MIN AVG DEP HDD CDD WTR SNW DPTH SPD SPD DIR MIN PSBL S-S WX SPD DR
================================================================================
1 114 85 100 5 0 35 0.00 M M 6.2 23 320 M M 0 28 320
2 117 84 101 6 0 36 0.00 M M 5.3 21 320 M M 0 26 320
3 119 86 103 8 0 38 0.00 M M 6.9 22 320 M M 0 28 320
4 122 87 105 10 0 40 0.00 M M 6.0 22 320 M M 0 26 320
5 113 89 101 6 0 36 0.00 M M 7.2 21 340 M M 0 26 340
6 110 87 99 4 0 34 0.00 M M 7.3 23 320 M M 0 27 320
7 111 78 95 0 0 30 0.00 M M 5.7 21 320 M M 0 23 320
8 110 77 94 -1 0 29 0.00 M M 6.0 17 330 M M 0 22 330
9 104 82 93 -2 0 28 0.00 M M 6.4 17 320 M M 0 21 320
10 105 84 95 1 0 30 0.00 M M 6.7 24 150 M M 1 8 32 140
11 97 82 90 -4 0 25 0.00 M M 4.7 14 90 M M 0 18 90
12 108 83 96 2 0 31 0.00 M M 7.0 23 330 M M 0 27 320
13 110 84 97 3 0 32 0.00 M M 7.5 24 320 M M 0 30 320
14 103 83 93 -1 0 28 0.00 M M 4.6 16 320 M M 0 20 320
15 105 82 94 0 0 29 0.00 M M 5.4 13 120 M M 0 17 120
16 107 86 97 3 0 32 0.00 M M 7.0 18 320 M M 0 22 330
17 106 84 95 1 0 30 0.00 M M 6.0 25 330 M M 0 32 320
18 97 80 89 -5 0 24 0.00 M M 13.0 32 330 M M 0 40 330
19 98 76 87 -7 0 22 0.00 M M 12.6 23 320 M M 0 29 320
20 100 73 87 -7 0 22 0.00 M M 7.4 20 320 M M 0 24 320
21 99 73 86 -8 0 21 0.00 M M 9.3 21 330 M M 0 25 330
22 100 73 87 -7 0 22 0.00 M M 6.0 17 320 M M 0 20 320
23 101 72 87 -7 0 22 0.00 M M 5.5 16 320 M M 0 19 330
24 106 75 91 -2 0 26 0.00 M M 3.6 17 320 M M 0 8 21 320
25 114 79 97 4 0 32 0.00 M M 6.1 23 320 M M 0 32 320
26 116 83 100 7 0 35 0.00 M M 4.0 20 330 M M 0 25 330
27 117 83 100 7 0 35 0.00 M M 4.8 21 320 M M 0 25 320
28 108 85 97 4 0 32 0.00 M M 5.8 22 110 M M 0 27 130
29 107 86 97 4 0 32 0.00 M M 5.1 14 330 M M 0 17 310
30 109 88 99 7 0 34 0.00 M M 6.3 24 140 M M 0 38 31 130
31 107 81 94 2 0 29 0.00 M M 6.3 32 100 M M 0 378 42 100
================================================================================
SM 3340 2530 0 931 0.00 M 201.7 M 1
================================================================================
AV107.7 81.6 6.5 FASTST M M 0 MAX(MPH)
MISC ----> # 32 330 42 100
================================================================================
NOTES:
# LAST OF SEVERAL OCCURRENCES
COLUMN 17 PEAK WIND IN M.P.H.
PRELIMINARY LOCAL CLIMATOLOGICAL DATA (WS FORM: F-6) , PAGE 2
STATION: PALM SPRINGS INTL AIRPORT CA
MONTH: AUGUST
YEAR: 2021
LATITUDE: 33 49 N
LONGITUDE: 116 30 W
[TEMPERATURE DATA] [PRECIPITATION DATA] SYMBOLS USED IN COLUMN 16
AVERAGE MONTHLY: 94.7 TOTAL FOR MONTH: 0.00 1 = FOG OR MIST
DPTR FM NORMAL: 0.7 DPTR FM NORMAL: -0.14 2 = FOG REDUCING VISIBILITY
HIGHEST: 122 ON 4 GRTST 24HR 0.00 ON 1- 1 TO 1/4 MILE OR LESS
LOWEST: 72 ON 23 3 = THUNDER
SNOW, ICE PELLETS, HAIL 4 = ICE PELLETS
TOTAL MONTH: M 5 = HAIL
GRTST 24HR M ON M 6 = FREEZING RAIN OR DRIZZLE
GRTST DEPTH: M ON M 7 = DUSTSTORM OR SANDSTORM:
VSBY 1/2 MILE OR LESS
8 = SMOKE OR HAZE
[NO. OF DAYS WITH] [WEATHER - DAYS WITH] 9 = BLOWING SNOW
X = TORNADO
MAX 32 OR BELOW: 0 0.01 INCH OR MORE: 0
MAX 90 OR ABOVE: 31 0.10 INCH OR MORE: 0
MIN 32 OR BELOW: 0 0.50 INCH OR MORE: 0
MIN 0 OR BELOW: 0 1.00 INCH OR MORE: 0
[HDD (BASE 65) ]
TOTAL THIS MO. 0 CLEAR (SCALE 0-3) 31
DPTR FM NORMAL 0 PTCLDY (SCALE 4-7) 0
TOTAL FM JUL 1 0 CLOUDY (SCALE 8-10) 0
DPTR FM NORMAL 0
[CDD (BASE 65) ]
TOTAL THIS MO. 931
DPTR FM NORMAL 34 [PRESSURE DATA]
TOTAL FM JAN 1 3752 HIGHEST SLP 30.05 ON 14
DPTR FM NORMAL 352 LOWEST SLP 29.24 ON 4
[REMARKS]
#FINAL-08-21#