000
CXUS55 KPUB 011449
CF6PUB
PRELIMINARY LOCAL CLIMATOLOGICAL DATA (WS FORM: F-6)
STATION: PUEBLO CO
MONTH: OCTOBER
YEAR: 2023
LATITUDE: 38 16 N
LONGITUDE: 104 31 W
TEMPERATURE IN F: :PCPN: SNOW: WIND :SUNSHINE: SKY :PK WND
================================================================================
1 2 3 4 5 6A 6B 7 8 9 10 11 12 13 14 15 16 17 18
12Z AVG MX 2MIN
DY MAX MIN AVG DEP HDD CDD WTR SNW DPTH SPD SPD DIR MIN PSBL S-S WX SPD DR
================================================================================
1 87 55 71 11 0 6 0.00 0.0 0 14.5 30 170 M M 0 44 160
2 83 52 68 9 0 3 T 0.0 0 11.7 31 180 M M 2 3 42 180
3 75 44 60 1 5 0 T 0.0 0 9.5 35 290 M M 0 48 290
4 70 46 58 0 7 0 0.00 0.0 0 5.2 15 140 M M 2 20 140
5 73 43 58 0 7 0 0.00 0.0 0 6.8 16 140 M M 0 20 130
6 64 41 53 -4 12 0 0.00 0.0 0 10.7 29 10 M M 2 40 20
7 71 35 53 -4 12 0 0.00 0.0 0 2.7 12 140 M M 0 16 110
8 81 38 60 4 5 0 0.00 0.0 0 4.7 14 90 M M 0 17 70
9 80 39 60 4 5 0 0.00 0.0 0 6.8 17 110 M M 0 21 120
10 84 42 63 8 2 0 0.00 0.0 0 6.4 16 250 M M 0 23 340
11 83 44 64 9 1 0 0.00 0.0 0 8.5 36 240 M M 1 8 52 230
12 70 43 57 3 8 0 0.00 0.0 0 18.5 36 250 M M 3 48 260
13 62 35 49 -5 16 0 0.00 0.0 0 9.4 29 10 M M 1 41 360
14 56 30 43 -11 22 0 0.00 0.0 0 2.6 9 160 M M 0 13 190
15 72 28 50 -3 15 0 0.00 0.0 0 5.1 13 280 M M 0 15 280
16 74 33 54 1 11 0 0.00 0.0 0 3.9 10 110 M M 0 15 120
17 88 35 62 10 3 0 0.00 0.0 0 5.1 14 70 M M 0 20 300
18 70 43 57 5 8 0 0.00 0.0 0 7.2 28 360 M M 0 37 10
19 82 37 60 9 5 0 0.00 0.0 0 4.9 13 70 M M 0 14 70
20 87 38 63 12 2 0 0.00 0.0 0 4.8 15 290 M M 0 22 280
21 82 35 59 9 6 0 0.00 0.0 0 6.2 15 50 M M 0 25 60
22 84 37 61 11 4 0 0.00 0.0 0 6.3 16 140 M M 0 20 140
23 86 36 61 11 4 0 0.00 0.0 0 5.3 13 270 M M 0 18 270
24 74 39 57 8 8 0 0.00 0.0 0 6.7 15 140 M M 1 23 120
25 68 42 55 6 10 0 0.00 0.0 0 5.8 17 130 M M 1 24 100
26 81 35 58 10 7 0 0.00 0.0 0 6.5 33 10 M M 0 46 10
27 52 33 43 -5 22 0 0.00 0.0 0 10.7 17 120 M M 3 26 140
28 43 25 34 -14 31 0 T T 0 8.5 20 30 M M 3 1 25 30
29 31 18 25 -22 40 0 0.06 1.1 T 7.1 15 30 M M 9 12 20 40
30 46 7 27 -20 38 0 0.00 0.0 T 5.2 14 360 M M 0 19 360
31 52 15 34 -12 31 0 0.00 0.0 0 3.3 12 360 M M 0 16 350
================================================================================
SM 2211 1123 347 9 0.06 1.1 220.6 M 28
================================================================================
AV 71.3 36.2 7.1 FASTST M M 1 MAX(MPH)
MISC ----> #36 250 52 230
================================================================================
NOTES:
# LAST OF SEVERAL OCCURRENCES
COLUMN 7; REMOVED FALSE PRECIP ON THE 13TH.
COLUMN 17 PEAK WIND IN M.P.H.
PRELIMINARY LOCAL CLIMATOLOGICAL DATA (WS FORM: F-6) , PAGE 2
STATION: PUEBLO CO
MONTH: OCTOBER
YEAR: 2023
LATITUDE: 38 16 N
LONGITUDE: 104 31 W
[TEMPERATURE DATA] [PRECIPITATION DATA] SYMBOLS USED IN COLUMN 16
AVERAGE MONTHLY: 53.8 TOTAL FOR MONTH: 0.06 1 = FOG OR MIST
DPTR FM NORMAL: 1.0 DPTR FM NORMAL: -0.70 2 = FOG REDUCING VISIBILITY
HIGHEST: 88 ON 17 GRTST 24HR 0.06 ON 29 TO 1/4 MILE OR LESS
LOWEST: 7 ON 30 3 = THUNDER
SNOW, ICE PELLETS, HAIL 4 = ICE PELLETS
TOTAL MONTH: 1.1 INCHES 5 = HAIL
GRTST 24HR 1.1 ON 29 6 = FREEZING RAIN OR DRIZZLE
GRTST DEPTH: 1 7 = DUSTSTORM OR SANDSTORM:
VSBY 1/2 MILE OR LESS
8 = SMOKE OR HAZE
[NO. OF DAYS WITH] [WEATHER - DAYS WITH] 9 = BLOWING SNOW
X = TORNADO
MAX 32 OR BELOW: 1 0.01 INCH OR MORE: 1
MAX 90 OR ABOVE: 0 0.10 INCH OR MORE: 0
MIN 32 OR BELOW: 6 0.50 INCH OR MORE: 0
MIN 0 OR BELOW: 0 1.00 INCH OR MORE: 0
[HDD (BASE 65) ]
TOTAL THIS MO. 347 CLEAR (SCALE 0-3) 30
DPTR FM NORMAL -37 PTCLDY (SCALE 4-7) 0
TOTAL FM JUL 1 366 CLOUDY (SCALE 8-10) 1
DPTR FM NORMAL -91
[CDD (BASE 65) ]
TOTAL THIS MO. 9
DPTR FM NORMAL 3 [PRESSURE DATA]
TOTAL FM JAN 1 1140 HIGHEST SLP 30.62 ON 29
DPTR FM NORMAL 61 LOWEST SLP 29.20 ON 11
[REMARKS]
#FINAL-10-23#