000
CXUS55 KPUB 021759 RRB
CLSPUB
CLIMATE REPORT
NATIONAL WEATHER SERVICE
1059 AM MST SAT MAR 02 2024
...................................
...THE PUEBLO CO CLIMATE SUMMARY FOR THE SEASON, FROM
12/1/2023 TO 2/29/2024...
CLIMATE NORMAL PERIOD 1991 TO 2020
CLIMATE RECORD PERIOD 1888 TO 2024
WEATHER OBSERVED NORMAL DEPART LAST YEAR`S
VALUE DATE(S) VALUE FROM VALUE DATE(S)
NORMAL
................................................................
TEMPERATURE (F)
RECORD
HIGH 82 12/17/1980
LOW -31 02/01/1951
HIGHEST 77 12/06 70 02/21
LOWEST -11 01/16 -15 12/22
AVG. MAXIMUM 50.2 49.0 1.2 49.1
AVG. MINIMUM 19.8 16.8 3.0 13.2
MEAN 35.0 32.9 2.1 31.1
DAYS MAX >= 90 0
DAYS MAX <= 32 5
DAYS MIN <= 32 87
DAYS MIN <= 0 4
PRECIPITATION (INCHES)
RECORD
MAXIMUM 3.09 1939
MINIMUM 0.18 1950
TOTALS 3.11R 0.90 2.21 0.76
DAILY AVG. 0.03 NAN NAN
DAYS >= .01 17
DAYS >= .10 7
DAYS >= .50 2
DAYS >= 1.00 1
GREATEST
24 HR. TOTAL 1.06 02/03 TO 02/03
SNOWFALL (INCHES)
RECORDS
MAXIMUM 38.6 1988
MINIMUM 2.7 1921
TOTALS 17.6 14.2 3.4 11.9
SINCE 7/1 19.0 20.4 -1.4 16.0
SNOWDEPTH AVG. 0
DAYS >= TRACE 21 11.2 9.8
DAYS >= 1.0 6 4.8 1.2
GREATEST
SNOW DEPTH 5 12/14 6
24 HR TOTAL 5.4 12/13 TO 12/14 6.5
DEGREE DAYS
HEATING TOTAL 2717 2897 -180 3035
SINCE 7/1 3732 4143 -411 4219
COOLING TOTAL 0 0 0 0
SINCE 1/1 0 0 0 0
................................................................
WIND (MPH)
AVERAGE WIND SPEED 7.1
HIGHEST WIND SPEED/DIRECTION 44/350 DATE 01/08
HIGHEST GUST SPEED/DIRECTION 64/350 DATE 01/08
SKY COVER
POSSIBLE SUNSHINE (PERCENT) MM
AVERAGE SKY COVER 0.23
NUMBER OF DAYS FAIR 63
NUMBER OF DAYS PC 19
NUMBER OF DAYS CLOUDY 9
AVERAGE RH (PERCENT) 60
WEATHER CONDITIONS. NUMBER OF DAYS WITH
THUNDERSTORM 0 MIXED PRECIP 0
HEAVY RAIN 2 RAIN 2
LIGHT RAIN 7 FREEZING RAIN 0
LT FREEZING RAIN 1 HAIL 0
HEAVY SNOW 4 SNOW 9
LIGHT SNOW 21 SLEET 0
FOG 24 FOG W/VIS <= 1/4 MILE 9
HAZE 0
- INDICATES NEGATIVE NUMBERS.
R INDICATES RECORD WAS SET OR TIED.
MM INDICATES DATA IS MISSING.
T INDICATES TRACE AMOUNT.
$$