000
CXUS56 KOTX 011010
CF6PUW
PRELIMINARY LOCAL CLIMATOLOGICAL DATA (WS FORM: F-6)
STATION: PULLMAN_MOSCOW AIRPORT
MONTH: NOVEMBER
YEAR: 2022
LATITUDE: 46 44 N
LONGITUDE: 117 7 W
TEMPERATURE IN F: :PCPN: SNOW: WIND :SUNSHINE: SKY :PK WND
================================================================================
1 2 3 4 5 6A 6B 7 8 9 10 11 12 13 14 15 16 17 18
12Z AVG MX 2MIN
DY MAX MIN AVG DEP HDD CDD WTR SNW DPTH SPD SPD DIR MIN PSBL S-S WX SPD DR
================================================================================
1 44 31 38 -5 27 0 0.83 M M 7.9 14 360 M M 10 1 17 260
2 42 31 37 -5 28 0 0.05 M M 8.0 18 250 M M 6 1 27 250
3 38 32 35 -7 30 0 0.04 M M 3.9 13 240 M M 9 1 17 240
4 52 32 42 0 23 0 1.78 M M 20.7 43 240 M M 10 1 54 240
5 52 32 42 0 23 0 0.15 M M 19.1 41 240 M M 5 13 53 240
6 44 31 38 -3 27 0 0.00 M M 15.9 25 100 M M 2 30 100
7 43 32 38 -3 27 0 0.24 M M 10.3 22 100 M M 7 1 27 90
8 45 30 38 -3 27 0 0.00 M M 11.6 23 90 M M 1 8 30 90
9 32 23 28 -12 37 0 0.00 M M 8.6 21 20 M M 2 26 20
10 36 26 31 -9 34 0 0.00 M M 4.4 12 100 M M 7 15 250
11 36 26 31 -9 34 0 0.00 M M 14.0 20 100 M M 1 24 100
12 40 27 34 -6 31 0 0.00 M M 6.2 15 90 M M 7 1 17 90
13 32 28 30 -9 35 0 0.00 M M 1.8 7 160 M M 10 18 9 200
14 32 18 25 -14 40 0 0.00 M M 2.0 8 140 M M 7 10 130
15 34 20 27 -12 38 0 0.00 M M 3.0 9 90 M M 1 1 12 100
16 28 17 23 -15 42 0 0.00 M M 1.3 7 30 M M 8 12 8 40
17 39 15 27 -11 38 0 0.00 M M 4.5 15 40 M M 4 18 19 100
18 33 11 22 -16 43 0 0.00 M M 2.1 13 100 M M 0 14 100
19 36 19 28 -10 37 0 0.00 M M 9.8 18 100 M M 0 20 90
20 37 17 27 -10 38 0 0.00 M M 5.3 15 130 M M 0 1 18 130
21 39 17 28 -9 37 0 0.00 M M 6.9 14 100 M M 7 16 100
22 41 30 36 -1 29 0 0.36 M M 12.4 24 260 M M 9 12 38 250
23 43 32 38 2 27 0 T M M 8.1 21 260 M M 5 12 27 260
24 45 34 40 4 25 0 0.00 M M 15.9 24 100 M M 0 29 90
25 45 32 39 3 26 0 0.22 M M 10.0 18 90 M M 3 1 24 90
26 38 29 34 -2 31 0 T M M 7.0 15 270 M M 9 12 21 270
27 40 26 33 -2 32 0 0.02 M M 11.9 32 240 M M 8 1 43 220
28 31 20 26 -9 39 0 0.14 M M 7.5 17 290 M M 9 12 21 240
29 22 -1 11 -24 54 0 0.00 M M 9.9 22 100 M M 4 18 25 100
30 35 22 29 -5 36 0 0.18 M M 13.5 25 130 M M 10 128 32 130
================================================================================
SM 1154 739 995 0 4.01 M 263.5 M 161
================================================================================
AV 38.5 24.6 8.8 FASTST M M 5 MAX(MPH)
MISC ----> 43 240 54 240
================================================================================
NOTES:
# LAST OF SEVERAL OCCURRENCES
COLUMN 17 PEAK WIND IN M.P.H.
PRELIMINARY LOCAL CLIMATOLOGICAL DATA (WS FORM: F-6) , PAGE 2
STATION: PULLMAN_MOSCOW AIRPORT
MONTH: NOVEMBER
YEAR: 2022
LATITUDE: 46 44 N
LONGITUDE: 117 7 W
[TEMPERATURE DATA] [PRECIPITATION DATA] SYMBOLS USED IN COLUMN 16
AVERAGE MONTHLY: 31.6 TOTAL FOR MONTH: 4.01 1 = FOG OR MIST
DPTR FM NORMAL: -7.0 DPTR FM NORMAL: 1.87 2 = FOG REDUCING VISIBILITY
HIGHEST: 52 ON 5, 4 GRTST 24HR 1.87 ON 4- 5 TO 1/4 MILE OR LESS
LOWEST: -1 ON 29 3 = THUNDER
SNOW, ICE PELLETS, HAIL 4 = ICE PELLETS
TOTAL MONTH: M 5 = HAIL
GRTST 24HR M ON M 6 = FREEZING RAIN OR DRIZZLE
GRTST DEPTH: M ON M 7 = DUSTSTORM OR SANDSTORM:
VSBY 1/2 MILE OR LESS
8 = SMOKE OR HAZE
[NO. OF DAYS WITH] [WEATHER - DAYS WITH] 9 = BLOWING SNOW
X = TORNADO
MAX 32 OR BELOW: 6 0.01 INCH OR MORE: 11
MAX 90 OR ABOVE: 0 0.10 INCH OR MORE: 8
MIN 32 OR BELOW: 29 0.50 INCH OR MORE: 2
MIN 0 OR BELOW: 1 1.00 INCH OR MORE: 1
[HDD (BASE 65) ]
TOTAL THIS MO. 995 CLEAR (SCALE 0-3) 9
DPTR FM NORMAL 203 PTCLDY (SCALE 4-7) 13
TOTAL FM JUL 1 1488 CLOUDY (SCALE 8-10) 8
DPTR FM NORMAL -105
[CDD (BASE 65) ]
TOTAL THIS MO. 0
DPTR FM NORMAL 0 [PRESSURE DATA]
TOTAL FM JAN 1 402 HIGHEST SLP M ON M
DPTR FM NORMAL 119 LOWEST SLP 29.35 ON 5
[REMARKS]
#FINAL-11-22#