000
CXUS56 KOTX 010910
CF6PUW
PRELIMINARY LOCAL CLIMATOLOGICAL DATA (WS FORM: F-6)
STATION: PULLMAN_MOSCOW AIRPORT
MONTH: JUNE
YEAR: 2021
LATITUDE: 46 44 N
LONGITUDE: 117 7 W
TEMPERATURE IN F: :PCPN: SNOW: WIND :SUNSHINE: SKY :PK WND
================================================================================
1 2 3 4 5 6A 6B 7 8 9 10 11 12 13 14 15 16 17 18
12Z AVG MX 2MIN
DY MAX MIN AVG DEP HDD CDD WTR SNW DPTH SPD SPD DIR MIN PSBL S-S WX SPD DR
================================================================================
1 85 50 68 10 0 3 0.00 M M 3.4 10 340 M M 0 8 13 340
2 91 55 73 15 0 8 0.00 M M 4.0 12 100 M M 0 15 100
3 87 60 74 16 0 9 T M M 5.2 17 260 M M 1 8 23 250
4 80 59 70 12 0 5 0.00 M M 12.3 22 250 M M 2 29 260
5 67 47 57 -1 8 0 0.01 M M 14.3 33 230 M M 4 41 240
6 55 39 47 -11 18 0 0.00 M M 5.1 17 240 M M 4 22 270
7 59 38 49 -9 16 0 0.01 M M 5.3 13 360 M M 6 18 350
8 69 48 59 1 6 0 0.00 M M 6.1 15 270 M M 3 20 280
9 63 49 56 -2 9 0 0.02 M M 5.9 16 270 M M 6 23 260
10 64 42 53 -6 12 0 0.00 M M 11.5 26 260 M M 2 8 38 270
11 70 42 56 -3 9 0 T M M 9.0 18 110 M M 6 25 150
12 73 50 62 3 3 0 0.11 M M 6.6 20 250 M M 5 1 23 240
13 87 62 75 16 0 10 0.00 M M 8.9 21 250 M M 0 27 270
14 82 56 69 10 0 4 0.00 M M 5.9 22 280 M M 0 29 280
15 64 48 56 -3 9 0 0.58 M M 6.8 32 270 M M 7 44 280
16 70 44 57 -3 8 0 0.00 M M 2.0 8 350 M M 0 11 340
17 76 44 60 0 5 0 0.00 M M 2.1 9 350 M M 0 13 340
18 82 47 65 5 0 0 0.00 M M 2.7 10 90 M M 0 17 310
19 79 49 64 4 1 0 0.00 M M 6.2 20 250 M M 0 26 240
20 81 56 69 9 0 4 0.00 M M 4.5 14 280 M M 2 18 280
21 85 59 72 11 0 7 0.00 M M 6.2 14 100 M M 0 8 17 230
22 87 55 71 10 0 6 T M M 5.8 20 250 M M 0 8 26 250
23 85 59 72 11 0 7 0.00 M M 3.3 13 270 M M 1 8 17 270
24 84 52 68 7 0 3 0.00 M M 5.4 17 240 M M 0 8 21 250
25 86 55 71 9 0 6 0.00 M M 3.3 12 330 M M 0 17 300
26 94 60 77 15 0 12 0.00 M M 4.8 14 90 M M 0 20 110
27 98 66 82 20 0 17 0.00 M M 8.9 18 100 M M 0 22 100
28 102 69 86 24 0 21 0.00 M M 8.6 20 110 M M 0 25 90
29 106 66 86 23 0 21 0.00 M M 8.3 17 110 M M 0 8 20 110
30 100 75 88 25 0 23 0.00 M M 6.4 20 90 M M 0 27 90
================================================================================
SM 2411 1601 104 166 0.73 M 188.8 M 49
================================================================================
AV 80.4 53.4 6.3 FASTST M M 2 MAX(MPH)
MISC ----> 33 230 44 280
================================================================================
NOTES:
# LAST OF SEVERAL OCCURRENCES
COLUMN 17 PEAK WIND IN M.P.H.
PRELIMINARY LOCAL CLIMATOLOGICAL DATA (WS FORM: F-6) , PAGE 2
STATION: PULLMAN_MOSCOW AIRPORT
MONTH: JUNE
YEAR: 2021
LATITUDE: 46 44 N
LONGITUDE: 117 7 W
[TEMPERATURE DATA] [PRECIPITATION DATA] SYMBOLS USED IN COLUMN 16
AVERAGE MONTHLY: 66.9 TOTAL FOR MONTH: 0.73 1 = FOG OR MIST
DPTR FM NORMAL: 7.1 DPTR FM NORMAL: -0.44 2 = FOG REDUCING VISIBILITY
HIGHEST: 106 ON 29 GRTST 24HR 0.58 ON 15-15 TO 1/4 MILE OR LESS
LOWEST: 38 ON 7 3 = THUNDER
SNOW, ICE PELLETS, HAIL 4 = ICE PELLETS
TOTAL MONTH: M 5 = HAIL
GRTST 24HR M ON M 6 = FREEZING RAIN OR DRIZZLE
GRTST DEPTH: M ON M 7 = DUSTSTORM OR SANDSTORM:
VSBY 1/2 MILE OR LESS
8 = SMOKE OR HAZE
[NO. OF DAYS WITH] [WEATHER - DAYS WITH] 9 = BLOWING SNOW
X = TORNADO
MAX 32 OR BELOW: 0 0.01 INCH OR MORE: 5
MAX 90 OR ABOVE: 6 0.10 INCH OR MORE: 2
MIN 32 OR BELOW: 0 0.50 INCH OR MORE: 1
MIN 0 OR BELOW: 0 1.00 INCH OR MORE: 0
[HDD (BASE 65) ]
TOTAL THIS MO. 104 CLEAR (SCALE 0-3) 22
DPTR FM NORMAL -75 PTCLDY (SCALE 4-7) 8
TOTAL FM JUL 1 6010 CLOUDY (SCALE 8-10) 0
DPTR FM NORMAL -244
[CDD (BASE 65) ]
TOTAL THIS MO. 166
DPTR FM NORMAL 143 [PRESSURE DATA]
TOTAL FM JAN 1 169 HIGHEST SLP M ON M
DPTR FM NORMAL 138 LOWEST SLP 29.67 ON 30
[REMARKS]
#FINAL-06-21#