000
CXUS51 KBOX 011555
CF6PVD
PRELIMINARY LOCAL CLIMATOLOGICAL DATA (WS FORM: F-6)
STATION: PROVIDENCE RI
MONTH: AUGUST
YEAR: 2022
LATITUDE: 41 43 N
LONGITUDE: 71 26 W
TEMPERATURE IN F: :PCPN: SNOW: WIND :SUNSHINE: SKY :PK WND
================================================================================
1 2 3 4 5 6A 6B 7 8 9 10 11 12 13 14 15 16 17 18
12Z AVG MX 2MIN
DY MAX MIN AVG DEP HDD CDD WTR SNW DPTH SPD SPD DIR MIN PSBL S-S WX SPD DR
================================================================================
1 79 68 74 -1 0 9 0.11 0.0 0 5.8 17 150 M M 7 1 22 150
2 91 70 81 6 0 16 0.00 0.0 0 9.5 21 200 M M 7 25 200
3 89 71 80 6 0 15 0.00 0.0 0 7.9 20 150 M M 3 23 150
4 95 66 81 7 0 16 0.00 0.0 0 9.0 21 180 M M 1 26 170
5 96 73 85 11 0 20 0.00 0.0 0 5.4 18 30 M M 5 13 24 30
6 95 72 84 10 0 19 0.00 0.0 0 9.7 21 200 M M 1 25 190
7 95 77 86 12 0 21 0.00 0.0 0 13.1 21 200 M M 4 31 220
8 95 78 87 13 0 22 0.00 0.0 0 13.0 23 210 M M 5 30 220
9 98 70 84 10 0 19 0.16 0.0 0 9.4 20 300 M M 6 13 26 220
10 82 67 75 1 0 10 T 0.0 0 8.5 14 30 M M 8 18 20
11 77 69 73 -1 0 8 0.14 0.0 0 6.3 14 160 M M 8 1 17 160
12 86 68 77 3 0 12 0.00 0.0 0 7.7 16 150 M M 8 20 360
13 81 63 72 -2 0 7 0.00 0.0 0 7.1 15 20 M M 4 22 10
14 85 57 71 -3 0 6 0.00 0.0 0 6.1 18 180 M M 5 21 160
15 84 63 74 1 0 9 0.00 0.0 0 4.9 17 150 M M 5 22 160
16 83 60 72 -1 0 7 0.02 0.0 0 11.9 20 50 M M 6 26 30
17 80 63 72 -1 0 7 0.03 0.0 0 9.2 22 20 M M 8 28 360
18 86 64 75 2 0 10 0.00 0.0 0 11.7 23 290 M M 5 30 270
19 93 65 79 6 0 14 0.00 0.0 0 9.0 18 220 M M 3 23 220
20 88 67 78 5 0 13 0.00 0.0 0 6.7 22 160 M M 4 26 170
21 83 66 75 2 0 10 0.00 0.0 0 6.9 15 150 M M 7 1 18 140
22 75 68 72 0 0 7 0.33 0.0 0 6.3 10 180 M M 9 1 13 50
23 82 67 75 3 0 10 0.63 0.0 0 4.9 18 150 M M 8 13 22 170
24 88 65 77 5 0 12 0.00 0.0 0 6.9 15 290 M M 5 12 18 300
25 89 70 80 8 0 15 0.00 0.0 0 4.8 15 200 M M 5 19 190
26 88 68 78 6 0 13 0.05 0.0 0 8.1 23 180 M M 5 13 28 190
27 85 67 76 4 0 11 0.00 0.0 0 6.6 15 40 M M 4 18 50
28 82 65 74 3 0 9 0.00 0.0 0 7.5 17 150 M M 5 21 160
29 87 62 75 4 0 10 0.00 0.0 0 8.8 18 180 M M 4 22 210
30 88 72 80 9 0 15 0.00 0.0 0 11.1 22 190 M M 6 27 220
31 85 63 74 3 0 9 0.22 0.0 0 7.8 18 290 M M 5 13 23 290
================================================================================
SM 2690 2084 0 381 1.69 0.0 251.6 M 166
================================================================================
AV 86.8 67.2 8.1 FASTST M M 5 MAX(MPH)
MISC ----> # 23 210 31 220
================================================================================
NOTES:
# LAST OF SEVERAL OCCURRENCES
COLUMN 17 PEAK WIND IN M.P.H.
PRELIMINARY LOCAL CLIMATOLOGICAL DATA (WS FORM: F-6) , PAGE 2
STATION: PROVIDENCE RI
MONTH: AUGUST
YEAR: 2022
LATITUDE: 41 43 N
LONGITUDE: 71 26 W
[TEMPERATURE DATA] [PRECIPITATION DATA] SYMBOLS USED IN COLUMN 16
AVERAGE MONTHLY: 77.0 TOTAL FOR MONTH: 1.69 1 = FOG OR MIST
DPTR FM NORMAL: 4.0 DPTR FM NORMAL: -1.90 2 = FOG REDUCING VISIBILITY
HIGHEST: 98 ON 9 GRTST 24HR 0.67 ON 22-23 TO 1/4 MILE OR LESS
LOWEST: 57 ON 14 3 = THUNDER
SNOW, ICE PELLETS, HAIL 4 = ICE PELLETS
TOTAL MONTH: 0.0 INCH 5 = HAIL
GRTST 24HR 0.0 6 = FREEZING RAIN OR DRIZZLE
GRTST DEPTH: 0 7 = DUSTSTORM OR SANDSTORM:
VSBY 1/2 MILE OR LESS
8 = SMOKE OR HAZE
[NO. OF DAYS WITH] [WEATHER - DAYS WITH] 9 = BLOWING SNOW
X = TORNADO
MAX 32 OR BELOW: 0 0.01 INCH OR MORE: 9
MAX 90 OR ABOVE: 8 0.10 INCH OR MORE: 6
MIN 32 OR BELOW: 0 0.50 INCH OR MORE: 1
MIN 0 OR BELOW: 0 1.00 INCH OR MORE: 0
[HDD (BASE 65) ]
TOTAL THIS MO. 0 CLEAR (SCALE 0-3) 4
DPTR FM NORMAL -3 PTCLDY (SCALE 4-7) 25
TOTAL FM JUL 1 0 CLOUDY (SCALE 8-10) 2
DPTR FM NORMAL -2
[CDD (BASE 65) ]
TOTAL THIS MO. 381
DPTR FM NORMAL 129 [PRESSURE DATA]
TOTAL FM JAN 1 950 HIGHEST SLP 30.23 ON 28
DPTR FM NORMAL 238 LOWEST SLP 29.71 ON 31
[REMARKS]
#FINAL-08-22#