000
CXUS51 KBOX 010721
CLMPVD
CLIMATE REPORT
NATIONAL WEATHER SERVICE BOSTON/NORTON MA
321 AM EDT WED NOV 01 2023
...................................
...THE PROVIDENCE RI CLIMATE SUMMARY FOR THE MONTH OF OCTOBER 2023...
CLIMATE NORMAL PERIOD 1991 TO 2020
CLIMATE RECORD PERIOD 1904 TO 2023
WEATHER OBSERVED NORMAL DEPART LAST YEAR`S
VALUE DATE(S) VALUE FROM VALUE
NORMAL
..............................................................
TEMPERATURE (F)
RECORD
HIGH 88 10/10/1949
10/17/1947
10/06/1946
LOW 20 10/27/1976
HIGHEST 82 10/04 77
10/28
LOWEST 38 10/31 32
AVG. MAXIMUM 66.7 63.8 2.9
AVG. MINIMUM 48.6 45.1 3.5
MEAN 57.6 54.4 3.2
DAYS MAX >= 90 0 0.0 0.0
DAYS MAX <= 32 0 0.0 0.0
DAYS MIN <= 32 0 1.4 -1.4
DAYS MIN <= 0 0 0.0 0.0
PRECIPITATION (INCHES)
RECORD
MAXIMUM 15.38 2005
MINIMUM 0.15 1924
TOTALS 2.61 4.18 -1.57
DAILY AVG. 0.08 0.13 -0.05
DAYS >= .01 6 10.2 -4.2
DAYS >= .10 4 6.7 -2.7
DAYS >= .50 2 2.7 -0.7
DAYS >= 1.00 1 1.2 -0.2
GREATEST
24 HR. TOTAL 1.13 10/20 TO 10/21
SNOWFALL (INCHES)
RECORDS
MAXIMUM 2.3 2011
MINIMUM 0.0 MULTI-YEARS
SNOW DEPTH 1 10/30/2011
10/27/1962
TOTALS 0.0 0.2 -0.2
LIQUID EQUIV 0.00
SINCE 7/1 0.0 0.2 -0.2
SNOWDEPTH AVG. 0
DAYS >= TRACE 0 0.1 -0.1
DAYS >= 1.0 0 0.1 -0.1
GREATEST
SNOW DEPTH 0
24 HR TOTAL MM
DEGREE DAYS
HEATING TOTAL 234 336 -102
SINCE 7/1 304 412 -108
COOLING TOTAL 15 9 6
SINCE 1/1 729 812 -83
..............................................................
WIND (MPH)
AVERAGE WIND SPEED 6.5
RESULTANT WIND SPEED/DIRECTION 2/280
HIGHEST WIND SPEED/DIRECTION 24/290 DATE 10/22
HIGHEST GUST SPEED/DIRECTION 32/290 DATE 10/22
SKY COVER
POSSIBLE SUNSHINE (PERCENT) MM
AVERAGE SKY COVER 0.54
NUMBER OF DAYS FAIR 7
NUMBER OF DAYS PC 17
NUMBER OF DAYS CLOUDY 7
AVERAGE RH (PERCENT) 75
WEATHER CONDITIONS. NUMBER OF DAYS WITH
THUNDERSTORM 0 MIXED PRECIP 0
HEAVY RAIN 4 RAIN 5
LIGHT RAIN 11 FREEZING RAIN 0
LT FREEZING RAIN 0 HAIL 0
HEAVY SNOW 0 SNOW 0
LIGHT SNOW 0 SLEET 0
FOG 15 FOG W/VIS <= 1/4 MILE 2
HAZE 1
- INDICATES NEGATIVE NUMBERS.
R INDICATES RECORD WAS SET OR TIED.
MM INDICATES DATA IS MISSING.
T INDICATES TRACE AMOUNT.
$$