000
CXUS54 KOUN 010810
CF6PWA
PRELIMINARY LOCAL CLIMATOLOGICAL DATA (WS FORM: F-6)
STATION: BETHANY/WILEY POST
MONTH: JUNE
YEAR: 2022
LATITUDE: 35 31 N
LONGITUDE: 97 38 W
TEMPERATURE IN F: :PCPN: SNOW: WIND :SUNSHINE: SKY :PK WND
================================================================================
1 2 3 4 5 6A 6B 7 8 9 10 11 12 13 14 15 16 17 18
12Z AVG MX 2MIN
DY MAX MIN AVG DEP HDD CDD WTR SNW DPTH SPD SPD DIR MIN PSBL S-S WX SPD DR
================================================================================
1 79 62 71 -4 0 6 0.90 M M 10.9 31 200 M M 6 13 37 200
2 78 60 69 -6 0 4 0.02 M M 7.2 17 40 M M 5 3 20 20
3 80 65 73 -3 0 8 0.00 M M 6.7 15 90 M M 4 17 100
4 84 63 74 -2 0 9 0.00 M M 9.9 18 170 M M 2 22 160
5 83 69 76 0 0 11 T M M 16.1 26 160 M M 1 3 34 180
6 92 70 81 5 0 16 T M M 8.2 25 160 M M 2 3 38 160
7 87 71 79 2 0 14 0.04 M M 8.7 22 30 M M 4 3 28 40
8 80 67 74 -3 0 9 M M M 7.9 21 40 M M 4 13 26 20
9 86 64 75 -2 0 10 0.00 M M 8.1 18 150 M M 1 1 24 150
10 91 68 80 3 0 15 0.97 M M 11.2 35 190 M M 1 13 42 50
11 96 76 86 8 0 21 0.00 M M 12.3 22 170 M M 0 28 170
12 99 79 89 11 0 24 0.00 M M 17.5 26 190 M M 0 33 170
13 97 81 89 11 0 24 0.00 M M 20.7 29 160 M M 0 37 140
14 94 78 86 8 0 21 0.00 M M 21.5 31 170 M M 0 39 180
15 94 78 86 8 0 21 0.00 M M 20.8 31 190 M M 0 40 200
16 96 77 87 8 0 22 0.00 M M 14.1 22 180 M M 0 28 190
17 97 73 85 6 0 20 0.00 M M 10.1 15 170 M M 0 20 200
18 96 74 85 6 0 20 0.00 M M 10.4 24 140 M M 0 30 150
19 94 77 86 7 0 21 0.00 M M 13.6 21 140 M M 1 26 140
20 96 76 86 6 0 21 0.00 0.0 M 16.2 23 170 M M 0 28 160
21 99 77 88 8 0 23 0.00 0.0 M 13.1 22 170 M M 0 29 160
22 98 74 86 6 0 21 0.00 0.0 M 9.3 16 130 M M 0 21 160
23 99 75 87 7 0 22 0.00 M M 11.4 20 140 M M 0 27 170
24 102 80 91 11 0 26 0.00 M M 17.5 24 170 M M 0 31 180
25 103 80 92 11 0 27 0.00 M M 14.5 24 200 M M 0 29 200
26 86 70 78 -3 0 13 0.00 M M 16.6 31 10 M M 1 41 360
27 88 66 77 -4 0 12 0.00 M M 10.2 18 70 M M 2 24 50
28 89 68 79 -2 0 14 T M M 6.0 12 90 M M 3 16 140
29 92 64 78 -4 0 13 0.00 M M 7.0 16 120 M M 0 21 140
30 98 67 83 1 0 18 0.00 0.0 0 12.3 20 180 M M 0 26 180
================================================================================
SM 2753 2149 0 506 1.93 0.0 370.0 M 37
================================================================================
AV 91.8 71.6 12.3 FASTST M M 1 MAX(MPH)
MISC ----> 35 190 42 50
================================================================================
NOTES:
# LAST OF SEVERAL OCCURRENCES
COLUMN 17 PEAK WIND IN M.P.H.
PRELIMINARY LOCAL CLIMATOLOGICAL DATA (WS FORM: F-6) , PAGE 2
STATION: BETHANY/WILEY POST
MONTH: JUNE
YEAR: 2022
LATITUDE: 35 31 N
LONGITUDE: 97 38 W
[TEMPERATURE DATA] [PRECIPITATION DATA] SYMBOLS USED IN COLUMN 16
AVERAGE MONTHLY: 81.7 TOTAL FOR MONTH: 1.93 1 = FOG OR MIST
DPTR FM NORMAL: 3.2 DPTR FM NORMAL: -2.90 2 = FOG REDUCING VISIBILITY
HIGHEST: 103 ON 25 GRTST 24HR 0.97 ON 10-10 TO 1/4 MILE OR LESS
LOWEST: 60 ON 2 3 = THUNDER
SNOW, ICE PELLETS, HAIL 4 = ICE PELLETS
TOTAL MONTH: 0.0 INCH 5 = HAIL
GRTST 24HR 0.0 6 = FREEZING RAIN OR DRIZZLE
GRTST DEPTH: 0 7 = DUSTSTORM OR SANDSTORM:
VSBY 1/2 MILE OR LESS
8 = SMOKE OR HAZE
[NO. OF DAYS WITH] [WEATHER - DAYS WITH] 9 = BLOWING SNOW
X = TORNADO
MAX 32 OR BELOW: 0 0.01 INCH OR MORE: 4
MAX 90 OR ABOVE: 19 0.10 INCH OR MORE: 2
MIN 32 OR BELOW: 0 0.50 INCH OR MORE: 2
MIN 0 OR BELOW: 0 1.00 INCH OR MORE: 0
[HDD (BASE 65) ]
TOTAL THIS MO. 0 CLEAR (SCALE 0-3) 24
DPTR FM NORMAL -1 PTCLDY (SCALE 4-7) 6
TOTAL FM JUL 1 2935 CLOUDY (SCALE 8-10) 0
DPTR FM NORMAL -495
[CDD (BASE 65) ]
TOTAL THIS MO. 506
DPTR FM NORMAL 99 [PRESSURE DATA]
TOTAL FM JAN 1 906 HIGHEST SLP M ON M
DPTR FM NORMAL 244 LOWEST SLP 29.50 ON 6
[REMARKS]
#FINAL-06-22#