000
CXUS54 KFWD 010731
CF6PWG
PRELIMINARY LOCAL CLIMATOLOGICAL DATA (WS FORM: F-6)
STATION: WACO MCGREGOR
MONTH: JUNE
YEAR: 2023
LATITUDE: 31 28 N
LONGITUDE: 97 19 W
TEMPERATURE IN F: :PCPN: SNOW: WIND :SUNSHINE: SKY :PK WND
================================================================================
1 2 3 4 5 6A 6B 7 8 9 10 11 12 13 14 15 16 17 18
12Z AVG MX 2MIN
DY MAX MIN AVG DEP HDD CDD WTR SNW DPTH SPD SPD DIR MIN PSBL S-S WX SPD DR
================================================================================
1 91 68 80 3 0 15 0.00 M M 7.8 15 140 M M 2 20 140
2 94 69 82 5 0 17 0.00 M M 7.6 14 170 M M 0 20 150
3 91 65 78 1 0 13 0.54 M M 6.6 29 290 M M 2 3 43 290
4 81 66 74 -3 0 9 0.12 M M 5.8 13 300 M M 3 3 17 300
5 86 67 77 -1 0 12 0.00 M M 6.4 12 160 M M 1 M M
6 89 68 79 1 0 14 0.00 M M 4.1 10 40 M M 1 1 M M
7 92 67 80 2 0 15 0.00 M M 2.3 9 50 M M 1 M M
8 94 69 82 4 0 17 0.00 M M 4.8 20 170 M M 0 3 26 170
9 97 68 83 5 0 18 0.00 M M 5.8 10 150 M M 1 M M
10 101 69 85 6 0 20 1.22 M M 9.8 22 150 M M 1 13 30 150
11 98 68 83 4 0 18 0.00 M M 10.2 16 50 M M 0 31 40
12 91 71 81 2 0 16 0.00 M M 8.4 14 100 M M 4 18 40
13 91 76 84 5 0 19 0.00 M M 7.7 15 170 M M 5 18 M M
14 95 78 87 8 0 22 0.00 M M 8.4 14 180 M M 6 1 20 180
15 97 77 87 7 0 22 0.00 M M 8.6 15 160 M M 2 18 M M
16 102 74 88 8 0 23 T M M 9.9 17 160 M M 4 38 32 50
17 94 71 83 3 0 18 0.00 M M 5.6 14 160 M M 2 1 23 160
18 98 78 88 8 0 23 0.00 M M 9.0 17 190 M M 3 27 190
19 100 78 89 9 0 24 0.00 M M 9.6 16 160 M M 1 M M
20 100 78 89 9 0 24 0.00 M M 10.8 16 160 M M 2 20 190
21 96 77 87 6 0 22 0.04 M M 9.2 22 120 M M 4 38 31 60
22 91 73 82 1 0 17 0.01 M M 7.0 17 180 M M 1 8 M M
23 97 78 88 7 0 23 0.00 M M 9.4 17 110 M M 4 1 21 160
24 100 79 90 9 0 25 0.00 M M 12.6 18 160 M M 1 26 160
25 102 76 89 8 0 24 0.00 M M 12.7 21 170 M M 0 25 180
26 102 77 90 9 0 25 0.00 M M 11.4 17 170 M M 0 24 170
27 102 76 89 8 0 24 0.00 M M 10.6 15 160 M M 0 17 160
28 101 75 88 6 0 23 0.00 M M 11.2 15 170 M M 0 30 140
29 100 78 89 7 0 24 0.00 M M 11.1 20 140 M M 0 24 140
30 99 75 87 5 0 22 0.00 M M 9.9 16 140 M M 0 8 20 190
================================================================================
SM 2872 2189 0 588 1.93 M 254.3 M 51
================================================================================
AV 95.7 73.0 8.5 FASTST M M 2 MAX(MPH)
MISC ----> 29 290 43 290
================================================================================
NOTES:
# LAST OF SEVERAL OCCURRENCES
COLUMN 17 PEAK WIND IN M.P.H.
PRELIMINARY LOCAL CLIMATOLOGICAL DATA (WS FORM: F-6) , PAGE 2
STATION: WACO MCGREGOR
MONTH: JUNE
YEAR: 2023
LATITUDE: 31 28 N
LONGITUDE: 97 19 W
[TEMPERATURE DATA] [PRECIPITATION DATA] SYMBOLS USED IN COLUMN 16
AVERAGE MONTHLY: 84.4 TOTAL FOR MONTH: 1.93 1 = FOG OR MIST
DPTR FM NORMAL: 4.8 DPTR FM NORMAL: -1.85 2 = FOG REDUCING VISIBILITY
HIGHEST: 102 ON 27,26 GRTST 24HR 1.22 ON 10-10 TO 1/4 MILE OR LESS
LOWEST: 65 ON 3 3 = THUNDER
SNOW, ICE PELLETS, HAIL 4 = ICE PELLETS
TOTAL MONTH: M 5 = HAIL
GRTST 24HR M ON M 6 = FREEZING RAIN OR DRIZZLE
GRTST DEPTH: M ON M 7 = DUSTSTORM OR SANDSTORM:
VSBY 1/2 MILE OR LESS
8 = SMOKE OR HAZE
[NO. OF DAYS WITH] [WEATHER - DAYS WITH] 9 = BLOWING SNOW
X = TORNADO
MAX 32 OR BELOW: 0 0.01 INCH OR MORE: 5
MAX 90 OR ABOVE: 27 0.10 INCH OR MORE: 3
MIN 32 OR BELOW: 0 0.50 INCH OR MORE: 2
MIN 0 OR BELOW: 0 1.00 INCH OR MORE: 1
[HDD (BASE 65) ]
TOTAL THIS MO. 0 CLEAR (SCALE 0-3) 23
DPTR FM NORMAL 0 PTCLDY (SCALE 4-7) 7
TOTAL FM JUL 1 1764 CLOUDY (SCALE 8-10) 0
DPTR FM NORMAL -579
[CDD (BASE 65) ]
TOTAL THIS MO. 588
DPTR FM NORMAL 153 [PRESSURE DATA]
TOTAL FM JAN 1 1096 HIGHEST SLP 29.97 ON 29
DPTR FM NORMAL 304 LOWEST SLP 29.61 ON 10
[REMARKS]
#FINAL-06-23#