512
CXUS54 KFWD 010831
CF6PWG
PRELIMINARY LOCAL CLIMATOLOGICAL DATA (WS FORM: F-6)
STATION: WACO MCGREGOR
MONTH: FEBRUARY
YEAR: 2021
LATITUDE: 31 28 N
LONGITUDE: 97 19 W
TEMPERATURE IN F: :PCPN: SNOW: WIND :SUNSHINE: SKY :PK WND
================================================================================
1 2 3 4 5 6A 6B 7 8 9 10 11 12 13 14 15 16 17 18
12Z AVG MX 2MIN
DY MAX MIN AVG DEP HDD CDD WTR SNW DPTH SPD SPD DIR MIN PSBL S-S WX SPD DR
================================================================================
1 61 36 49 2 16 0 0.00 M M 7.2 13 350 M M 0 18 10
2 66 35 51 4 14 0 0.00 M M 5.4 14 230 M M 0 35 210
3 74 41 58 11 7 0 0.00 M M 14.0 24 160 M M 0 32 180
4 77 48 63 15 2 0 0.00 M M 14.3 22 340 M M 3 35 180
5 59 42 51 3 14 0 T M M 7.8 13 360 M M 4 25 150
6 71 41 56 8 9 0 0.00 M M 11.1 21 340 M M 4 37 330
7 66 30 48 0 17 0 0.00 M M 11.8 20 160 M M 0 1 32 170
8 74 47 61 13 4 0 0.00 M M 13.0 20 160 M M 6 1 32 150
9 47 37 42 -6 23 0 M M M 11.2 14 30 M M 10 1 20 340
10 38 31 35 -13 30 0 T M M 13.1 20 350 M M 10 1 29 350
11 31 27 29 -20 36 0 T 0.0 0 14.0 22 360 M M 10 1 28 360
12 28 25 27 -22 38 0 0.00 0.0 0 14.0 20 10 M M 10 27 360
13 30 23 27 -22 38 0 0.00 M M 12.7 17 350 M M 10 1 21 350
14 28 11 20 -29 45 0 T M M 17.1 24 10 M M 10 18 36 360
15 20 6 13 -36 52 0 0.08 M M 13.7 22 330 M M 3 1 30 340
16 22 0 11 -39 54 0 T M M 5.7 12 140 M M 3 M M
17 28 22 25 -25 40 0 0.04 M M 10.6 17 350 M M 10 1 M M
18 31 22 27 -23 38 0 0.00 M M 11.9 20 340 M M 5 30 310
19 41 12 27 -23 38 0 0.00 M M 5.7 9 170 M M 0 17 340
20 55 23 39 -11 26 0 0.00 M M 10.3 18 160 M M 0 33 150
21 75 44 60 9 5 0 0.00 M M 13.0 17 340 M M 5 26 190
22 72 31 52 1 13 0 0.00 M M 6.4 15 140 M M 0 M M
23 79 41 60 9 5 0 0.00 0.0 M 13.1 25 160 M M 0 32 160
24 77 51 64 13 1 0 0.00 M M 11.3 20 190 M M 2 28 190
25 57 46 52 0 13 0 0.08 M M 8.7 15 360 M M 9 1 20 340
26 61 46 54 2 11 0 0.05 M M 5.5 14 340 M M 10 1 100 120
27 76 55 66 14 0 1 0.03 M M 9.3 22 150 M M 8 12 104 120
28 75 55 65 13 0 0 T M M 13.4 18 350 M M 10 1 30 340
================================================================================
SM 1519 928 589 1 0.28 0.0 305.2 M 142
================================================================================
AV 54.3 33.1 10.9 FASTST M M 5 MAX(MPH)
MISC ----> 25 160 104 120
================================================================================
NOTES:
# LAST OF SEVERAL OCCURRENCES
COLUMN 17 PEAK WIND IN M.P.H.
PRELIMINARY LOCAL CLIMATOLOGICAL DATA (WS FORM: F-6) , PAGE 2
STATION: WACO MCGREGOR
MONTH: FEBRUARY
YEAR: 2021
LATITUDE: 31 28 N
LONGITUDE: 97 19 W
[TEMPERATURE DATA] [PRECIPITATION DATA] SYMBOLS USED IN COLUMN 16
AVERAGE MONTHLY: 43.7 TOTAL FOR MONTH: 0.28 1 = FOG OR MIST
DPTR FM NORMAL: -5.7 DPTR FM NORMAL: -2.39 2 = FOG REDUCING VISIBILITY
HIGHEST: 79 ON 23 GRTST 24HR 0.13 ON 25-26 TO 1/4 MILE OR LESS
LOWEST: 0 ON 16 3 = THUNDER
SNOW, ICE PELLETS, HAIL 4 = ICE PELLETS
TOTAL MONTH: 0.0 INCH 5 = HAIL
GRTST 24HR 0.0 6 = FREEZING RAIN OR DRIZZLE
GRTST DEPTH: 0 7 = DUSTSTORM OR SANDSTORM:
VSBY 1/2 MILE OR LESS
8 = SMOKE OR HAZE
[NO. OF DAYS WITH] [WEATHER - DAYS WITH] 9 = BLOWING SNOW
X = TORNADO
MAX 32 OR BELOW: 8 0.01 INCH OR MORE: 5
MAX 90 OR ABOVE: 0 0.10 INCH OR MORE: 0
MIN 32 OR BELOW: 13 0.50 INCH OR MORE: 0
MIN 0 OR BELOW: 1 1.00 INCH OR MORE: 0
[HDD (BASE 65) ]
TOTAL THIS MO. 589 CLEAR (SCALE 0-3) 10
DPTR FM NORMAL 148 PTCLDY (SCALE 4-7) 7
TOTAL FM JUL 1 1750 CLOUDY (SCALE 8-10) 11
DPTR FM NORMAL -199
[CDD (BASE 65) ]
TOTAL THIS MO. 1
DPTR FM NORMAL -3 [PRESSURE DATA]
TOTAL FM JAN 1 3 HIGHEST SLP 30.05 ON 26
DPTR FM NORMAL 1 LOWEST SLP 29.77 ON 27
[REMARKS]
#FINAL-02-21#