000
CXUS53 KMKX 010910
CF6RAC
PRELIMINARY LOCAL CLIMATOLOGICAL DATA (WS FORM: F-6)
STATION: RACINE WI
MONTH: JANUARY
YEAR: 2021
LATITUDE: 42 45 N
LONGITUDE: 87 49 W
TEMPERATURE IN F: :PCPN: SNOW: WIND :SUNSHINE: SKY :PK WND
================================================================================
1 2 3 4 5 6A 6B 7 8 9 10 11 12 13 14 15 16 17 18
12Z AVG MX 2MIN
DY MAX MIN AVG DEP HDD CDD WTR SNW DPTH SPD SPD DIR MIN PSBL S-S WX SPD DR
================================================================================
1 34 13 24 0 41 0 0.29 M M 11.4 23 360 M M 9 18 35 20
2 32 26 29 5 36 0 0.00 0.0 M 5.6 16 350 M M 9 1 23 350
3 33 22 28 4 37 0 T M M 6.2 13 250 M M 9 1 20 240
4 27 21 24 0 41 0 T M M 7.6 15 200 M M 10 1 18 250
5 35 27 31 8 34 0 0.00 M M 4.8 10 330 M M 10 18 16 320
6 35 23 29 6 36 0 0.00 M M 3.5 9 340 M M 9 128 12 10
7 36 28 32 9 33 0 0.00 M M 9.7 16 40 M M 9 1 23 360
8 36 29 33 10 32 0 0.04 M M 11.4 21 40 M M 10 12 27 10
9 36 24 30 7 35 0 0.00 M M 6.4 13 60 M M 6 18 10
10 30 24 27 4 38 0 0.00 M M 5.6 12 230 M M 10 1 17 250
11 30 19 25 2 40 0 0.00 M M 12.1 21 220 M M 9 1 32 220
12 35 24 30 7 35 0 0.00 M M 8.2 15 230 M M 3 18 23 220
13 39 31 35 12 30 0 0.00 M M 6.7 13 230 M M 4 19 230
14 38 27 33 11 32 0 0.20 M M 9.6 21 160 M M 5 1 29 170
15 37 33 35 13 30 0 T M M 5.4 12 130 M M 10 1 17 170
16 37 33 35 13 30 0 0.05 M M 7.7 14 310 M M 10 1 20 340
17 34 26 30 8 35 0 T M M 5.5 9 300 M M 9 18 14 300
18 30 23 27 5 38 0 0.00 M M 6.1 14 270 M M 9 20 300
19 29 18 24 2 41 0 T M M 8.3 18 300 M M 9 1 26 320
20 34 8 21 -1 44 0 0.00 M M 12.6 24 220 M M 1 42 210
21 40 27 34 12 31 0 0.00 M M 12.7 23 270 M M 3 36 290
22 27 10 19 -3 46 0 0.00 M M 9.5 18 320 M M 0 31 330
23 30 7 19 -3 46 0 0.00 M M 5.0 14 160 M M 3 17 160
24 32 24 28 6 37 0 0.06 M M 7.2 17 170 M M 10 18 28 170
25 33 20 27 5 38 0 T M M 15.1 28 70 M M 9 8 38 60
26 32 21 27 5 38 0 M M M 19.0 30 30 M M 10 18 40 30
27 25 11 18 -4 47 0 0.00 M M 10.2 16 30 M M 5 21 40
28 21 6 14 -8 51 0 0.00 M M 5.9 12 280 M M 2 15 270
29 32 5 19 -3 46 0 0.00 M M 6.9 17 150 M M 3 26 150
30 34 30 32 10 33 0 0.08 M M 17.8 26 110 M M 8 18 37 110
31 33 28 31 9 34 0 0.06 M M 17.2 25 100 M M 10 12 36 80
================================================================================
SM 1016 668 1165 0 0.78 0.0 280.9 M 223
================================================================================
AV 32.8 21.5 9.1 FASTST M M 7 MAX(MPH)
MISC ----> 30 30 42 210
================================================================================
NOTES:
# LAST OF SEVERAL OCCURRENCES
COLUMN 17 PEAK WIND IN M.P.H.
PRELIMINARY LOCAL CLIMATOLOGICAL DATA (WS FORM: F-6) , PAGE 2
STATION: RACINE WI
MONTH: JANUARY
YEAR: 2021
LATITUDE: 42 45 N
LONGITUDE: 87 49 W
[TEMPERATURE DATA] [PRECIPITATION DATA] SYMBOLS USED IN COLUMN 16
AVERAGE MONTHLY: 27.2 TOTAL FOR MONTH: 0.78 1 = FOG OR MIST
DPTR FM NORMAL: 4.6 DPTR FM NORMAL: -0.46 2 = FOG REDUCING VISIBILITY
HIGHEST: 40 ON 21 GRTST 24HR 0.42 ON 1- 1 TO 1/4 MILE OR LESS
LOWEST: 5 ON 29 3 = THUNDER
SNOW, ICE PELLETS, HAIL 4 = ICE PELLETS
TOTAL MONTH: 0.0 INCH 5 = HAIL
GRTST 24HR 0.0 6 = FREEZING RAIN OR DRIZZLE
GRTST DEPTH: M ON M 7 = DUSTSTORM OR SANDSTORM:
VSBY 1/2 MILE OR LESS
8 = SMOKE OR HAZE
[NO. OF DAYS WITH] [WEATHER - DAYS WITH] 9 = BLOWING SNOW
X = TORNADO
MAX 32 OR BELOW: 13 0.01 INCH OR MORE: 7
MAX 90 OR ABOVE: 0 0.10 INCH OR MORE: 2
MIN 32 OR BELOW: 29 0.50 INCH OR MORE: 0
MIN 0 OR BELOW: 0 1.00 INCH OR MORE: 0
[HDD (BASE 65) ]
TOTAL THIS MO. 1165 CLEAR (SCALE 0-3) 6
DPTR FM NORMAL -148 PTCLDY (SCALE 4-7) 6
TOTAL FM JUL 1 3409 CLOUDY (SCALE 8-10) 19
DPTR FM NORMAL -436
[CDD (BASE 65) ]
TOTAL THIS MO. 0
DPTR FM NORMAL 0 [PRESSURE DATA]
TOTAL FM JAN 1 0 HIGHEST SLP 30.73 ON 28
DPTR FM NORMAL 0 LOWEST SLP 29.42 ON 14
[REMARKS]
#FINAL-01-21#