000
CXUS56 KSGX 011245
CF6RAL
PRELIMINARY LOCAL CLIMATOLOGICAL DATA (WS FORM: F-6)
STATION: RIVERSIDE MUNI AIRPORT CA
MONTH: APRIL
YEAR: 2020
LATITUDE: 33 57 N
LONGITUDE: 117 27 W
TEMPERATURE IN F: :PCPN: SNOW: WIND :SUNSHINE: SKY :PK WND
================================================================================
1 2 3 4 5 6A 6B 7 8 9 10 11 12 13 14 15 16 17 18
12Z AVG MX 2MIN
DY MAX MIN AVG DEP HDD CDD WTR SNW DPTH SPD SPD DIR MIN PSBL S-S WX SPD DR
================================================================================
1 75 52 64 4 1 0 0.00 0.0 0 4.6 18 270 M M 0 22 270
2 70 55 63 2 2 0 0.00 0.0 0 3.8 18 270 M M 9 23 270
3 70 51 61 0 4 0 0.00 0.0 0 5.4 16 270 M M 4 21 280
4 69 52 61 0 4 0 0.00 0.0 0 4.6 17 270 M M 8 21 270
5 62 53 58 -3 7 0 T 0.0 0 4.0 14 280 M M 10 22 260
6 57 51 54 -7 11 0 0.99 0.0 0 3.5 14 250 M M 10 18 18 140
7 60 50 55 -6 10 0 0.31 0.0 0 5.2 20 120 M M 9 1 26 140
8 62 48 55 -7 10 0 0.13 M 0 5.9 18 250 M M 9 1 22 240
9 54 48 51 -11 14 0 0.71 M 0 4.7 12 110 M M 10 18 15 120
10 60 47 54 -8 11 0 0.49 M 0 6.0 16 110 M M 10 1 21 120
11 69 47 58 -4 7 0 0.00 0.0 0 4.0 14 270 M M 6 1 21 280
12 62 53 58 -4 7 0 0.02 0.0 0 3.9 10 270 M M 10 18 16 270
13 63 52 58 -4 7 0 0.00 0.0 0 3.9 14 270 M M 9 18 270
14 80 49 65 3 0 0 0.00 0.0 0 5.3 17 10 M M 1 1 27 40
15 82 46 64 1 1 0 0.00 0.0 0 5.8 20 270 M M 0 24 270
16 77 50 64 1 1 0 0.00 0.0 0 4.0 16 270 M M 0 24 270
17 69 49 59 -4 6 0 0.00 0.0 0 4.6 21 260 M M 6 1 27 270
18 64 53 59 -4 6 0 T 0.0 0 6.4 15 270 M M 10 19 280
19 67 53 60 -3 5 0 0.00 0.0 0 6.1 16 270 M M 8 21 270
20 68 54 61 -3 4 0 0.00 0.0 0 5.0 15 270 M M 10 19 270
21 74 53 64 0 1 0 0.00 0.0 0 6.9 20 270 M M 4 25 270
22 87 50 69 5 0 4 0.00 0.0 0 4.9 15 250 M M 0 19 250
23 91 55 73 9 0 8 0.00 0.0 0 4.1 17 270 M M 0 21 270
24 99 59 79 15 0 14 0.00 0.0 0 4.7 15 260 M M 0 20 10
25 94 60 77 12 0 12 0.00 0.0 0 4.6 18 270 M M 0 22 270
26 91 60 76 11 0 11 0.00 0.0 0 5.0 17 270 M M 0 22 270
27 86 57 72 7 0 7 0.00 0.0 0 4.2 18 270 M M 0 23 270
28 90 60 75 10 0 10 0.00 0.0 0 4.8 18 270 M M 0 23 250
29 87 59 73 8 0 8 0.00 0.0 0 5.5 18 270 M M 3 18 22 270
30 85 60 73 7 0 8 0.00 0.0 0 5.1 17 270 M M 1 18 22 270
================================================================================
SM 2224 1586 119 82 2.65 0.0 146.5 M 147
================================================================================
AV 74.1 52.9 4.9 FASTST M M 5 MAX(MPH)
MISC ----> # 21 260 # 27 40
================================================================================
NOTES:
# LAST OF SEVERAL OCCURRENCES
COLUMN 17 PEAK WIND IN M.P.H.
PRELIMINARY LOCAL CLIMATOLOGICAL DATA (WS FORM: F-6) , PAGE 2
STATION: RIVERSIDE MUNI AIRPORT CA
MONTH: APRIL
YEAR: 2020
LATITUDE: 33 57 N
LONGITUDE: 117 27 W
[TEMPERATURE DATA] [PRECIPITATION DATA] SYMBOLS USED IN COLUMN 16
AVERAGE MONTHLY: 63.5 TOTAL FOR MONTH: 2.65 1 = FOG OR MIST
DPTR FM NORMAL: 0.7 DPTR FM NORMAL: 1.85 2 = FOG REDUCING VISIBILITY
HIGHEST: 99 ON 24 GRTST 24HR 0.99 ON 6- 6 TO 1/4 MILE OR LESS
LOWEST: 46 ON 15 3 = THUNDER
SNOW, ICE PELLETS, HAIL 4 = ICE PELLETS
TOTAL MONTH: 0.0 INCH 5 = HAIL
GRTST 24HR 0.0 6 = FREEZING RAIN OR DRIZZLE
GRTST DEPTH: 0 7 = DUSTSTORM OR SANDSTORM:
VSBY 1/2 MILE OR LESS
8 = SMOKE OR HAZE
[NO. OF DAYS WITH] [WEATHER - DAYS WITH] 9 = BLOWING SNOW
X = TORNADO
MAX 32 OR BELOW: 0 0.01 INCH OR MORE: 6
MAX 90 OR ABOVE: 5 0.10 INCH OR MORE: 5
MIN 32 OR BELOW: 0 0.50 INCH OR MORE: 2
MIN 0 OR BELOW: 0 1.00 INCH OR MORE: 0
[HDD (BASE 65) ]
TOTAL THIS MO. 119 CLEAR (SCALE 0-3) 13
DPTR FM NORMAL 12 PTCLDY (SCALE 4-7) 6
TOTAL FM JUL 1 1277 CLOUDY (SCALE 8-10) 11
DPTR FM NORMAL -143
[CDD (BASE 65) ]
TOTAL THIS MO. 82
DPTR FM NORMAL 40 [PRESSURE DATA]
TOTAL FM JAN 1 93 HIGHEST SLP 30.13 ON 14
DPTR FM NORMAL 30 LOWEST SLP 29.77 ON 1
[REMARKS]
#FINAL-04-20#