000
CXUS53 KUNR 011030
CF6RAP
PRELIMINARY LOCAL CLIMATOLOGICAL DATA (WS FORM: F-6)
STATION: RAPID CITY AIRPORT SD
MONTH: JANUARY
YEAR: 2021
LATITUDE: 44 2 N
LONGITUDE: 103 4 W
TEMPERATURE IN F: :PCPN: SNOW: WIND :SUNSHINE: SKY :PK WND
================================================================================
1 2 3 4 5 6A 6B 7 8 9 10 11 12 13 14 15 16 17 18
12Z AVG MX 2MIN
DY MAX MIN AVG DEP HDD CDD WTR SNW DPTH SPD SPD DIR MIN PSBL S-S WX SPD DR
================================================================================
1 50 16 33 9 32 0 0.00 M M 4.1 12 300 M M 0 13 300
2 48 15 32 8 33 0 0.00 M M 8.1 39 330 M M 1 50 320
3 50 21 36 12 29 0 T M M 8.9 33 330 M M 3 47 330
4 49 21 35 10 30 0 0.00 M M 6.6 18 320 M M 0 26 320
5 50 22 36 11 29 0 0.00 M M 20.1 41 320 M M 3 53 310
6 47 18 33 8 32 0 0.00 M M 9.5 25 330 M M 0 35 330
7 37 11 24 -1 41 0 0.00 M M 7.1 15 130 M M 0 19 150
8 30 23 27 2 38 0 T M M 2.9 9 330 M M 10 12 11 340
9 31 27 29 4 36 0 T M M 4.8 8 170 M M 10 1 11 340
10 44 15 30 5 35 0 0.00 M M 5.9 18 330 M M 5 1 21 330
11 53 19 36 11 29 0 0.00 M M 5.1 20 340 M M 0 26 340
12 55 23 39 14 26 0 0.00 M M 4.5 12 300 M M 0 16 270
13 52 34 43 18 22 0 T M M 15.0 56 320 M M 2 71 320
14 38 28 33 8 32 0 0.00 M M 45.0 61 320 M M 3 80 330
15 38 19 29 4 36 0 0.00 M M 24.2 49 340 M M 1 66 340
16 44 20 32 7 33 0 T M M 20.0 44 320 M M 6 1 56 310
17 42 17 30 5 35 0 0.03 M M 8.0 26 330 M M 4 1 37 330
18 37 13 25 0 40 0 T M M 19.5 43 320 M M 7 1 56 330
19 39 19 29 4 36 0 0.00 M M 17.0 43 310 M M 6 56 310
20 48 18 33 8 32 0 0.00 M M 9.9 33 330 M M 0 43 330
21 38 21 30 5 35 0 T M M 12.2 24 340 M M 4 1 32 340
22 33 18 26 1 39 0 T M M 6.5 20 170 M M 7 1 24 170
23 32 17 25 0 40 0 T M M 12.6 20 350 M M 8 8 25 340
24 33 10 22 -3 43 0 0.00 M M 11.6 29 180 M M 5 37 170
25 22 16 19 -6 46 0 T M M 10.5 21 360 M M 9 1 25 360
26 19 13 16 -9 49 0 0.01 M M 7.9 15 140 M M 10 18 19 140
27 28 5 17 -8 48 0 0.00 M M 5.9 18 170 M M 2 24 170
28 51 12 32 7 33 0 0.00 M M 7.2 28 190 M M 0 35 190
29 46 20 33 8 32 0 0.00 M M 4.0 13 350 M M 0 14 350
30 38 20 29 4 36 0 T M M 16.5 31 340 M M 7 18 40 360
31 51 13 32 7 33 0 0.00 M M 4.4 18 340 M M 0 1 24 340
================================================================================
SM 1273 564 1090 0 0.04 M 345.5 M 113
================================================================================
AV 41.1 18.2 11.1 FASTST M M 4 MAX(MPH)
MISC ----> 61 320 80 330
================================================================================
NOTES:
# LAST OF SEVERAL OCCURRENCES
COLUMN 17 PEAK WIND IN M.P.H.
PRELIMINARY LOCAL CLIMATOLOGICAL DATA (WS FORM: F-6) , PAGE 2
STATION: RAPID CITY AIRPORT SD
MONTH: JANUARY
YEAR: 2021
LATITUDE: 44 2 N
LONGITUDE: 103 4 W
[TEMPERATURE DATA] [PRECIPITATION DATA] SYMBOLS USED IN COLUMN 16
AVERAGE MONTHLY: 29.6 TOTAL FOR MONTH: 0.04 1 = FOG OR MIST
DPTR FM NORMAL: 4.6 DPTR FM NORMAL: -0.26 2 = FOG REDUCING VISIBILITY
HIGHEST: 55 ON 12 GRTST 24HR 0.03 ON 25-25 TO 1/4 MILE OR LESS
LOWEST: 5 ON 27 3 = THUNDER
SNOW, ICE PELLETS, HAIL 4 = ICE PELLETS
TOTAL MONTH: M 5 = HAIL
GRTST 24HR M ON M 6 = FREEZING RAIN OR DRIZZLE
GRTST DEPTH: M ON M 7 = DUSTSTORM OR SANDSTORM:
VSBY 1/2 MILE OR LESS
8 = SMOKE OR HAZE
[NO. OF DAYS WITH] [WEATHER - DAYS WITH] 9 = BLOWING SNOW
X = TORNADO
MAX 32 OR BELOW: 6 0.01 INCH OR MORE: 2
MAX 90 OR ABOVE: 0 0.10 INCH OR MORE: 0
MIN 32 OR BELOW: 30 0.50 INCH OR MORE: 0
MIN 0 OR BELOW: 0 1.00 INCH OR MORE: 0
[HDD (BASE 65) ]
TOTAL THIS MO. 1090 CLEAR (SCALE 0-3) 17
DPTR FM NORMAL -150 PTCLDY (SCALE 4-7) 10
TOTAL FM JUL 1 3760 CLOUDY (SCALE 8-10) 4
DPTR FM NORMAL -398
[CDD (BASE 65) ]
TOTAL THIS MO. 0
DPTR FM NORMAL 0 [PRESSURE DATA]
TOTAL FM JAN 1 0 HIGHEST SLP 30.49 ON 19
DPTR FM NORMAL 0 LOWEST SLP 29.54 ON 13
[REMARKS]
#FINAL-01-21#