000
CXUS53 KUNR 010930
CF6RAP
PRELIMINARY LOCAL CLIMATOLOGICAL DATA (WS FORM: F-6)
STATION: RAPID CITY AIRPORT SD
MONTH: JULY
YEAR: 2023
LATITUDE: 44 2 N
LONGITUDE: 103 4 W
TEMPERATURE IN F: :PCPN: SNOW: WIND :SUNSHINE: SKY :PK WND
================================================================================
1 2 3 4 5 6A 6B 7 8 9 10 11 12 13 14 15 16 17 18
12Z AVG MX 2MIN
DY MAX MIN AVG DEP HDD CDD WTR SNW DPTH SPD SPD DIR MIN PSBL S-S WX SPD DR
================================================================================
1 82 53 68 -1 0 3 0.00 M M 5.3 10 190 M M 0 14 180
2 89 57 73 3 0 8 0.00 M M 6.0 16 20 M M 1 20 30
3 83 56 70 0 0 5 0.15 M M 11.2 31 340 M M 2 13 42 340
4 62 50 56 -14 9 0 0.02 M M 12.7 25 330 M M 9 1 35 310
5 66 46 56 -15 9 0 0.00 M M 4.7 14 170 M M 5 17 200
6 74 48 61 -10 4 0 T M M 9.7 21 150 M M 2 3 31 180
7 79 53 66 -5 0 1 0.00 M M 9.9 29 20 M M 3 3 38 20
8 76 50 63 -8 2 0 0.01 M M 4.5 10 200 M M 0 16 130
9 84 50 67 -5 0 2 0.00 M M 5.3 12 140 M M 0 17 190
10 91 58 75 3 0 10 0.00 M M 6.3 13 250 M M 0 3 18 50
11 82 61 72 0 0 7 0.91 M M 9.3 35 340 M M 4 1358 48 340
12 82 57 70 -2 0 5 0.02 M M 8.1 21 360 M M 1 3 27 10
13 88 57 73 1 0 8 0.16 M M 5.8 29 330 M M 2 3 40 330
14 79 58 69 -4 0 4 0.01 M M 12.7 26 340 M M 1 38 36 330
15 81 55 68 -5 0 3 0.00 M M 7.2 14 10 M M 0 18 20 10
16 84 55 70 -3 0 5 T M M 5.7 15 50 M M 1 18 21 40
17 82 53 68 -5 0 3 0.02 M M 9.2 43 120 M M 1 138 63 120
18 89 62 76 3 0 11 0.02 M M 6.5 18 30 M M 1 38 25 20
19 84 57 71 -2 0 6 0.05 M M 10.9 21 350 M M 2 38 30 350
20 75 53 64 -10 1 0 0.00 M M 5.3 12 200 M M 1 8 15 180
21 87 51 69 -5 0 4 0.00 M M 2.7 18 220 M M 0 3 24 230
22 93 54 74 0 0 9 0.00 M M 4.7 17 80 M M 0 22 80
23 98 57 78 4 0 13 0.00 M M 5.2 14 80 M M 0 19 70
24 97 65 81 7 0 16 T M M 9.5 28 240 M M 0 3 38 240
25 96 65 81 7 0 16 0.00 M M 9.5 21 330 M M 0 30 360
26 99 60 80 6 0 15 0.00 M M 7.8 20 360 M M 0 27 300
27 94 59 77 3 0 12 T M M 8.8 33 330 M M 1 3 45 310
28 88 57 73 -1 0 8 0.07 M M 10.2 32 130 M M 1 3 43 130
29 87 57 72 -2 0 7 T M M 7.8 17 140 M M 1 23 160
30 91 62 77 3 0 12 0.03 M M 8.2 32 20 M M 2 13 44 30
31 91 61 76 2 0 11 T M M 6.6 20 250 M M 1 13 26 250
================================================================================
SM 2633 1737 25 204 1.47 M 237.3 M 42
================================================================================
AV 84.9 56.0 7.7 FASTST M M 1 MAX(MPH)
MISC ----> 43 120 63 120
================================================================================
NOTES:
# LAST OF SEVERAL OCCURRENCES
COLUMN 17 PEAK WIND IN M.P.H.
PRELIMINARY LOCAL CLIMATOLOGICAL DATA (WS FORM: F-6) , PAGE 2
STATION: RAPID CITY AIRPORT SD
MONTH: JULY
YEAR: 2023
LATITUDE: 44 2 N
LONGITUDE: 103 4 W
[TEMPERATURE DATA] [PRECIPITATION DATA] SYMBOLS USED IN COLUMN 16
AVERAGE MONTHLY: 70.5 TOTAL FOR MONTH: 1.47 1 = FOG OR MIST
DPTR FM NORMAL: -1.9 DPTR FM NORMAL: -0.81 2 = FOG REDUCING VISIBILITY
HIGHEST: 99 ON 26 GRTST 24HR 0.93 ON 11-12 TO 1/4 MILE OR LESS
LOWEST: 46 ON 5 3 = THUNDER
SNOW, ICE PELLETS, HAIL 4 = ICE PELLETS
TOTAL MONTH: M 5 = HAIL
GRTST 24HR M ON M 6 = FREEZING RAIN OR DRIZZLE
GRTST DEPTH: M ON M 7 = DUSTSTORM OR SANDSTORM:
VSBY 1/2 MILE OR LESS
8 = SMOKE OR HAZE
[NO. OF DAYS WITH] [WEATHER - DAYS WITH] 9 = BLOWING SNOW
X = TORNADO
MAX 32 OR BELOW: 0 0.01 INCH OR MORE: 12
MAX 90 OR ABOVE: 9 0.10 INCH OR MORE: 3
MIN 32 OR BELOW: 0 0.50 INCH OR MORE: 1
MIN 0 OR BELOW: 0 1.00 INCH OR MORE: 0
[HDD (BASE 65) ]
TOTAL THIS MO. 25 CLEAR (SCALE 0-3) 28
DPTR FM NORMAL 12 PTCLDY (SCALE 4-7) 2
TOTAL FM JUL 1 25 CLOUDY (SCALE 8-10) 1
DPTR FM NORMAL 18
[CDD (BASE 65) ]
TOTAL THIS MO. 204
DPTR FM NORMAL -40 [PRESSURE DATA]
TOTAL FM JAN 1 255 HIGHEST SLP 30.27 ON 5
DPTR FM NORMAL -82 LOWEST SLP 29.70 ON 17
[REMARKS]
#FINAL-07-23#