000
CXUS54 KFWD 010830
CF6RBD
PRELIMINARY LOCAL CLIMATOLOGICAL DATA (WS FORM: F-6)
STATION: DALLAS EXECUTIVE
MONTH: NOVEMBER
YEAR: 2022
LATITUDE: 32 40 N
LONGITUDE: 96 52 W
TEMPERATURE IN F: :PCPN: SNOW: WIND :SUNSHINE: SKY :PK WND
================================================================================
1 2 3 4 5 6A 6B 7 8 9 10 11 12 13 14 15 16 17 18
12Z AVG MX 2MIN
DY MAX MIN AVG DEP HDD CDD WTR SNW DPTH SPD SPD DIR MIN PSBL S-S WX SPD DR
================================================================================
1 76 53 65 3 0 0 0.00 M M 5.0 14 130 M M 1 20 120
2 73 55 64 2 1 0 0.00 M M 7.9 15 150 M M 5 1 22 150
3 80 63 72 11 0 7 0.00 M M 10.8 22 170 M M 8 1 33 160
4 76 48 62 1 3 0 1.00 M M 15.8 36 300 M M 7 13 50 300
5 64 43 54 -7 11 0 0.00 M M 8.6 16 170 M M 0 23 170
6 80 53 67 7 0 2 0.00 M M 9.5 21 180 M M 0 27 180
7 78 64 71 11 0 6 0.20 M M 5.0 14 180 M M 9 12 19 150
8 80 67 74 14 0 9 0.00 M M 7.3 12 120 M M 6 1 18 130
9 81 66 74 15 0 9 0.00 M M 9.7 21 170 M M 3 1 29 160
10 73 62 68 9 0 3 T M M 7.9 17 170 M M 6 1 26 180
11 67 39 53 -6 12 0 0.43 M M 13.6 24 360 M M 8 13 36 10
12 51 34 43 -15 22 0 0.00 M M 9.4 18 350 M M 0 8 26 350
13 52 31 42 -16 23 0 0.00 M M 6.1 14 120 M M 0 18 120
14 44 40 42 -16 23 0 0.37 M M 9.2 18 110 M M 9 1 24 120
15 44 37 41 -16 24 0 T M M 8.3 17 320 M M 7 23 320
16 54 36 45 -12 20 0 0.00 M M 4.1 13 20 M M 0 17 10
17 59 32 46 -11 19 0 0.00 M M 4.2 10 270 M M 1 14 280
18 50 38 44 -12 21 0 0.00 M M 8.6 15 340 M M 5 20 30
19 42 32 37 -19 28 0 0.00 M M 7.9 14 360 M M 7 19 360
20 50 28 39 -17 26 0 T M M 4.0 9 150 M M 2 12 140
21 52 41 47 -8 18 0 0.01 M M 4.6 10 180 M M 9 13 170
22 60 45 53 -2 12 0 0.00 M M 3.8 12 180 M M 7 14 170
23 57 50 54 -1 11 0 0.30 M M 6.3 14 140 M M 10 13 17 160
24 58 53 56 2 9 0 1.26 M M 6.9 20 330 M M 10 13 23 330
25 57 50 54 0 11 0 0.03 M M 10.6 17 60 M M 10 1 23 20
26 55 46 51 -3 14 0 1.09 M M 8.3 20 260 M M 8 1 29 240
27 62 44 53 -1 12 0 0.00 M M 7.5 16 320 M M 0 22 300
28 67 37 52 -1 13 0 0.00 M M 9.2 17 170 M M 0 25 170
29 79 43 61 8 4 0 0.00 M M 12.7 29 330 M M 4 42 340
30 51 34 43 -10 22 0 0.00 M M 10.6 23 360 M M 0 33 350
================================================================================
SM 1872 1364 359 36 4.69 M 243.4 M 142
================================================================================
AV 62.4 45.5 8.1 FASTST M M 5 MAX(MPH)
MISC ----> 36 300 50 300
================================================================================
NOTES:
# LAST OF SEVERAL OCCURRENCES
COLUMN 17 PEAK WIND IN M.P.H.
PRELIMINARY LOCAL CLIMATOLOGICAL DATA (WS FORM: F-6) , PAGE 2
STATION: DALLAS EXECUTIVE
MONTH: NOVEMBER
YEAR: 2022
LATITUDE: 32 40 N
LONGITUDE: 96 52 W
[TEMPERATURE DATA] [PRECIPITATION DATA] SYMBOLS USED IN COLUMN 16
AVERAGE MONTHLY: 53.9 TOTAL FOR MONTH: 4.69 1 = FOG OR MIST
DPTR FM NORMAL: -3.3 DPTR FM NORMAL: 1.91 2 = FOG REDUCING VISIBILITY
HIGHEST: 81 ON 9 GRTST 24HR 1.48 ON 23-24 TO 1/4 MILE OR LESS
LOWEST: 28 ON 20 3 = THUNDER
SNOW, ICE PELLETS, HAIL 4 = ICE PELLETS
TOTAL MONTH: M 5 = HAIL
GRTST 24HR M ON M 6 = FREEZING RAIN OR DRIZZLE
GRTST DEPTH: M ON M 7 = DUSTSTORM OR SANDSTORM:
VSBY 1/2 MILE OR LESS
8 = SMOKE OR HAZE
[NO. OF DAYS WITH] [WEATHER - DAYS WITH] 9 = BLOWING SNOW
X = TORNADO
MAX 32 OR BELOW: 0 0.01 INCH OR MORE: 9
MAX 90 OR ABOVE: 0 0.10 INCH OR MORE: 7
MIN 32 OR BELOW: 4 0.50 INCH OR MORE: 3
MIN 0 OR BELOW: 0 1.00 INCH OR MORE: 3
[HDD (BASE 65) ]
TOTAL THIS MO. 359 CLEAR (SCALE 0-3) 12
DPTR FM NORMAL 95 PTCLDY (SCALE 4-7) 11
TOTAL FM JUL 1 421 CLOUDY (SCALE 8-10) 7
DPTR FM NORMAL 89
[CDD (BASE 65) ]
TOTAL THIS MO. 36
DPTR FM NORMAL 6 [PRESSURE DATA]
TOTAL FM JAN 1 3163 HIGHEST SLP 30.53 ON 16
DPTR FM NORMAL 334 LOWEST SLP 29.60 ON 4
[REMARKS]
#FINAL-11-22#