000
CXUS54 KFWD 010730
CF6RBD
PRELIMINARY LOCAL CLIMATOLOGICAL DATA (WS FORM: F-6)
STATION: DALLAS EXECUTIVE
MONTH: OCTOBER
YEAR: 2021
LATITUDE: 32 40 N
LONGITUDE: 96 52 W
TEMPERATURE IN F: :PCPN: SNOW: WIND :SUNSHINE: SKY :PK WND
================================================================================
1 2 3 4 5 6A 6B 7 8 9 10 11 12 13 14 15 16 17 18
12Z AVG MX 2MIN
DY MAX MIN AVG DEP HDD CDD WTR SNW DPTH SPD SPD DIR MIN PSBL S-S WX SPD DR
================================================================================
1 77 66 72 -2 0 7 0.32 M M 4.6 16 170 M M 6 13 21 170
2 85 69 77 4 0 12 0.00 M M 4.8 16 310 M M 6 1 22 310
3 86 64 75 2 0 10 0.00 M M 5.3 16 350 M M 1 22 10
4 88 61 75 2 0 10 0.00 M M 6.9 18 330 M M 0 26 330
5 86 58 72 0 0 7 0.00 M M 6.3 14 60 M M 0 19 50
6 86 58 72 0 0 7 0.00 M M 2.8 12 330 M M 0 17 250
7 91 59 75 3 0 10 0.00 M M 6.9 15 170 M M 0 24 200
8 91 69 80 9 0 15 0.00 M M 11.6 21 180 M M 0 30 210
9 91 66 79 8 0 14 0.00 M M 13.0 20 170 M M 0 30 200
10 92 66 79 9 0 14 0.46 M M 16.9 32 280 M M 6 13 50 270
11 81 56 69 -1 0 4 0.00 M M 6.0 23 290 M M 0 37 290
12 83 60 72 2 0 7 T M M 11.2 23 170 M M 7 32 170
13 87 64 76 7 0 11 1.81 M M 14.6 26 180 M M 9 13 39 180
14 84 66 75 6 0 10 0.30 M M 7.6 22 110 M M 7 1 28 110
15 76 55 66 -2 0 1 0.00 M M 11.7 25 330 M M 3 33 330
16 73 48 61 -7 4 0 0.00 M M 7.0 17 30 M M 0 8 23 20
17 73 45 59 -9 6 0 0.00 M M 3.8 10 130 M M 0 8 16 140
18 75 49 62 -5 3 0 0.00 M M 8.3 17 180 M M 0 23 180
19 79 56 68 1 0 3 0.00 M M 10.9 21 170 M M 0 26 160
20 81 65 73 6 0 8 0.00 M M 7.0 15 180 M M 5 1 21 190
21 83 62 73 7 0 8 0.00 M M 5.9 13 30 M M 1 18 20
22 84 57 71 5 0 6 0.00 M M 6.0 13 140 M M 0 18 170
23 86 64 75 9 0 10 0.00 M M 12.5 22 170 M M 3 31 180
24 84 66 75 10 0 10 0.00 M M 12.7 21 170 M M 5 1 30 180
25 86 62 74 9 0 9 0.00 M M 5.9 10 80 M M 0 15 20
26 85 70 78 14 0 13 0.00 M M 13.8 24 160 M M 5 1 38 150
27 76 60 68 4 0 3 0.61 M M 13.0 30 300 M M 6 13 43 290
28 72 56 64 0 1 0 0.00 M M 22.1 38 330 M M 0 56 340
29 71 50 61 -2 4 0 0.00 M M 17.3 31 340 M M 0 50 330
30 75 45 60 -3 5 0 0.00 M M 5.3 13 270 M M 0 8 17 270
31 80 47 64 2 1 0 0.00 M M 6.3 14 130 M M 0 8 18 120
================================================================================
SM 2547 1839 24 209 3.50 M 288.0 M 70
================================================================================
AV 82.2 59.3 9.3 FASTST M M 2 MAX(MPH)
MISC ----> 38 330 56 340
================================================================================
NOTES:
# LAST OF SEVERAL OCCURRENCES
COLUMN 17 PEAK WIND IN M.P.H.
PRELIMINARY LOCAL CLIMATOLOGICAL DATA (WS FORM: F-6) , PAGE 2
STATION: DALLAS EXECUTIVE
MONTH: OCTOBER
YEAR: 2021
LATITUDE: 32 40 N
LONGITUDE: 96 52 W
[TEMPERATURE DATA] [PRECIPITATION DATA] SYMBOLS USED IN COLUMN 16
AVERAGE MONTHLY: 70.7 TOTAL FOR MONTH: 3.50 1 = FOG OR MIST
DPTR FM NORMAL: 2.6 DPTR FM NORMAL: -1.04 2 = FOG REDUCING VISIBILITY
HIGHEST: 92 ON 10 GRTST 24HR 2.11 ON 13-14 TO 1/4 MILE OR LESS
LOWEST: 45 ON 30,17 3 = THUNDER
SNOW, ICE PELLETS, HAIL 4 = ICE PELLETS
TOTAL MONTH: M 5 = HAIL
GRTST 24HR M ON M 6 = FREEZING RAIN OR DRIZZLE
GRTST DEPTH: M ON M 7 = DUSTSTORM OR SANDSTORM:
VSBY 1/2 MILE OR LESS
8 = SMOKE OR HAZE
[NO. OF DAYS WITH] [WEATHER - DAYS WITH] 9 = BLOWING SNOW
X = TORNADO
MAX 32 OR BELOW: 0 0.01 INCH OR MORE: 5
MAX 90 OR ABOVE: 4 0.10 INCH OR MORE: 5
MIN 32 OR BELOW: 0 0.50 INCH OR MORE: 2
MIN 0 OR BELOW: 0 1.00 INCH OR MORE: 1
[HDD (BASE 65) ]
TOTAL THIS MO. 24 CLEAR (SCALE 0-3) 21
DPTR FM NORMAL -42 PTCLDY (SCALE 4-7) 9
TOTAL FM JUL 1 24 CLOUDY (SCALE 8-10) 1
DPTR FM NORMAL -45
[CDD (BASE 65) ]
TOTAL THIS MO. 209
DPTR FM NORMAL 45 [PRESSURE DATA]
TOTAL FM JAN 1 2718 HIGHEST SLP M ON M
DPTR FM NORMAL -81 LOWEST SLP 29.52 ON 10
[REMARKS]
#FINAL-10-21#