000
CXUS56 KMFR 010930
CF6RBG
PRELIMINARY LOCAL CLIMATOLOGICAL DATA (WS FORM: F-6)
STATION: ROSEBURG OR
MONTH: MAY
YEAR: 2023
LATITUDE: 43 13 N
LONGITUDE: 123 22 W
TEMPERATURE IN F: :PCPN: SNOW: WIND :SUNSHINE: SKY :PK WND
================================================================================
1 2 3 4 5 6A 6B 7 8 9 10 11 12 13 14 15 16 17 18
12Z AVG MX 2MIN
DY MAX MIN AVG DEP HDD CDD WTR SNW DPTH SPD SPD DIR MIN PSBL S-S WX SPD DR
================================================================================
1 59 49 54 -2 11 0 0.03 M M 4.9 14 10 M M 10 19 360
2 65 46 56 -1 9 0 0.01 M M 3.0 10 190 M M 7 1 17 190
3 73 50 62 5 3 0 0.19 M M 3.6 18 310 M M 6 8 27 320
4 65 44 55 -2 10 0 0.00 M M 3.6 14 330 M M 4 20 330
5 62 49 56 -1 9 0 T M M 2.1 10 10 M M 10 13 10
6 64 46 55 -3 10 0 0.03 M M 3.5 16 230 M M 8 1 27 230
7 63 39 51 -7 14 0 0.09 M M 1.9 13 170 M M 6 1 22 180
8 56 46 51 -7 14 0 0.45 M M 3.2 15 10 M M 9 1 20 220
9 70 43 57 -1 8 0 0.00 M M 3.5 13 360 M M 3 12 18 350
10 73 45 59 1 6 0 0.21 M M 3.5 18 150 M M 4 3 23 150
11 75 51 63 4 2 0 0.00 M M 3.2 10 10 M M 5 15 30
12 85 50 68 9 0 3 0.00 M M 3.0 10 20 M M 0 15 30
13 93 54 74 15 0 9 0.00 M M 3.9 18 360 M M 0 26 10
14 95 55 75 16 0 10 0.00 M M 2.3 12 150 M M 0 17 120
15 89 60 75 15 0 10 0.00 M M 4.1 16 20 M M 1 20 310
16 88 54 71 11 0 6 0.00 M M 4.0 13 10 M M 1 17 10
17 91 55 73 13 0 8 0.00 M M 3.3 15 340 M M 0 23 340
18 84 56 70 10 0 5 0.00 M M 5.4 14 360 M M 0 20 350
19 84 54 69 9 0 4 0.00 M M 5.5 14 20 M M 0 19 270
20 80 55 68 8 0 3 0.00 M M 4.9 14 330 M M 5 22 320
21 65 54 60 0 5 0 0.00 M M 5.3 12 330 M M 9 18 330
22 67 51 59 -2 6 0 0.00 M M 10.0 21 10 M M 2 30 10
23 69 47 58 -3 7 0 0.00 M M 8.8 20 10 M M 1 30 10
24 76 45 61 0 4 0 0.00 M M 5.1 17 10 M M 3 26 20
25 84 49 67 6 0 2 0.00 M M 5.9 20 10 M M 0 31 360
26 85 53 69 8 0 4 0.00 M M 4.3 15 340 M M 0 22 330
27 76 54 65 4 0 0 0.00 M M 5.1 15 330 M M 4 32 330
28 82 54 68 7 0 3 0.00 M M 5.9 15 20 M M 4 22 20
29 85 50 68 6 0 3 0.00 M M 4.9 16 20 M M 0 22 360
30 70 51 61 -1 4 0 0.00 M M 7.9 16 10 M M 2 25 360
31 71 48 60 -2 5 0 0.00 M M 6.4 16 330 M M 3 23 10
================================================================================
SM 2344 1557 127 70 1.01 M 142.0 M 107
================================================================================
AV 75.6 50.2 4.6 FASTST M M 3 MAX(MPH)
MISC ----> 21 10 32 330
================================================================================
NOTES:
# LAST OF SEVERAL OCCURRENCES
COLUMN 17 PEAK WIND IN M.P.H.
PRELIMINARY LOCAL CLIMATOLOGICAL DATA (WS FORM: F-6) , PAGE 2
STATION: ROSEBURG OR
MONTH: MAY
YEAR: 2023
LATITUDE: 43 13 N
LONGITUDE: 123 22 W
[TEMPERATURE DATA] [PRECIPITATION DATA] SYMBOLS USED IN COLUMN 16
AVERAGE MONTHLY: 62.9 TOTAL FOR MONTH: 1.01 1 = FOG OR MIST
DPTR FM NORMAL: 3.4 DPTR FM NORMAL: -1.08 2 = FOG REDUCING VISIBILITY
HIGHEST: 95 ON 14 GRTST 24HR 0.54 ON 7- 8 TO 1/4 MILE OR LESS
LOWEST: 39 ON 7 3 = THUNDER
SNOW, ICE PELLETS, HAIL 4 = ICE PELLETS
TOTAL MONTH: M 5 = HAIL
GRTST 24HR M ON M 6 = FREEZING RAIN OR DRIZZLE
GRTST DEPTH: M ON M 7 = DUSTSTORM OR SANDSTORM:
VSBY 1/2 MILE OR LESS
8 = SMOKE OR HAZE
[NO. OF DAYS WITH] [WEATHER - DAYS WITH] 9 = BLOWING SNOW
X = TORNADO
MAX 32 OR BELOW: 0 0.01 INCH OR MORE: 7
MAX 90 OR ABOVE: 3 0.10 INCH OR MORE: 3
MIN 32 OR BELOW: 0 0.50 INCH OR MORE: 0
MIN 0 OR BELOW: 0 1.00 INCH OR MORE: 0
[HDD (BASE 65) ]
TOTAL THIS MO. 127 CLEAR (SCALE 0-3) 16
DPTR FM NORMAL -69 PTCLDY (SCALE 4-7) 11
TOTAL FM JUL 1 4018 CLOUDY (SCALE 8-10) 4
DPTR FM NORMAL 184
[CDD (BASE 65) ]
TOTAL THIS MO. 70
DPTR FM NORMAL 46 [PRESSURE DATA]
TOTAL FM JAN 1 84 HIGHEST SLP M ON M
DPTR FM NORMAL 58 LOWEST SLP 29.72 ON 3
[REMARKS]
#FINAL-05-23#