000
CXUS56 KSTO 011401
CF6RBL
PRELIMINARY LOCAL CLIMATOLOGICAL DATA (WS FORM: F-6)
STATION: RED BLUFF
MONTH: DECEMBER
YEAR: 2023
LATITUDE: 40 8 N
LONGITUDE: 122-15 E
TEMPERATURE IN F: :PCPN: SNOW: WIND :SUNSHINE: SKY :PK WND
================================================================================
1 2 3 4 5 6A 6B 7 8 9 10 11 12 13 14 15 16 17 18
12Z AVG MX 2MIN
DY MAX MIN AVG DEP HDD CDD WTR SNW DPTH SPD SPD DIR MIN PSBL S-S WX SPD DR
================================================================================
1 56 34 45 -4 20 0 T M M 4.3 13 170 M M 7 15 160
2 56 46 51 3 14 0 0.05 M M 6.7 17 150 M M 10 12 22 150
3 60 53 57 9 8 0 0.00 M M 6.9 16 160 M M 10 21 170
4 70 46 58 10 7 0 0.00 M M 5.0 13 350 M M 0 1 17 20
5 65 45 55 7 10 0 0.00 0.0 M 3.1 9 340 M M 1 1 17 340
6 56 46 51 3 14 0 0.22 0.0 M 5.8 29 160 M M 7 128 36 160
7 56 38 47 -1 18 0 0.01 0.0 M 9.2 18 160 M M 5 1 25 160
8 58 38 48 1 17 0 0.00 M M 8.9 18 350 M M 3 12 25 350
9 62 35 49 2 16 0 0.00 M M 5.7 13 350 M M 0 8 15 350
10 58 30 44 -3 21 0 0.00 M M 4.6 9 300 M M 0 13 20
11 61 34 48 1 17 0 0.00 M M 3.6 9 330 M M 0 12 330
12 69 34 52 5 13 0 0.00 M M 7.1 18 360 M M 0 23 340
13 67 39 53 6 12 0 0.00 M M 6.4 15 10 M M 0 19 10
14 61 35 48 2 17 0 0.00 M M 5.1 9 350 M M 0 23 80
15 64 37 51 5 14 0 0.00 M M 6.1 12 350 M M 0 8 14 340
16 70 34 52 6 13 0 0.00 M M 5.5 10 360 M M 0 12 340
17 57 38 48 2 17 0 0.09 M M 6.1 12 360 M M 4 8 13 130
18 55 48 52 6 13 0 2.05 M M 5.3 17 170 M M 10 1 22 170
19 62 55 59 13 6 0 0.15 M M 17.2 28 150 M M 8 1 35 150
20 64 46 55 9 10 0 0.11 M M 5.1 14 140 M M 6 1 16 140
21 67 41 54 8 11 0 0.00 M M 4.4 13 340 M M 1 12 15 330
22 69 44 57 11 8 0 0.00 M M 9.3 20 340 M M 0 27 330
23 62 35 49 3 16 0 0.00 M M 9.8 22 350 M M 0 8 31 350
24 56 34 45 -1 20 0 0.00 M M 4.1 10 300 M M 1 13 300
25 56 41 49 3 16 0 0.00 M M 1.5 7 270 M M 3 8 270
26 57 40 49 3 16 0 0.00 M M 3.9 8 270 M M 0 8 10 270
27 52 40 46 0 19 0 0.47 M M 8.8 18 170 M M 8 1 24 170
28 56 51 54 8 11 0 0.32 M M 5.0 17 160 M M 10 1 24 170
29 58 51 55 9 10 0 1.20 M M 7.1 22 160 M M 10 18 28 150
30 58 48 53 7 12 0 0.02 M M 5.4 13 190 M M 9 1 18 180
31 57 46 52 6 13 0 0.00 M M 3.5 8 360 M M 9 11 330
================================================================================
SM 1875 1282 429 0 4.69 0.0 190.5 M 122
================================================================================
AV 60.5 41.4 6.1 FASTST M M 4 MAX(MPH)
MISC ----> 29 160 36 160
================================================================================
NOTES:
# LAST OF SEVERAL OCCURRENCES
COLUMN 17 PEAK WIND IN M.P.H.
PRELIMINARY LOCAL CLIMATOLOGICAL DATA (WS FORM: F-6) , PAGE 2
STATION: RED BLUFF
MONTH: DECEMBER
YEAR: 2023
LATITUDE: 40 8 N
LONGITUDE: 122-15 E
[TEMPERATURE DATA] [PRECIPITATION DATA] SYMBOLS USED IN COLUMN 16
AVERAGE MONTHLY: 50.9 TOTAL FOR MONTH: 4.69 1 = FOG OR MIST
DPTR FM NORMAL: 4.1 DPTR FM NORMAL: 0.46 2 = FOG REDUCING VISIBILITY
HIGHEST: 70 ON 16, 4 GRTST 24HR 2.09 ON 18-19 TO 1/4 MILE OR LESS
LOWEST: 30 ON 10 3 = THUNDER
SNOW, ICE PELLETS, HAIL 4 = ICE PELLETS
TOTAL MONTH: 0.0 INCH 5 = HAIL
GRTST 24HR 0.0 6 = FREEZING RAIN OR DRIZZLE
GRTST DEPTH: M ON M 7 = DUSTSTORM OR SANDSTORM:
VSBY 1/2 MILE OR LESS
8 = SMOKE OR HAZE
[NO. OF DAYS WITH] [WEATHER - DAYS WITH] 9 = BLOWING SNOW
X = TORNADO
MAX 32 OR BELOW: 0 0.01 INCH OR MORE: 11
MAX 90 OR ABOVE: 0 0.10 INCH OR MORE: 7
MIN 32 OR BELOW: 1 0.50 INCH OR MORE: 2
MIN 0 OR BELOW: 0 1.00 INCH OR MORE: 2
[HDD (BASE 65) ]
TOTAL THIS MO. 429 CLEAR (SCALE 0-3) 17
DPTR FM NORMAL -137 PTCLDY (SCALE 4-7) 7
TOTAL FM JUL 1 808 CLOUDY (SCALE 8-10) 7
DPTR FM NORMAL -198
[CDD (BASE 65) ]
TOTAL THIS MO. 0
DPTR FM NORMAL 0 [PRESSURE DATA]
TOTAL FM JAN 1 2197 HIGHEST SLP 30.40 ON 9
DPTR FM NORMAL 272 LOWEST SLP 29.64 ON 19
[REMARKS]
#FINAL-12-23#