000
CXUS51 KPHI 161838
CF6RDG
PRELIMINARY LOCAL CLIMATOLOGICAL DATA (WS FORM: F-6)
STATION: READING PA
MONTH: JANUARY
YEAR: 2023
LATITUDE: 40 22 N
LONGITUDE: 75 58 W
TEMPERATURE IN F: :PCPN: SNOW: WIND :SUNSHINE: SKY :PK WND
================================================================================
1 2 3 4 5 6A 6B 7 8 9 10 11 12 13 14 15 16 17 18
12Z AVG MX 2MIN
DY MAX MIN AVG DEP HDD CDD WTR SNW DPTH SPD SPD DIR MIN PSBL S-S WX SPD DR
================================================================================
1 55 39 47 15 18 0 0.00 0.0 0 5.5 15 290 M M 4 12 18 280
2 55 36 46 14 19 0 0.04 0.0 0 1.8 6 190 M M 6 18 7 220
3 54 46 50 18 15 0 0.49 0.0 0 2.4 9 160 M M 10 12 11 260
4 64 43 54 22 11 0 T 0.0 0 2.3 15 280 M M 7 128 19 290
5 61 46 54 22 11 0 0.05 0.0 0 2.9 18 290 M M 5 1 22 290
6 46 38 42 11 23 0 0.08 0.0 0 7.9 17 290 M M 9 128 24 290
7 45 34 40 9 25 0 0.00 0.0 0 8.5 14 300 M M 9 19 250
8 43 32 38 7 27 0 0.00 0.0 0 4.6 10 190 M M 6 13 190
9 43 33 38 7 27 0 0.06 T T 6.5 17 300 M M 5 18 21 300
10 44 33 39 8 26 0 0.00 0.0 0 5.7 14 280 M M 9 18 20 300
11 44 29 37 6 28 0 0.00 0.0 0 5.2 14 150 M M 5 18 20 160
12 55 36 46 15 19 0 0.17 0.0 0 4.0 13 140 M M 10 18 19 130
13 55 34 45 14 20 0 0.13 0.0 0 14.4 25 340 M M 10 1 30 340
14 34 26 30 -1 35 0 0.00 0.0 0 17.6 25 360 M M 9 32 350
15 42 26 34 4 31 0 0.00 0.0 0 13.5 28 350 M M 0 32 340
16 49 23 36 6 29 0 0.00 0.0 0 8.6 20 320 M M 0 24 340
17 46 31 39 9 26 0 T 0.0 0 1.1 8 190 M M 7 9 190
18 53 36 45 15 20 0 T 0.0 0 8.3 24 290 M M 7 1 29 290
19 41 36 39 9 26 0 0.88 0.0 0 3.7 21 270 M M 9 1 27 270
20 46 38 42 12 23 0 T 0.0 0 11.8 26 290 M M 9 128 36 290
21 41 36 39 9 26 0 T T 0 7.8 15 330 M M 9 20 310
22 43 30 37 7 28 0 0.32 T 0 5.4 14 150 M M 7 14 19 140
23 40 34 37 7 28 0 0.25 T 0 10.5 28 320 M M 10 1 33 320
24 46 29 38 8 27 0 0.00 0.0 0 8.4 21 280 M M 6 26 280
25 44 28 36 6 29 0 0.89 2.9 0 4.5 16 110 M M 6 12 28 90
26 46 37 42 12 23 0 T 0.0 T 11.0 28 280 M M 8 1 37 270
27 41 28 35 5 30 0 T T 0 6.5 15 270 M M 6 22 270
28 54 28 41 11 24 0 0.00 0.0 0 3.9 16 240 M M 3 22 250
29 49 30 40 10 25 0 0.00 0.0 0 3.0 17 200 M M 4 1 23 210
30 55 35 45 14 20 0 T 0.0 0 4.4 13 220 M M 5 1 18 270
31 47 33 40 9 25 0 0.09 T 0 5.9 16 360 M M 10 14 22 360
================================================================================
SM 1481 1043 744 0 3.45 2.9 207.6 M 210
================================================================================
AV 47.8 33.6 6.7 FASTST M M 7 MAX(MPH)
MISC ----> # 28 350 37 270
================================================================================
NOTES:
# LAST OF SEVERAL OCCURRENCES
COLUMN 17 PEAK WIND IN M.P.H.
PRELIMINARY LOCAL CLIMATOLOGICAL DATA (WS FORM: F-6) , PAGE 2
STATION: READING PA
MONTH: JANUARY
YEAR: 2023
LATITUDE: 40 22 N
LONGITUDE: 75 58 W
[TEMPERATURE DATA] [PRECIPITATION DATA] SYMBOLS USED IN COLUMN 16
AVERAGE MONTHLY: 40.7 TOTAL FOR MONTH: 3.45 1 = FOG OR MIST
DPTR FM NORMAL: 9.9 DPTR FM NORMAL: 0.48 2 = FOG REDUCING VISIBILITY
HIGHEST: 64 ON 4 GRTST 24HR 0.89 ON 25-25 TO 1/4 MILE OR LESS
LOWEST: 23 ON 16 3 = THUNDER
SNOW, ICE PELLETS, HAIL 4 = ICE PELLETS
TOTAL MONTH: 2.9 INCHES 5 = HAIL
GRTST 24HR 2.9 ON 25-25 6 = FREEZING RAIN OR DRIZZLE
GRTST DEPTH: T 7 = DUSTSTORM OR SANDSTORM:
VSBY 1/2 MILE OR LESS
8 = SMOKE OR HAZE
[NO. OF DAYS WITH] [WEATHER - DAYS WITH] 9 = BLOWING SNOW
X = TORNADO
MAX 32 OR BELOW: 0 0.01 INCH OR MORE: 12
MAX 90 OR ABOVE: 0 0.10 INCH OR MORE: 7
MIN 32 OR BELOW: 12 0.50 INCH OR MORE: 2
MIN 0 OR BELOW: 0 1.00 INCH OR MORE: 0
[HDD (BASE 65) ]
TOTAL THIS MO. 744 CLEAR (SCALE 0-3) 3
DPTR FM NORMAL -316 PTCLDY (SCALE 4-7) 16
TOTAL FM JUL 1 2562 CLOUDY (SCALE 8-10) 12
DPTR FM NORMAL -402
[CDD (BASE 65) ]
TOTAL THIS MO. 0
DPTR FM NORMAL 0 [PRESSURE DATA]
TOTAL FM JAN 1 0 HIGHEST SLP M ON M
DPTR FM NORMAL 0 LOWEST SLP 29.51 ON 26
[REMARKS]
#FINAL-01-23#