000
CXUS55 KRIW 011010
CF6RIW
PRELIMINARY LOCAL CLIMATOLOGICAL DATA (WS FORM: F-6)
STATION: RIVERTON WY
MONTH: MARCH
YEAR: 2022
LATITUDE: 43 2 N
LONGITUDE: 108 27 W
TEMPERATURE IN F: :PCPN: SNOW: WIND :SUNSHINE: SKY :PK WND
================================================================================
1 2 3 4 5 6A 6B 7 8 9 10 11 12 13 14 15 16 17 18
12Z AVG MX 2MIN
DY MAX MIN AVG DEP HDD CDD WTR SNW DPTH SPD SPD DIR MIN PSBL S-S WX SPD DR
================================================================================
1 65 36 51 22 14 0 0.00 0.0 0 13.4 26 240 M M 1 35 230
2 65 31 48 18 17 0 0.00 0.0 0 6.6 15 280 M M 0 17 280
3 62 29 46 16 19 0 0.00 0.0 0 5.7 15 180 M M 0 20 180
4 52 27 40 9 25 0 0.02 T 0 9.2 23 360 M M 5 1 30 10
5 29 20 25 -6 40 0 0.14 1.8 1 6.0 20 20 M M 10 1 27 20
6 24 9 17 -15 48 0 0.17 1.8 2 5.8 16 10 M M 9 1 21 20
7 27 -1 13 -19 52 0 T T 3 4.6 13 300 M M 1 1 14 300
8 28 8 18 -15 47 0 0.21 2.7 2 8.6 22 30 M M 7 1 28 40
9 12 -8 2 -31 63 0 0.12 2.4 5 7.0 15 40 M M 9 18 20 40
10 13 -13 0 -34 65 0 0.00 0.0 5 5.8 12 250 M M 2 13 260
11 24 -8 8 -26 57 0 0.00 0.0 5 4.9 13 210 M M 0 15 220
12 49 18 34 0 31 0 0.00 0.0 4 15.3 38 270 M M 0 52 280
13 50 27 39 4 26 0 0.00 0.0 T 11.3 29 300 M M 2 40 320
14 49 27 38 3 27 0 0.00 0.0 T 8.4 18 280 M M 0 23 280
15 57 29 43 7 22 0 0.00 0.0 0 8.6 24 310 M M 1 32 310
16 49 29 39 3 26 0 0.17 2.7 0 12.2 25 350 M M 5 12 34 340
17 42 19 31 -5 34 0 0.00 0.0 2 7.5 15 300 M M 3 22 200
18 50 24 37 0 28 0 0.00 0.0 0 9.9 23 300 M M 0 31 290
19 55 29 42 5 23 0 0.00 0.0 0 9.0 22 200 M M 0 28 200
20 58 28 43 5 22 0 0.01 0.5 1 12.5 35 360 M M 4 1 48 360
21 40 19 30 -8 35 0 0.00 0.0 1 6.2 16 360 M M 3 24 130
22 47 24 36 -2 29 0 0.00 0.0 0 11.5 25 10 M M 5 37 340
23 58 24 41 3 24 0 0.00 0.0 0 7.3 23 290 M M 0 31 280
24 67 34 51 12 14 0 0.00 0.0 0 16.2 36 320 M M 0 45 330
25 60 28 44 5 21 0 0.00 0.0 0 6.8 22 80 M M 0 28 80
26 71 32 52 13 13 0 0.00 0.0 0 8.2 24 300 M M 0 37 280
27 72 31 52 12 13 0 0.00 0.0 0 7.1 15 250 M M 0 17 240
28 72 40 56 16 9 0 0.00 0.0 0 9.3 30 270 M M 0 36 280
29 49 29 39 -1 26 0 0.01 T 0 18.0 38 20 M M 9 56 20
30 54 26 40 0 25 0 T T T 6.2 24 20 M M 3 30 30
31 54 28 41 1 24 0 0.00 0.0 0 7.7 25 20 M M 3 32 10
================================================================================
SM 1504 675 919 0 0.85 11.9 276.8 M 82
================================================================================
AV 48.5 21.8 8.9 FASTST M M 3 MAX(MPH)
MISC ----> # 38 270 56 20
================================================================================
NOTES:
# LAST OF SEVERAL OCCURRENCES
COLUMN 17 PEAK WIND IN M.P.H.
PRELIMINARY LOCAL CLIMATOLOGICAL DATA (WS FORM: F-6) , PAGE 2
STATION: RIVERTON WY
MONTH: MARCH
YEAR: 2022
LATITUDE: 43 2 N
LONGITUDE: 108 27 W
[TEMPERATURE DATA] [PRECIPITATION DATA] SYMBOLS USED IN COLUMN 16
AVERAGE MONTHLY: 35.1 TOTAL FOR MONTH: 0.85 1 = FOG OR MIST
DPTR FM NORMAL: -0.5 DPTR FM NORMAL: 0.20 2 = FOG REDUCING VISIBILITY
HIGHEST: 72 ON 27,28 GRTST 24HR 0.33 ON 8- 9 TO 1/4 MILE OR LESS
LOWEST: -13 ON 10 3 = THUNDER
SNOW, ICE PELLETS, HAIL 4 = ICE PELLETS
TOTAL MONTH: 11.9 INCHES 5 = HAIL
GRTST 24HR 2.7 ON 16-16 6 = FREEZING RAIN OR DRIZZLE
GRTST DEPTH: 5 ON 10, 9 7 = DUSTSTORM OR SANDSTORM:
VSBY 1/2 MILE OR LESS
8 = SMOKE OR HAZE
[NO. OF DAYS WITH] [WEATHER - DAYS WITH] 9 = BLOWING SNOW
X = TORNADO
MAX 32 OR BELOW: 7 0.01 INCH OR MORE: 8
MAX 90 OR ABOVE: 0 0.10 INCH OR MORE: 5
MIN 32 OR BELOW: 28 0.50 INCH OR MORE: 0
MIN 0 OR BELOW: 4 1.00 INCH OR MORE: 0
[HDD (BASE 65) ]
TOTAL THIS MO. 919 CLEAR (SCALE 0-3) 22
DPTR FM NORMAL 7 PTCLDY (SCALE 4-7) 5
TOTAL FM JUL 1 5959 CLOUDY (SCALE 8-10) 4
DPTR FM NORMAL -831
[CDD (BASE 65) ]
TOTAL THIS MO. 0
DPTR FM NORMAL 0 [PRESSURE DATA]
TOTAL FM JAN 1 0 HIGHEST SLP 30.44 ON 6
DPTR FM NORMAL 0 LOWEST SLP 29.46 ON 29
[REMARKS]
#FINAL-03-22#