000
CXUS55 KRIW 011110
CF6RIW
PRELIMINARY LOCAL CLIMATOLOGICAL DATA (WS FORM: F-6)
STATION: RIVERTON WY
MONTH: FEBRUARY
YEAR: 2024
LATITUDE: 43 2 N
LONGITUDE: 108 27 W
TEMPERATURE IN F: :PCPN: SNOW: WIND :SUNSHINE: SKY :PK WND
================================================================================
1 2 3 4 5 6A 6B 7 8 9 10 11 12 13 14 15 16 17 18
12Z AVG MX 2MIN
DY MAX MIN AVG DEP HDD CDD WTR SNW DPTH SPD SPD DIR MIN PSBL S-S WX SPD DR
================================================================================
1 42 17 30 10 35 0 0.00 0.0 T 3.3 9 260 M M 0 12 9 260
2 42 25 34 14 31 0 0.00 0.0 0 5.0 10 300 M M 3 12 290
3 36 30 33 12 32 0 0.50 2.5 3 7.9 15 360 M M 10 1 21 360
4 37 18 28 7 37 0 0.17 2.0 4 4.9 13 10 M M 6 12 17 360
5 35 17 26 5 39 0 0.00 0.0 3 6.9 14 250 M M 3 12 22 230
6 40 21 31 10 34 0 0.00 0.0 3 5.1 15 200 M M 1 21 200
7 44 26 35 14 30 0 0.08 0.4 2 6.1 16 360 M M 2 1 21 330
8 40 22 31 9 34 0 T T 2 10.0 20 270 M M 3 12 25 270
9 33 18 26 4 39 0 0.00 0.0 2 8.0 15 320 M M 4 19 320
10 29 14 22 0 43 0 0.12 1.6 3 5.5 15 50 M M 8 1 19 40
11 30 8 19 -3 46 0 0.00 0.0 3 5.1 15 270 M M 2 21 270
12 36 17 27 5 38 0 0.00 0.0 3 5.8 23 310 M M 1 30 310
13 39 16 28 5 37 0 0.00 0.0 2 6.0 15 280 M M 0 18 290
14 34 16 25 2 40 0 0.00 0.0 2 5.4 12 80 M M 0 15 90
15 28 17 23 0 42 0 T T 1 9.0 20 10 M M 5 26 10
16 18 -2 8 -16 57 0 0.11 1.7 1 9.1 20 50 M M 8 128 25 40
17 18 -9 5 -19 60 0 0.00 0.0 3 3.0 9 320 M M 0 1 10 270
18 24 -2 11 -13 54 0 0.00 0.0 3 3.7 9 200 M M 2 11 200
19 39 15 27 2 38 0 0.00 0.0 3 6.5 15 320 M M 1 18 330
20 50 21 36 11 29 0 0.00 0.0 3 5.4 14 320 M M 0 16 330
21 35 28 32 6 33 0 0.01 M M 4.8 10 90 M M 6 1 M M
22 45 27 36 10 29 0 0.00 0.0 M 9.8 35 310 M M 2 12 46 300
23 45 29 37 11 28 0 0.00 0.0 T 19.2 32 280 M M 0 43 290
24 50 23 37 10 28 0 0.00 0.0 M 10.5 29 280 M M 0 37 290
25 50 27 39 12 26 0 0.00 0.0 T 5.7 18 240 M M 0 25 240
26 50 25 38 10 27 0 0.03 0.4 T 12.2 26 10 M M 1 1 35 20
27 25 11 18 -10 47 0 0.07 0.8 1 9.1 23 30 M M 6 12 32 30
28 38 11 25 -4 40 0 0.00 0.0 T 10.5 21 210 M M 0 28 240
29 48 26 37 8 28 0 0.00 0.0 T 6.4 14 270 M M 0 M M
================================================================================
SM 1080 512 1081 0 1.09 9.4 209.9 M 74
================================================================================
AV 37.2 17.7 7.2 FASTST M M 3 MAX(MPH)
MISC ----> 35 310 46 300
================================================================================
NOTES:
# LAST OF SEVERAL OCCURRENCES
COLUMN 17 PEAK WIND IN M.P.H.
PRELIMINARY LOCAL CLIMATOLOGICAL DATA (WS FORM: F-6) , PAGE 2
STATION: RIVERTON WY
MONTH: FEBRUARY
YEAR: 2024
LATITUDE: 43 2 N
LONGITUDE: 108 27 W
[TEMPERATURE DATA] [PRECIPITATION DATA] SYMBOLS USED IN COLUMN 16
AVERAGE MONTHLY: 27.4 TOTAL FOR MONTH: 1.09 1 = FOG OR MIST
DPTR FM NORMAL: 3.7 DPTR FM NORMAL: 0.69 2 = FOG REDUCING VISIBILITY
HIGHEST: 50 ON 26,25 GRTST 24HR 0.67 ON 3- 4 TO 1/4 MILE OR LESS
LOWEST: -9 ON 17 3 = THUNDER
SNOW, ICE PELLETS, HAIL 4 = ICE PELLETS
TOTAL MONTH: 9.4 INCHES 5 = HAIL
GRTST 24HR 2.5 ON 3- 3 6 = FREEZING RAIN OR DRIZZLE
GRTST DEPTH: 4 ON 4 7 = DUSTSTORM OR SANDSTORM:
VSBY 1/2 MILE OR LESS
8 = SMOKE OR HAZE
[NO. OF DAYS WITH] [WEATHER - DAYS WITH] 9 = BLOWING SNOW
X = TORNADO
MAX 32 OR BELOW: 7 0.01 INCH OR MORE: 8
MAX 90 OR ABOVE: 0 0.10 INCH OR MORE: 4
MIN 32 OR BELOW: 29 0.50 INCH OR MORE: 1
MIN 0 OR BELOW: 3 1.00 INCH OR MORE: 0
[HDD (BASE 65) ]
TOTAL THIS MO. 1081 CLEAR (SCALE 0-3) 21
DPTR FM NORMAL -75 PTCLDY (SCALE 4-7) 7
TOTAL FM JUL 1 5584 CLOUDY (SCALE 8-10) 1
DPTR FM NORMAL -366
[CDD (BASE 65) ]
TOTAL THIS MO. 0
DPTR FM NORMAL 0 [PRESSURE DATA]
TOTAL FM JAN 1 0 HIGHEST SLP 30.66 ON 17
DPTR FM NORMAL 0 LOWEST SLP 29.31 ON 26
[REMARKS]
#FINAL-02-24#