000
CXUS55 KRIW 022246
CF6RIW
PRELIMINARY LOCAL CLIMATOLOGICAL DATA (WS FORM: F-6)
STATION: RIVERTON WY
MONTH: OCTOBER
YEAR: 2021
LATITUDE: 43 2 N
LONGITUDE: 108 27 W
TEMPERATURE IN F: :PCPN: SNOW: WIND :SUNSHINE: SKY :PK WND
================================================================================
1 2 3 4 5 6A 6B 7 8 9 10 11 12 13 14 15 16 17 18
12Z AVG MX 2MIN
DY MAX MIN AVG DEP HDD CDD WTR SNW DPTH SPD SPD DIR MIN PSBL S-S WX SPD DR
================================================================================
1 68 33 51 -1 14 0 0.00 0.0 0 5.7 13 310 M M 0 16 80
2 71 34 53 1 12 0 0.00 0.0 0 6.4 15 300 M M 1 19 290
3 73 41 57 6 8 0 0.00 0.0 0 8.2 21 280 M M 0 23 280
4 78 42 60 10 5 0 0.00 0.0 0 6.6 16 230 M M 0 21 230
5 76 43 60 10 5 0 0.00 0.0 0 7.0 14 230 M M 1 18 60
6 71 47 59 10 6 0 T 0.0 0 12.4 26 190 M M 6 36 190
7 70 42 56 7 9 0 T 0.0 0 8.0 26 310 M M 2 35 310
8 61 42 52 4 13 0 0.02 0.0 0 5.5 21 300 M M 5 26 300
9 52 39 46 -2 19 0 0.13 0.0 0 8.1 18 10 M M 7 1 23 360
10 63 37 50 2 15 0 0.00 0.0 0 13.1 28 290 M M 1 38 280
11 52 28 40 -7 25 0 0.06 0.3 T 15.8 29 20 M M 9 1 38 40
12 31 26 29 -17 36 0 0.21 2.3 1 14.9 24 360 M M 10 1 33 360
13 39 20 30 -16 35 0 0.00 0.0 2 6.5 14 280 M M 5 1 17 290
14 46 28 37 -9 28 0 0.00 0.0 T 11.3 31 300 M M 5 43 300
15 51 26 39 -6 26 0 0.00 0.0 0 12.5 26 270 M M 0 33 290
16 61 28 45 0 20 0 0.00 0.0 0 6.0 24 280 M M 0 31 300
17 64 29 47 3 18 0 0.00 0.0 0 4.5 13 220 M M 0 17 210
18 64 32 48 4 17 0 0.09 0.0 0 6.2 28 160 M M 2 42 170
19 46 37 42 -1 23 0 0.78 0.0 0 7.4 23 340 M M 10 1 30 340
20 52 36 44 1 21 0 0.00 0.0 0 3.4 10 240 M M 5 12 12 240
21 61 37 49 7 16 0 0.00 0.0 0 5.3 14 290 M M 1 16 290
22 63 36 50 8 15 0 0.00 0.0 0 5.3 13 50 M M 0 8 17 50
23 54 37 46 4 19 0 T 0.0 0 7.7 22 280 M M 5 29 280
24 55 33 44 3 21 0 0.00 0.0 0 7.9 22 190 M M 3 29 190
25 69 39 54 13 11 0 0.00 0.0 0 11.6 33 170 M M 1 44 150
26 55 32 44 4 21 0 0.40 0.0 0 12.2 24 360 M M 6 1 35 10
27 53 31 42 2 23 0 0.00 0.0 0 12.0 33 310 M M 5 45 300
28 57 29 43 4 22 0 0.00 0.0 0 6.9 17 280 M M 0 22 290
29 62 36 49 10 16 0 0.00 0.0 0 7.1 14 260 M M 0 17 250
30 50 34 42 4 23 0 0.00 0.0 0 12.2 23 70 M M 5 33 60
31 36 30 33 -5 32 0 T T 0 9.5 17 70 M M 10 1 23 70
================================================================================
SM 1804 1064 574 0 1.69 2.6 267.2 M 105
================================================================================
AV 58.2 34.3 8.6 FASTST M M 3 MAX(MPH)
MISC ----> # 33 170 45 300
================================================================================
NOTES:
# LAST OF SEVERAL OCCURRENCES
COLUMN 17 PEAK WIND IN M.P.H.
PRELIMINARY LOCAL CLIMATOLOGICAL DATA (WS FORM: F-6) , PAGE 2
STATION: RIVERTON WY
MONTH: OCTOBER
YEAR: 2021
LATITUDE: 43 2 N
LONGITUDE: 108 27 W
[TEMPERATURE DATA] [PRECIPITATION DATA] SYMBOLS USED IN COLUMN 16
AVERAGE MONTHLY: 46.3 TOTAL FOR MONTH: 1.69 1 = FOG OR MIST
DPTR FM NORMAL: 1.6 DPTR FM NORMAL: 0.86 2 = FOG REDUCING VISIBILITY
HIGHEST: 78 ON 4 GRTST 24HR 0.87 ON 18-19 TO 1/4 MILE OR LESS
LOWEST: 20 ON 13 3 = THUNDER
SNOW, ICE PELLETS, HAIL 4 = ICE PELLETS
TOTAL MONTH: 2.6 INCHES 5 = HAIL
GRTST 24HR 2.3 ON 12-12 6 = FREEZING RAIN OR DRIZZLE
GRTST DEPTH: 2 ON 13 7 = DUSTSTORM OR SANDSTORM:
VSBY 1/2 MILE OR LESS
8 = SMOKE OR HAZE
[NO. OF DAYS WITH] [WEATHER - DAYS WITH] 9 = BLOWING SNOW
X = TORNADO
MAX 32 OR BELOW: 1 0.01 INCH OR MORE: 7
MAX 90 OR ABOVE: 0 0.10 INCH OR MORE: 4
MIN 32 OR BELOW: 12 0.50 INCH OR MORE: 1
MIN 0 OR BELOW: 0 1.00 INCH OR MORE: 0
[HDD (BASE 65) ]
TOTAL THIS MO. 574 CLEAR (SCALE 0-3) 16
DPTR FM NORMAL -54 PTCLDY (SCALE 4-7) 11
TOTAL FM JUL 1 721 CLOUDY (SCALE 8-10) 4
DPTR FM NORMAL -150
[CDD (BASE 65) ]
TOTAL THIS MO. 0
DPTR FM NORMAL 0 [PRESSURE DATA]
TOTAL FM JAN 1 707 HIGHEST SLP 30.39 ON 16
DPTR FM NORMAL 208 LOWEST SLP 29.31 ON 25
[REMARKS]
#FINAL-10-21#