000
CXUS54 KCRP 011532
CF6RKP
PRELIMINARY LOCAL CLIMATOLOGICAL DATA (WS FORM: F-6)
STATION: ROCKPORT
MONTH: DECEMBER
YEAR: 2022
LATITUDE: 28 4 N
LONGITUDE: 97 3 W
TEMPERATURE IN F: :PCPN: SNOW: WIND :SUNSHINE: SKY :PK WND
================================================================================
1 2 3 4 5 6A 6B 7 8 9 10 11 12 13 14 15 16 17 18
12Z AVG MX 2MIN
DY MAX MIN AVG DEP HDD CDD WTR SNW DPTH SPD SPD DIR MIN PSBL S-S WX SPD DR
================================================================================
1 66 47 57 -5 8 0 T 0.0 0 12.6 18 70 M M 8 34 70
2 69 60 65 3 0 0 T 0.0 0 1.8 12 190 M M 10 1 21 220
3 78 58 68 6 0 3 0.00 0.0 0 5.9 15 20 M M 9 1 22 10
4 67 55 61 -1 4 0 0.00 0.0 0 7.3 13 10 M M 9 1 19 10
5 78 64 71 10 0 6 0.00 0.0 0 7.4 15 180 M M 5 1 26 170
6 78 68 73 12 0 8 0.00 0.0 0 8.6 14 150 M M 5 24 150
7 80 63 72 11 0 7 0.00 0.0 0 7.7 14 170 M M 1 1 21 150
8 80 68 74 13 0 9 0.00 0.0 0 7.7 13 150 M M 6 1 18 160
9 77 68 73 13 0 8 0.03 0.0 M 5.1 12 140 M M 7 1 16 140
10 79 67 73 13 0 8 T 0.0 M 8.5 14 140 M M 3 20 130
11 77 69 73 13 0 8 0.00 0.0 0 5.2 13 80 M M 7 16 80
12 77 67 72 12 0 7 0.07 0.0 0 10.3 17 150 M M 7 1 25 170
13 78 70 74 14 0 9 0.00 0.0 0 10.8 21 180 M M 2 36 190
14 74 57 66 7 0 1 0.00 0.0 0 12.1 25 340 M M 4 36 360
15 68 49 59 0 6 0 0.00 0.0 0 9.4 17 30 M M 0 23 30
16 75 47 61 2 4 0 0.01 0.0 0 9.8 26 10 M M 3 45 20
17 53 47 50 -9 15 0 T 0.0 0 12.7 26 20 M M 10 46 20
18 56 48 52 -7 13 0 0.00 0.0 0 13.0 20 60 M M 10 35 70
19 60 47 54 -4 11 0 0.35 0.0 0 11.6 22 340 M M 10 3 29 330
20 59 49 54 -4 11 0 0.00 0.0 0 11.8 18 330 M M 10 24 340
21 54 44 49 -9 16 0 0.00 0.0 0 5.1 13 360 M M 7 19 360
22 69 25 47 -11 18 0 0.00 0.0 0 11.3 37 360 M M 8 57 10
23 35 20 28 -30 37 0 0.00 0.0 0 18.0 32 360 M M 5 51 360
24 40 24 32 -26 33 0 0.00 0.0 0 9.6 17 350 M M 6 23 350
25 48 26 37 -21 28 0 0.00 0.0 0 5.7 12 100 M M 0 17 20
26 60 28 44 -13 21 0 0.00 0.0 0 3.8 9 330 M M 3 11 200
27 M M M M M M 0.00 0.0 0 M M M M M M M M
28 72 41 57 0 8 0 0.00 0.0 0 6.6 17 170 M M 1 1 31 170
29 71 61 66 9 0 1 T 0.0 0 6.9 14 150 M M 7 18 22 150
30 71 51 61 4 4 0 0.00 0.0 0 5.9 17 70 M M 1 128 23 70
31 74 46 60 3 5 0 0.00 0.0 0 4.7 13 130 M M 4 128 19 200
================================================================================
SM 2023 1534 242 75 0.46 0.0 256.9 M 168
================================================================================
AV 67.4 51.1 8.6 FASTST M M 6 MAX(MPH)
MISC ----> 37 360 57 10
================================================================================
NOTES:
# LAST OF SEVERAL OCCURRENCES
COLUMN 17 PEAK WIND IN M.P.H.
PRELIMINARY LOCAL CLIMATOLOGICAL DATA (WS FORM: F-6) , PAGE 2
STATION: ROCKPORT
MONTH: DECEMBER
YEAR: 2022
LATITUDE: 28 4 N
LONGITUDE: 97 3 W
[TEMPERATURE DATA] [PRECIPITATION DATA] SYMBOLS USED IN COLUMN 16
AVERAGE MONTHLY: 59.3 TOTAL FOR MONTH: 0.46 1 = FOG OR MIST
DPTR FM NORMAL: 0.1 DPTR FM NORMAL: -1.20 2 = FOG REDUCING VISIBILITY
HIGHEST: 80 ON 8, 7 GRTST 24HR 0.35 ON 19-19 TO 1/4 MILE OR LESS
LOWEST: 20 ON 23 3 = THUNDER
SNOW, ICE PELLETS, HAIL 4 = ICE PELLETS
TOTAL MONTH: 0.0 INCH 5 = HAIL
GRTST 24HR 0.0 6 = FREEZING RAIN OR DRIZZLE
GRTST DEPTH: 0 7 = DUSTSTORM OR SANDSTORM:
VSBY 1/2 MILE OR LESS
8 = SMOKE OR HAZE
[NO. OF DAYS WITH] [WEATHER - DAYS WITH] 9 = BLOWING SNOW
X = TORNADO
MAX 32 OR BELOW: 0 0.01 INCH OR MORE: 4
MAX 90 OR ABOVE: 0 0.10 INCH OR MORE: 1
MIN 32 OR BELOW: 5 0.50 INCH OR MORE: 0
MIN 0 OR BELOW: 0 1.00 INCH OR MORE: 0
[HDD (BASE 65) ]
TOTAL THIS MO. 242 CLEAR (SCALE 0-3) 7
DPTR FM NORMAL 17 PTCLDY (SCALE 4-7) 15
TOTAL FM JUL 1 429 CLOUDY (SCALE 8-10) 9
DPTR FM NORMAL 109
[CDD (BASE 65) ]
TOTAL THIS MO. 75
DPTR FM NORMAL 30 [PRESSURE DATA]
TOTAL FM JAN 1 4170 HIGHEST SLP 30.74 ON 23
DPTR FM NORMAL 396 LOWEST SLP 29.64 ON 13
[REMARKS]
#FINAL-12-22#