000
CXUS55 KRIW 011010
CF6RKS
PRELIMINARY LOCAL CLIMATOLOGICAL DATA (WS FORM: F-6)
STATION: ROCK SPRINGS WY
MONTH: AUGUST
YEAR: 2022
LATITUDE: 41 35 N
LONGITUDE: 109 4 W
TEMPERATURE IN F: :PCPN: SNOW: WIND :SUNSHINE: SKY :PK WND
================================================================================
1 2 3 4 5 6A 6B 7 8 9 10 11 12 13 14 15 16 17 18
12Z AVG MX 2MIN
DY MAX MIN AVG DEP HDD CDD WTR SNW DPTH SPD SPD DIR MIN PSBL S-S WX SPD DR
================================================================================
1 91 62 77 7 0 12 0.00 M M 8.2 24 200 M M 0 31 200
2 77 59 68 -2 0 3 T M M 13.7 30 250 M M 6 38 250
3 85 54 70 0 0 5 0.00 M M 8.9 24 270 M M 1 30 250
4 91 57 74 4 0 9 T M M 8.5 32 220 M M 1 43 210
5 87 58 73 3 0 8 0.13 M M 8.9 26 270 M M 5 13 37 240
6 85 56 71 1 0 6 0.19 M M 8.9 35 270 M M 4 13 42 290
7 80 52 66 -4 0 1 0.00 M M 7.5 20 260 M M 2 26 280
8 84 51 68 -1 0 3 0.00 M M 8.4 20 260 M M 0 29 270
9 91 55 73 4 0 8 0.00 M M 6.2 16 80 M M 0 21 80
10 93 59 76 7 0 11 0.00 M M 5.8 14 250 M M 0 20 250
11 89 63 76 7 0 11 0.02 M M 11.4 32 250 M M 2 3 44 250
12 84 60 72 3 0 7 T M M 7.1 24 160 M M 3 31 130
13 83 55 69 1 0 4 0.26 M M 6.7 24 140 M M 3 3 32 150
14 66 56 61 -7 4 0 0.16 M M 6.8 21 360 M M 7 1 28 10
15 82 51 67 -1 0 2 0.00 M M 6.7 20 30 M M 0 25 60
16 86 54 70 2 0 5 0.00 M M 9.8 21 70 M M 1 27 70
17 88 54 71 4 0 6 0.00 M M 6.7 26 30 M M 1 33 30
18 88 57 73 6 0 8 0.00 M M 8.0 18 90 M M 0 26 60
19 86 56 71 4 0 6 0.16 M M 11.3 30 180 M M 4 3 39 180
20 76 51 64 -2 1 0 0.00 M M 7.5 20 80 M M 5 3 28 60
21 81 53 67 1 0 2 0.00 M M 6.2 18 160 M M 3 3 23 150
22 84 53 69 3 0 4 0.00 M M 6.0 23 300 M M 1 31 300
23 86 59 73 7 0 8 0.00 M M 6.6 20 320 M M 1 27 330
24 87 54 71 6 0 6 0.00 M M 9.4 28 40 M M 1 38 40
25 83 54 69 4 0 4 0.00 M M 6.1 18 270 M M 2 26 300
26 83 54 69 4 0 4 0.01 M M 8.6 29 220 M M 2 3 44 210
27 85 50 68 4 0 3 0.00 M M 13.0 35 270 M M 0 47 270
28 82 53 68 4 0 3 0.00 M M 15.4 35 270 M M 0 8 50 260
29 84 50 67 3 0 2 0.00 M M 6.4 17 310 M M 0 23 310
30 88 54 71 8 0 6 0.00 M M 6.7 17 280 M M 0 29 300
31 89 56 73 10 0 8 0.00 M M 3.7 15 300 M M 0 22 270
================================================================================
SM 2624 1710 5 165 0.93 M 255.1 M 55
================================================================================
AV 84.6 55.2 8.2 FASTST M M 2 MAX(MPH)
MISC ----> # 35 270 50 260
================================================================================
NOTES:
# LAST OF SEVERAL OCCURRENCES
COLUMN 17 PEAK WIND IN M.P.H.
PRELIMINARY LOCAL CLIMATOLOGICAL DATA (WS FORM: F-6) , PAGE 2
STATION: ROCK SPRINGS WY
MONTH: AUGUST
YEAR: 2022
LATITUDE: 41 35 N
LONGITUDE: 109 4 W
[TEMPERATURE DATA] [PRECIPITATION DATA] SYMBOLS USED IN COLUMN 16
AVERAGE MONTHLY: 69.9 TOTAL FOR MONTH: 0.93 1 = FOG OR MIST
DPTR FM NORMAL: 2.6 DPTR FM NORMAL: 0.37 2 = FOG REDUCING VISIBILITY
HIGHEST: 93 ON 10 GRTST 24HR 0.40 ON 13-14 TO 1/4 MILE OR LESS
LOWEST: 50 ON 29,27 3 = THUNDER
SNOW, ICE PELLETS, HAIL 4 = ICE PELLETS
TOTAL MONTH: M 5 = HAIL
GRTST 24HR M ON M 6 = FREEZING RAIN OR DRIZZLE
GRTST DEPTH: M ON M 7 = DUSTSTORM OR SANDSTORM:
VSBY 1/2 MILE OR LESS
8 = SMOKE OR HAZE
[NO. OF DAYS WITH] [WEATHER - DAYS WITH] 9 = BLOWING SNOW
X = TORNADO
MAX 32 OR BELOW: 0 0.01 INCH OR MORE: 7
MAX 90 OR ABOVE: 4 0.10 INCH OR MORE: 5
MIN 32 OR BELOW: 0 0.50 INCH OR MORE: 0
MIN 0 OR BELOW: 0 1.00 INCH OR MORE: 0
[HDD (BASE 65) ]
TOTAL THIS MO. 5 CLEAR (SCALE 0-3) 25
DPTR FM NORMAL -33 PTCLDY (SCALE 4-7) 6
TOTAL FM JUL 1 5 CLOUDY (SCALE 8-10) 0
DPTR FM NORMAL -51
[CDD (BASE 65) ]
TOTAL THIS MO. 165
DPTR FM NORMAL 56 [PRESSURE DATA]
TOTAL FM JAN 1 469 HIGHEST SLP 30.21 ON 7
DPTR FM NORMAL 160 LOWEST SLP 29.70 ON 27
[REMARKS]
#FINAL-08-22#