000
CXUS51 KRNK 010553
CF6RNK
PRELIMINARY LOCAL CLIMATOLOGICAL DATA (WS FORM: F-6)
STATION: BLACKSBURG VA
MONTH: DECEMBER
YEAR: 2022
LATITUDE: 37 13 N
LONGITUDE: 80 25 W
TEMPERATURE IN F: :PCPN: SNOW: WIND :SUNSHINE: SKY :PK WND
================================================================================
1 2 3 4 5 6A 6B 7 8 9 10 11 12 13 14 15 16 17 18
12Z AVG MX 2MIN
DY MAX MIN AVG DEP HDD CDD WTR SNW DPTH SPD SPD DIR MIN PSBL S-S WX SPD DR
================================================================================
1 43 22 33 -5 32 0 0.00 0.0 0 5.3 21 300 M M 0 26 300
2 54 20 37 -1 28 0 0.01 0.0 0 2.6 8 170 M M 4 M M
3 57 38 48 10 17 0 0.39 0.0 0 4.6 18 310 M M 8 1 32 310
4 46 23 35 -2 30 0 0.00 0.0 0 1.6 7 290 M M 0 M M
5 41 20 31 -6 34 0 0.03 0.0 0 2.5 8 100 M M 3 M M
6 45 35 40 3 25 0 0.54 0.0 0 1.4 8 100 M M 10 13 M M
7 61 44 53 16 12 0 0.33 0.0 0 0.6 6 290 M M 9 12 M M
8 57 43 50 14 15 0 0.23 0.0 0 3.0 9 110 M M 8 12 M M
9 46 40 43 7 22 0 0.12 0.0 0 5.4 9 100 M M 10 1 M M
10 41 37 39 3 26 0 0.05 0.0 0 5.9 8 110 M M 10 1 M M
11 46 34 40 4 25 0 T 0.0 0 2.2 8 320 M M 9 1 M M
12 47 26 37 1 28 0 0.00 0.0 0 1.6 7 340 M M 2 1 M M
13 38 26 32 -4 33 0 0.00 0.0 0 1.3 7 110 M M 10 M M
14 43 32 38 3 27 0 0.28 0.0 0 3.2 10 90 M M 9 1 M M
15 34 30 32 -3 33 0 0.55 T 0 4.0 13 100 M M 10 146 17 90
16 44 32 38 3 27 0 T 0.0 0 3.5 12 290 M M 7 16 290
17 43 28 36 1 29 0 0.00 0.0 0 4.0 10 260 M M 6 23 260
18 34 23 29 -6 36 0 T T 0 8.1 18 310 M M 7 26 310
19 39 20 30 -4 35 0 0.00 0.0 0 3.7 9 280 M M 1 18 280
20 45 20 33 -1 32 0 0.00 0.0 0 1.0 6 120 M M 8 M M
21 43 22 33 -1 32 0 0.00 0.0 0 3.4 9 90 M M 5 M M
22 37 30 34 0 31 0 0.66 0.0 0 3.4 9 80 M M 10 16 M M
23 40 -2 19 -15 46 0 0.13 0.1 T M M M M M M 1 M M
24 17 -4 7 -27 58 0 T T 0 M M M M M M M M
25 28 8 18 -16 47 0 T T 0 5.0 10 260 M M 2 16 260
26 29 12 21 -12 44 0 0.00 0.0 0 2.3 8 300 M M 5 M M
27 44 19 32 -1 33 0 0.00 0.0 0 1.2 5 190 M M 3 M M
28 52 17 35 2 30 0 0.00 0.0 0 0.7 6 210 M M 0 M M
29 61 19 40 7 25 0 0.00 0.0 0 1.0 6 120 M M 0 M M
30 64 26 45 12 20 0 0.01 0.0 0 1.1 9 170 M M 4 1 17 210
31 54 44 49 16 16 0 0.24 0.0 0 0.7 5 310 M M 10 12 M M
================================================================================
SM 1373 784 928 0 3.57 0.1 84.3 M 170
================================================================================
AV 44.3 25.3 2.9 FASTST M M 6 MAX(MPH)
MISC ----> 21 300 32 310
================================================================================
NOTES:
# LAST OF SEVERAL OCCURRENCES
COLUMN 17 PEAK WIND IN M.P.H.
PRELIMINARY LOCAL CLIMATOLOGICAL DATA (WS FORM: F-6) , PAGE 2
STATION: BLACKSBURG VA
MONTH: DECEMBER
YEAR: 2022
LATITUDE: 37 13 N
LONGITUDE: 80 25 W
[TEMPERATURE DATA] [PRECIPITATION DATA] SYMBOLS USED IN COLUMN 16
AVERAGE MONTHLY: 34.8 TOTAL FOR MONTH: 3.57 1 = FOG OR MIST
DPTR FM NORMAL: -0.3 DPTR FM NORMAL: 0.27 2 = FOG REDUCING VISIBILITY
HIGHEST: 64 ON 30 GRTST 24HR 0.66 ON 22-22 TO 1/4 MILE OR LESS
LOWEST: -4 ON 24 3 = THUNDER
SNOW, ICE PELLETS, HAIL 4 = ICE PELLETS
TOTAL MONTH: 0.1 INCH 5 = HAIL
GRTST 24HR 0.1 ON 23-23 6 = FREEZING RAIN OR DRIZZLE
GRTST DEPTH: T 7 = DUSTSTORM OR SANDSTORM:
VSBY 1/2 MILE OR LESS
8 = SMOKE OR HAZE
[NO. OF DAYS WITH] [WEATHER - DAYS WITH] 9 = BLOWING SNOW
X = TORNADO
MAX 32 OR BELOW: 3 0.01 INCH OR MORE: 14
MAX 90 OR ABOVE: 0 0.10 INCH OR MORE: 10
MIN 32 OR BELOW: 23 0.50 INCH OR MORE: 3
MIN 0 OR BELOW: 2 1.00 INCH OR MORE: 0
[HDD (BASE 65) ]
TOTAL THIS MO. 928 CLEAR (SCALE 0-3) 9
DPTR FM NORMAL 1 PTCLDY (SCALE 4-7) 9
TOTAL FM JUL 1 1990 CLOUDY (SCALE 8-10) 13
DPTR FM NORMAL -79
[CDD (BASE 65) ]
TOTAL THIS MO. 0
DPTR FM NORMAL 0 [PRESSURE DATA]
TOTAL FM JAN 1 809 HIGHEST SLP M ON M
DPTR FM NORMAL 191 LOWEST SLP M ON M
[REMARKS]
#FINAL-12-22#