000
CXUS51 KRNK 011908
CF6RNK
PRELIMINARY LOCAL CLIMATOLOGICAL DATA (WS FORM: F-6)
STATION: BLACKSBURG VA
MONTH: AUGUST
YEAR: 2020
LATITUDE: 37 13 N
LONGITUDE: 80 25 W
TEMPERATURE IN F: :PCPN: SNOW: WIND :SUNSHINE: SKY :PK WND
================================================================================
1 2 3 4 5 6A 6B 7 8 9 10 11 12 13 14 15 16 17 18
12Z AVG MX 2MIN
DY MAX MIN AVG DEP HDD CDD WTR SNW DPTH SPD SPD DIR MIN PSBL S-S WX SPD DR
================================================================================
1 86 67 77 6 0 12 T 0.0 0 2.4 10 210 M M 7 1 18 210
2 84 65 75 4 0 10 0.12 0.0 0 3.7 13 240 M M 5 123 24 240
3 71 66 69 -2 0 4 0.76 0.0 0 1.1 8 110 M M 8 123 M M
4 83 63 73 2 0 8 T 0.0 0 3.2 13 300 M M 6 1 17 310
5 82 59 71 0 0 6 0.61 0.0 0 1.4 10 120 M M 4 13 M M
6 81 64 73 2 0 8 0.26 0.0 0 1.3 8 160 M M 5 13 M M
7 84 64 74 3 0 9 T 0.0 0 0.8 7 90 M M 7 13 M M
8 85 62 74 3 0 9 T 0.0 0 0.9 6 130 M M 5 12 M M
9 85 64 75 4 0 10 0.00 0.0 0 0.4 6 260 M M 3 1 M M
10 86 60 73 2 0 8 0.00 0.0 0 0.8 7 120 M M 1 M M
11 86 65 76 6 0 11 T 0.0 0 1.2 9 190 M M 4 M M
12 82 66 74 4 0 9 0.04 0.0 0 1.6 9 110 M M 4 13 18 120
13 82 66 74 4 0 9 2.87 0.0 0 1.5 9 10 M M 9 13 20 30
14 81 66 74 4 0 9 0.18 0.0 0 2.5 10 80 M M 9 13 M M
15 69 59 64 -6 1 0 1.17 0.0 0 4.6 13 60 M M 10 1 21 90
16 76 58 67 -3 0 2 T 0.0 0 1.1 5 100 M M 8 M M
17 82 59 71 1 0 6 0.03 0.0 0 3.3 12 300 M M 4 12 22 310
18 80 57 69 -1 0 4 T 0.0 0 1.4 5 220 M M 3 M M
19 80 63 72 2 0 7 T 0.0 0 1.2 10 70 M M 6 M M
20 78 59 69 -1 0 4 0.00 0.0 0 3.0 9 110 M M 5 1 M M
21 76 64 70 0 0 5 0.12 0.0 0 2.6 8 80 M M 8 1 M M
22 82 63 73 3 0 8 0.14 0.0 0 1.3 9 150 M M 7 1 16 180
23 83 60 72 2 0 7 0.02 0.0 0 0.7 7 120 M M 5 1 M M
24 82 62 72 2 0 7 0.00 0.0 0 1.0 7 270 M M 4 12 M M
25 84 62 73 4 0 8 0.18 0.0 0 2.8 10 350 M M 3 12 25 350
26 84 61 73 4 0 8 0.00 0.0 0 2.2 8 310 M M 1 1 M M
27 85 64 75 6 0 10 0.00 0.0 0 2.1 7 270 M M 3 12 M M
28 86 67 77 8 0 12 0.09 0.0 0 0.5 5 250 M M 2 1 M M
29 82 67 75 6 0 10 0.20 0.0 0 3.7 9 300 M M 6 1 21 270
30 80 62 71 3 0 6 0.00 0.0 0 2.0 8 310 M M 2 M M
31 69 63 66 -2 0 1 0.89 0.0 0 3.6 10 100 M M 10 1 M M
================================================================================
SM 2516 1947 1 227 7.68 0.0 59.9 M 164
================================================================================
AV 81.2 62.8 1.9 FASTST M M 5 MAX(MPH)
MISC ----> # 13 240 25 350
================================================================================
NOTES:
# LAST OF SEVERAL OCCURRENCES
COLUMN 17 PEAK WIND IN M.P.H.
PRELIMINARY LOCAL CLIMATOLOGICAL DATA (WS FORM: F-6) , PAGE 2
STATION: BLACKSBURG VA
MONTH: AUGUST
YEAR: 2020
LATITUDE: 37 13 N
LONGITUDE: 80 25 W
[TEMPERATURE DATA] [PRECIPITATION DATA] SYMBOLS USED IN COLUMN 16
AVERAGE MONTHLY: 72.0 TOTAL FOR MONTH: 7.68 1 = FOG OR MIST
DPTR FM NORMAL: 2.0 DPTR FM NORMAL: 4.09 2 = FOG REDUCING VISIBILITY
HIGHEST: 86 ON 28,11 GRTST 24HR 2.87 ON 13-13 TO 1/4 MILE OR LESS
LOWEST: 57 ON 18 3 = THUNDER
SNOW, ICE PELLETS, HAIL 4 = ICE PELLETS
TOTAL MONTH: 0.0 INCH 5 = HAIL
GRTST 24HR 0.0 6 = FREEZING RAIN OR DRIZZLE
GRTST DEPTH: 0 7 = DUSTSTORM OR SANDSTORM:
VSBY 1/2 MILE OR LESS
8 = SMOKE OR HAZE
[NO. OF DAYS WITH] [WEATHER - DAYS WITH] 9 = BLOWING SNOW
X = TORNADO
MAX 32 OR BELOW: 0 0.01 INCH OR MORE: 16
MAX 90 OR ABOVE: 0 0.10 INCH OR MORE: 12
MIN 32 OR BELOW: 0 0.50 INCH OR MORE: 5
MIN 0 OR BELOW: 0 1.00 INCH OR MORE: 2
[HDD (BASE 65) ]
TOTAL THIS MO. 1 CLEAR (SCALE 0-3) 8
DPTR FM NORMAL -11 PTCLDY (SCALE 4-7) 16
TOTAL FM JUL 1 1 CLOUDY (SCALE 8-10) 7
DPTR FM NORMAL -11
[CDD (BASE 65) ]
TOTAL THIS MO. 227
DPTR FM NORMAL 59 [PRESSURE DATA]
TOTAL FM JAN 1 730 HIGHEST SLP M ON M
DPTR FM NORMAL 218 LOWEST SLP M ON M
[REMARKS]
#FINAL-08-20#