000
CXUS51 KRNK 010712
CF6RNK
PRELIMINARY LOCAL CLIMATOLOGICAL DATA (WS FORM: F-6)
STATION: BLACKSBURG VA
MONTH: MAY
YEAR: 2020
LATITUDE: 37 13 N
LONGITUDE: 80 25 W
TEMPERATURE IN F: :PCPN: SNOW: WIND :SUNSHINE: SKY :PK WND
================================================================================
1 2 3 4 5 6A 6B 7 8 9 10 11 12 13 14 15 16 17 18
12Z AVG MX 2MIN
DY MAX MIN AVG DEP HDD CDD WTR SNW DPTH SPD SPD DIR MIN PSBL S-S WX SPD DR
================================================================================
1 54 42 48 -7 17 0 T 0.0 0 7.6 16 300 M M 10 24 290
2 75 41 58 2 7 0 0.00 0.0 0 3.0 8 300 M M 1 M M
3 81 49 65 9 0 0 0.04 0.0 0 3.6 17 300 M M 4 3 30 290
4 72 51 62 6 3 0 0.01 0.0 0 8.2 18 320 M M 2 30 300
5 55 45 50 -6 15 0 0.23 0.0 0 4.6 15 110 M M 9 1 21 110
6 51 38 45 -12 20 0 T 0.0 0 7.8 16 320 M M 8 25 320
7 61 34 48 -9 17 0 0.00 0.0 0 5.8 16 300 M M 0 24 290
8 56 33 45 -12 20 0 0.16 0.0 0 4.7 13 300 M M 6 25 300
9 51 29 40 -17 25 0 T T 0 9.0 20 310 M M 2 29 290
10 63 28 46 -12 19 0 T 0.0 0 3.7 13 190 M M 3 22 180
11 51 39 45 -13 20 0 0.01 0.0 0 9.7 18 300 M M 9 29 300
12 59 35 47 -11 18 0 0.00 0.0 0 6.1 14 310 M M 5 22 300
13 59 36 48 -10 17 0 T 0.0 0 0.7 6 320 M M 9 M M
14 76 49 63 4 2 0 0.01 0.0 0 2.4 13 200 M M 7 20 200
15 80 49 65 6 0 0 0.00 0.0 0 3.0 12 200 M M 1 1 20 190
16 84 51 68 9 0 3 0.00 0.0 0 3.1 12 100 M M 3 8 17 100
17 78 59 69 9 0 4 0.00 0.0 0 7.6 14 90 M M 6 20 90
18 72 56 64 4 1 0 0.21 0.0 0 7.8 16 80 M M 10 1 23 90
19 56 44 50 -10 15 0 1.16 0.0 0 18.1 25 80 M M 10 1 40 80
20 48 40 44 -16 21 0 2.71 0.0 0 9.5 21 90 M M 10 1 30 70
21 55 48 52 -9 13 0 1.39 0.0 0 14.1 23 80 M M 10 1 33 90
22 74 53 64 3 1 0 0.16 0.0 0 0.7 8 210 M M 9 12 M M
23 77 54 66 5 0 1 T 0.0 0 M M M M M M 12 M M
24 84 54 69 7 0 4 0.14 0.0 0 3.2 16 100 M M 6 123 21 100
25 71 60 66 4 0 1 T 0.0 0 4.8 10 100 M M 10 1 M M
26 72 61 67 5 0 2 0.00 0.0 0 3.7 10 100 M M 8 16 100
27 66 61 64 2 1 0 1.08 0.0 0 5.8 16 80 M M 10 1 28 90
28 81 62 72 9 0 7 0.07 0.0 0 4.5 15 120 M M 8 1 23 120
29 79 61 70 7 0 5 T 0.0 0 1.7 9 170 M M 5 1 M M
30 78 59 69 6 0 4 0.00 0.0 0 4.7 13 310 M M 2 18 300
31 73 51 62 -2 3 0 0.00 0.0 0 4.8 13 320 M M 2 18 310
================================================================================
SM 2092 1472 255 31 7.38 T 174.0 M 185
================================================================================
AV 67.5 47.5 5.8 FASTST M M 6 MAX(MPH)
MISC ----> 25 80 40 80
================================================================================
NOTES:
# LAST OF SEVERAL OCCURRENCES
COLUMN 17 PEAK WIND IN M.P.H.
PRELIMINARY LOCAL CLIMATOLOGICAL DATA (WS FORM: F-6) , PAGE 2
STATION: BLACKSBURG VA
MONTH: MAY
YEAR: 2020
LATITUDE: 37 13 N
LONGITUDE: 80 25 W
[TEMPERATURE DATA] [PRECIPITATION DATA] SYMBOLS USED IN COLUMN 16
AVERAGE MONTHLY: 57.5 TOTAL FOR MONTH: 7.38 1 = FOG OR MIST
DPTR FM NORMAL: -1.8 DPTR FM NORMAL: 3.05 2 = FOG REDUCING VISIBILITY
HIGHEST: 84 ON 24,16 GRTST 24HR 2.71 ON 20-20 TO 1/4 MILE OR LESS
LOWEST: 28 ON 10 3 = THUNDER
SNOW, ICE PELLETS, HAIL 4 = ICE PELLETS
TOTAL MONTH: T 5 = HAIL
GRTST 24HR T ON 9- 9 6 = FREEZING RAIN OR DRIZZLE
GRTST DEPTH: 0 7 = DUSTSTORM OR SANDSTORM:
VSBY 1/2 MILE OR LESS
8 = SMOKE OR HAZE
[NO. OF DAYS WITH] [WEATHER - DAYS WITH] 9 = BLOWING SNOW
X = TORNADO
MAX 32 OR BELOW: 0 0.01 INCH OR MORE: 14
MAX 90 OR ABOVE: 0 0.10 INCH OR MORE: 9
MIN 32 OR BELOW: 2 0.50 INCH OR MORE: 4
MIN 0 OR BELOW: 0 1.00 INCH OR MORE: 4
[HDD (BASE 65) ]
TOTAL THIS MO. 255 CLEAR (SCALE 0-3) 9
DPTR FM NORMAL 52 PTCLDY (SCALE 4-7) 10
TOTAL FM JUL 1 4629 CLOUDY (SCALE 8-10) 12
DPTR FM NORMAL -778
[CDD (BASE 65) ]
TOTAL THIS MO. 31
DPTR FM NORMAL 5 [PRESSURE DATA]
TOTAL FM JAN 1 36 HIGHEST SLP M ON M
DPTR FM NORMAL 7 LOWEST SLP M ON M
[REMARKS]
#FINAL-05-20#