000
CXUS51 KRNK 011355 CCA
CLSRNK
CLIMATE REPORT...CORRECTED
NATIONAL WEATHER SERVICE BLACKSBURG VA
832 AM EST SUN DEC 1 2019
...................................
...THE BLACKSBURG VA CLIMATE SUMMARY FOR THE SEASON, FROM
9/1/2019 TO 11/30/2019...
CLIMATE NORMAL PERIOD 1981 TO 2010
CLIMATE RECORD PERIOD 1952 TO 2019
WEATHER OBSERVED NORMAL DEPART LAST YEAR`S
VALUE DATE(S) VALUE FROM VALUE
NORMAL
.............................................................
TEMPERATURE (F)
RECORD
HIGH 96 09/02/1953
LOW 0 11/25/1970
HIGHEST 94 10/03 87
09/11
LOWEST 12 11/13 15
AVG. MAXIMUM 68.4 65.4 3.0 63.4
AVG. MINIMUM 44.2 40.4 3.8 45.5
MEAN 56.3 52.9 3.4 54.4
DAYS MAX >= 90 8 0.3 7.7 MM
DAYS MAX <= 32 0 0.4 -0.4 MM
DAYS MIN <= 32 23 25.2 -2.2 MM
DAYS MIN <= 0 0 0.0 0.0 MM
PRECIPITATION (INCHES)
RECORD
MAXIMUM 17.83 1977
MINIMUM 2.63 1953
TOTALS 11.12 8.75 2.37 16.97
DAILY AVG. 0.12 0.10 0.02 0.19
DAYS >= .01 25 26.6 -1.6 MM
DAYS >= .10 14 16.5 -2.5 MM
DAYS >= .50 10 6.4 3.6 MM
DAYS >= 1.00 3 1.9 1.1 MM
GREATEST
24 HR. TOTAL 1.88 1.86
SNOWFALL (INCHES)
TOTALS T T
DAYS >= TRACE 3 MM
DAYS >= 1.0 0 MM
GREATEST
24 HR TOTAL 0.0 0.0
DEGREE_DAYS
HEATING TOTAL 1020 1162 -142 1144
COOLING TOTAL 251 62 189 208
..............................................................
WIND (MPH)
AVERAGE WIND SPEED 3.1
HIGHEST WIND SPEED/DIRECTION 26/320 DATE 11/12
HIGHEST GUST SPEED/DIRECTION 38/320 DATE 11/12
SKY COVER
AVERAGE SKY COVER 0.40
AVERAGE RH (PERCENT) 73
WEATHER CONDITIONS. NUMBER OF DAYS WITH:
THUNDERSTORM 5 MIXED PRECIP 0
HEAVY RAIN 10 RAIN 16
LIGHT RAIN 34 FREEZING RAIN 0
LIGHT FREEZING RAIN 0 HAIL 0
HEAVY SNOW 0 SNOW 0
LIGHT SNOW 2 SLEET 0
FOG 36 FOG W/VIS <= 1/4 MILE 6
HAZE 0
- INDICATES NEGATIVE NUMBERS.
R INDICATES RECORD WAS SET OR TIED.
MM INDICATES DATA IS MISSING.
T INDICATES TRACE AMOUNT.
$$
RAB