000
CXUS56 KSGX 011245
CF6RNM
PRELIMINARY LOCAL CLIMATOLOGICAL DATA (WS FORM: F-6)
STATION: RAMONA AIRPORT CA
MONTH: MARCH
YEAR: 2020
LATITUDE: 33 2 N
LONGITUDE: 116 55 W
TEMPERATURE IN F: :PCPN: SNOW: WIND :SUNSHINE: SKY :PK WND
================================================================================
1 2 3 4 5 6A 6B 7 8 9 10 11 12 13 14 15 16 17 18
12Z AVG MX 2MIN
DY MAX MIN AVG DEP HDD CDD WTR SNW DPTH SPD SPD DIR MIN PSBL S-S WX SPD DR
================================================================================
1 56 45 51 -1 14 0 0.07 M 0 7.2 15 260 M M 10 18 22 210
2 59 36 48 -4 17 0 T M 0 4.1 18 260 M M 4 1 23 260
3 74 33 54 2 11 0 0.00 0.0 0 5.0 20 250 M M 0 1 25 290
4 72 32 52 0 13 0 0.00 0.0 0 3.5 13 260 M M 0 12 15 270
5 82 36 59 7 6 0 0.00 0.0 0 3.5 15 270 M M 2 12 20 30
6 73 36 55 3 10 0 0.00 0.0 0 4.0 13 280 M M 1 12 16 270
7 63 47 55 3 10 0 0.00 0.0 0 5.0 17 260 M M 8 1 22 270
8 62 40 51 -1 14 0 0.05 M 0 3.3 14 250 M M 6 1 19 270
9 71 36 54 1 11 0 0.09 M 0 4.0 17 190 M M 3 1 24 200
10 65 53 59 6 6 0 0.61 0.0 0 3.5 14 160 M M 9 1 21 170
11 69 47 58 5 7 0 0.00 0.0 0 2.8 14 260 M M 6 12 19 220
12 55 45 50 -3 15 0 1.46 M 0 3.5 17 250 M M 9 12 21 250
13 55 48 52 -1 13 0 0.38 M 0 5.8 14 190 M M 10 1 18 170
14 56 43 50 -3 15 0 0.05 M 0 1.6 10 270 M M 9 12 13 270
15 60 41 51 -2 14 0 0.00 0.0 0 3.6 14 260 M M 9 12 21 250
16 59 47 53 0 12 0 0.15 M 0 5.6 16 210 M M 10 1 22 200
17 58 34 46 -7 19 0 0.13 M 0 4.6 14 270 M M 7 1 17 270
18 53 35 44 -9 21 0 0.43 M 0 4.6 18 310 M M 7 1 21 310
19 56 43 50 -3 15 0 0.33 M 0 4.4 16 220 M M 7 1 20 240
20 60 41 51 -2 14 0 0.00 0.0 0 3.8 14 260 M M 6 1 16 260
21 62 43 53 0 12 0 0.00 0.0 0 3.7 14 260 M M 5 1 17 250
22 67 38 53 0 12 0 0.18 M 0 4.2 15 270 M M 4 12 19 270
23 60 41 51 -2 14 0 0.37 M 0 7.3 18 180 M M 7 1 23 180
24 61 38 50 -3 15 0 0.03 M 0 5.6 14 270 M M 7 12 18 290
25 59 47 53 0 12 0 0.04 M 0 5.8 16 290 M M 8 1 21 290
26 55 41 48 -5 17 0 0.43 M 0 7.7 20 260 M M 8 1 23 280
27 57 35 46 -8 19 0 0.07 M 0 4.6 15 270 M M 2 18 19 240
28 61 31 46 -8 19 0 0.00 0.0 0 3.2 14 290 M M 1 1 17 260
29 62 35 49 -5 16 0 0.00 0.0 0 4.2 16 260 M M 4 12 20 260
30 71 38 55 1 10 0 0.00 0.0 0 4.0 15 260 M M 2 1 19 250
31 73 42 58 4 7 0 0.00 0.0 0 2.2 9 300 M M 0 1 10 300
================================================================================
SM 1946 1247 410 0 4.87 0.0 135.9 M 171
================================================================================
AV 62.8 40.2 4.4 FASTST M M 6 MAX(MPH)
MISC ----> # 20 250 # 25 290
================================================================================
NOTES:
# LAST OF SEVERAL OCCURRENCES
COLUMN 17 PEAK WIND IN M.P.H.
PRELIMINARY LOCAL CLIMATOLOGICAL DATA (WS FORM: F-6) , PAGE 2
STATION: RAMONA AIRPORT CA
MONTH: MARCH
YEAR: 2020
LATITUDE: 33 2 N
LONGITUDE: 116 55 W
[TEMPERATURE DATA] [PRECIPITATION DATA] SYMBOLS USED IN COLUMN 16
AVERAGE MONTHLY: 51.5 TOTAL FOR MONTH: 4.87 1 = FOG OR MIST
DPTR FM NORMAL: -1.4 DPTR FM NORMAL: 1.79 2 = FOG REDUCING VISIBILITY
HIGHEST: 82 ON 5 GRTST 24HR 1.46 ON 12-12 TO 1/4 MILE OR LESS
LOWEST: 31 ON 28 3 = THUNDER
SNOW, ICE PELLETS, HAIL 4 = ICE PELLETS
TOTAL MONTH: 0.0 INCH 5 = HAIL
GRTST 24HR 0.0 6 = FREEZING RAIN OR DRIZZLE
GRTST DEPTH: 0 7 = DUSTSTORM OR SANDSTORM:
VSBY 1/2 MILE OR LESS
8 = SMOKE OR HAZE
[NO. OF DAYS WITH] [WEATHER - DAYS WITH] 9 = BLOWING SNOW
X = TORNADO
MAX 32 OR BELOW: 0 0.01 INCH OR MORE: 17
MAX 90 OR ABOVE: 0 0.10 INCH OR MORE: 10
MIN 32 OR BELOW: 2 0.50 INCH OR MORE: 2
MIN 0 OR BELOW: 0 1.00 INCH OR MORE: 1
[HDD (BASE 65) ]
TOTAL THIS MO. 410 CLEAR (SCALE 0-3) 8
DPTR FM NORMAL 35 PTCLDY (SCALE 4-7) 16
TOTAL FM JUL 1 1955 CLOUDY (SCALE 8-10) 7
DPTR FM NORMAL -161
[CDD (BASE 65) ]
TOTAL THIS MO. 0
DPTR FM NORMAL 0 [PRESSURE DATA]
TOTAL FM JAN 1 0 HIGHEST SLP 30.23 ON 30
DPTR FM NORMAL -1 LOWEST SLP 29.73 ON 18
[REMARKS]
#FINAL-03-20#