000
CXUS55 KREV 010938
CLMRNO
CLIMATE REPORT
NATIONAL WEATHER SERVICE RENO NV
238 AM PDT TUE AUG 01 2023
...................................
...THE RENO-TAHOE INTL AIRPORT NV CLIMATE SUMMARY FOR THE MONTH OF JULY 2023...
THE AVERAGE TEMPERATURE FOR JULY 2023 AT THE RENO-TAHOE
INTERNATIONAL AIRPORT WAS 80.9 DEGREES, WHICH IS 3.7 DEGREES ABOVE
NORMAL. THE HIGHEST TEMPERATURE FOR JULY WAS 108 DEGREES, WHICH
OCCURRED ON THE 16TH. THIS TIED THE ALL-TIME HIGHEST TEMPERATURE
RECORD SET 3 PREVIOUS TIMES IN JULY OF 2007 (1) AND 2002 (2). THE
LOWEST TEMPERATURE FOR THE MONTH WAS 58 DEGREES, WHICH OCCURRED
ON THE 12TH, 13TH, AND 25TH.
FOR JULY 2023, A TRACE OF PRECIPITATION WAS RECORDED AT THE
RENO-TAHOE INTERNATIONAL AIRPORT. THIS IS 0.20 INCHES BELOW NORMAL
FOR THE MONTH.
THE AVERAGE WIND SPEED FOR JULY 2023 WAS 7.0 MPH. THE PEAK WIND GUST
FOR THE MONTH WAS 39 MPH FROM THE SOUTH ON THE 26TH.
CLIMATE NORMAL PERIOD 1991 TO 2020
CLIMATE RECORD PERIOD 1888 TO 2023
WEATHER OBSERVED NORMAL DEPART LAST YEAR`S
VALUE DATE(S) VALUE FROM VALUE
NORMAL
..............................................................
TEMPERATURE (F)
RECORD
HIGH 108 07/05/2007
07/11/2002
07/10/2002
LOW 33 07/11/1974
07/10/1965
07/11/1960
HIGHEST 108R 07/16 104 4
LOWEST 58 07/12 33 25
07/13
07/25
AVG. MAXIMUM 97.7 93.9 3.8
AVG. MINIMUM 64.1 60.4 3.7
MEAN 80.9 77.2 3.7
DAYS MAX >= 90 31 23.9 7.1
DAYS MAX <= 32 0 0.0 0.0
DAYS MIN <= 32 0 0.0 0.0
DAYS MIN <= 0 0 0.0 0.0
PRECIPITATION (INCHES)
RECORD
MAXIMUM 1.75 1913
MINIMUM 0.00 2022
TOTALS T 0.20 -0.20
DAILY AVG. T 0.01 -0.01
DAYS >= .01 0 1.7 -1.7
DAYS >= .10 0 0.7 -0.7
DAYS >= .50 0 0.1 -0.1
DAYS >= 1.00 0 0.0 0.0
GREATEST
24 HR. TOTAL T 07/18 TO 07/18
07/17 TO 07/17
07/18 TO 07/18
STORM TOTAL 0.00
(MM/DD(HH))
SNOWFALL (INCHES)
RECORDS
TOTAL T 2018
24 HR TOTAL MM
TOTALS 0.0 0.0 0.0
LIQUID EQUIV 0.00 0.00 0.00
SINCE 7/1 0.0 0.0 0.0
LIQUID 7/1 0.00
DAYS >= TRACE 0 0.0 0.0
DAYS >= 1.0 0 0.0 0.0
GREATEST
SNOW DEPTH 0
24 HR TOTAL 0.0
STORM TOTAL 0.0
(MM/DD(HH))
DEGREE DAYS
HEATING TOTAL 0 2 -2
SINCE 7/1 0 0 0
COOLING TOTAL 498 379 119
SINCE 1/1 633 597 36
FREEZE DATES
RECORD
EARLIEST 08/23/1973
LATEST 06/27/1974
EARLIEST MM
LATEST 04/19
..............................................................
WIND (MPH)
AVERAGE WIND SPEED 7.0
HIGHEST WIND SPEED/DIRECTION 29/290 DATE 07/09
HIGHEST GUST SPEED/DIRECTION 39/200 DATE 07/26
AVERAGE RH (PERCENT) 25
WEATHER CONDITIONS. NUMBER OF DAYS WITH
THUNDERSTORM 0 MIXED PRECIP 0
HEAVY RAIN 0 RAIN 0
LIGHT RAIN 1 FREEZING RAIN 0
LT FREEZING RAIN 0 HAIL 0
HEAVY SNOW 0 SNOW 0
LIGHT SNOW 0 SLEET 0
FOG 0 FOG W/VIS <= 1/4 MILE 0
HAZE 1
- INDICATES NEGATIVE NUMBERS.
R INDICATES RECORD WAS SET OR TIED.
MM INDICATES DATA IS MISSING.
T INDICATES TRACE AMOUNT.
$$