000
CXUS51 KRNK 011832
CLSROA
CLIMATE REPORT
NATIONAL WEATHER SERVICE BLACKSBURG, VA
232 PM EDT WED JUN 01 2022
...................................
...THE ROANOKE VA CLIMATE SUMMARY FOR THE SEASON, FROM
3/1/2022 TO 5/31/2022...
CLIMATE NORMAL PERIOD: 1991 TO 2020
CLIMATE RECORD PERIOD: 1912 TO 2022
WEATHER OBSERVED NORMAL DEPART LAST YEAR`S
VALUE DATE(S) VALUE FROM VALUE
NORMAL
..............................................................
TEMPERATURE (F)
RECORD
HIGH 99 05/22/1941
LOW 9 03/10/1996
03/15/1993
HIGHEST 96 05/20 93
LOWEST 20 03/13 25
AVG. MAXIMUM 70.6 68.6 2.0 69.4
AVG. MINIMUM 48.1 46.3 1.8 45.9
MEAN 59.3 57.5 1.8 57.7
DAYS MAX >= 90 3 1.2 1.8 2
DAYS MAX <= 32 0 0.2 -0.2 0
DAYS MIN <= 32 7 11.1 -4.1 11
DAYS MIN <= 0 0 0.0 0.0 0
PRECIPITATION (INCHES)
RECORD
MAXIMUM 20.52 2020
MINIMUM 4.55 1915
TOTALS 12.60 11.31 1.29 6.88
DAYS >= .01 32 34.2 -2.2 31
DAYS >= .10 20 21.5 -1.5 16
DAYS >= .50 9 7.2 1.8 3
DAYS >= 1.00 5 2.5 2.5 0
GREATEST
24 HR. TOTAL 3.22 0.99
SNOWFALL (INCHES)
TOTALS 0.3 2.4 -2.1 T
DAYS >= TRACE 3 1.5 1.5 3
DAYS >= 1.0 0 0.8 -0.8 0
GREATEST
24 HR TOTAL 0.0 MM
DEGREE DAYS
HEATING TOTAL 664 843 -179 789
COOLING TOTAL 168 150 18 140
..............................................................
WIND (MPH)
AVERAGE WIND SPEED 7.3
RESULTANT WIND SPEED/DIRECTION 2/280
HIGHEST WIND SPEED/DIRECTION 39/300 DATE 03/12
HIGHEST GUST SPEED/DIRECTION 53/300 DATE 03/12
SKY COVER
AVERAGE SKY COVER 0.44
AVERAGE RH (PERCENT) 56
WEATHER CONDITIONS. NUMBER OF DAYS WITH
THUNDERSTORM 9 MIXED PRECIP 0
HEAVY RAIN 10 RAIN 18
LIGHT RAIN 42 FREEZING RAIN 0
LT FREEZING RAIN 0 HAIL 0
HEAVY SNOW 0 SNOW 0
LIGHT SNOW 2 SLEET 1
FOG 29 FOG W/VIS <= 1/4 MILE 6
HAZE 0
- INDICATES NEGATIVE NUMBERS.
R INDICATES RECORD WAS SET OR TIED.
MM INDICATES DATA IS MISSING.
T INDICATES TRACE AMOUNT.
$$
RCS