000
CXUS55 KABQ 011544
CF6ROW
PRELIMINARY LOCAL CLIMATOLOGICAL DATA (WS FORM: F-6)
STATION: ROSWELL NM
MONTH: FEBRUARY
YEAR: 2022
LATITUDE: 33 17 N
LONGITUDE: 104 32 W
TEMPERATURE IN F: :PCPN: SNOW: WIND :SUNSHINE: SKY :PK WND
================================================================================
1 2 3 4 5 6A 6B 7 8 9 10 11 12 13 14 15 16 17 18
12Z AVG MX 2MIN
DY MAX MIN AVG DEP HDD CDD WTR SNW DPTH SPD SPD DIR MIN PSBL S-S WX SPD DR
================================================================================
1 60 33 47 2 18 0 0.00 0.0 0 6.4 18 20 M M 0 23 10
2 39 16 28 -17 37 0 0.03 0.4 0 11.9 20 30 M M 7 25 20
3 29 8 19 -27 46 0 0.01 0.4 1 12.9 20 350 M M 6 8 26 10
4 44 4 24 -22 41 0 0.00 0.0 0 5.4 12 260 M M 0 16 70
5 53 14 34 -12 31 0 0.00 0.0 0 4.7 12 170 M M 0 16 180
6 57 21 39 -7 26 0 0.00 0.0 0 11.5 26 10 M M 2 34 20
7 55 21 38 -8 27 0 0.00 0.0 0 4.4 10 210 M M 0 15 190
8 71 17 44 -2 21 0 0.00 0.0 0 5.4 17 60 M M 0 23 70
9 69 29 49 2 16 0 0.00 0.0 0 7.8 18 160 M M 0 25 150
10 63 32 48 1 17 0 0.00 0.0 0 8.0 22 350 M M 0 29 350
11 70 27 49 2 16 0 0.00 0.0 0 9.1 25 30 M M 0 33 30
12 46 27 37 -10 28 0 T T 0 8.4 23 20 M M 6 1 30 30
13 64 22 43 -5 22 0 0.00 0.0 0 5.8 17 180 M M 0 23 180
14 73 25 49 1 16 0 0.00 0.0 0 5.3 14 160 M M 0 19 170
15 82 29 56 8 9 0 0.00 0.0 0 12.6 33 210 M M 0 44 210
16 76 40 58 10 7 0 0.00 0.0 0 17.0 41 250 M M 2 8 54 220
17 49 28 39 -9 26 0 0.00 0.0 0 11.3 32 10 M M 2 42 10
18 62 19 41 -7 24 0 0.00 0.0 0 7.5 16 170 M M 0 20 260
19 65 27 46 -3 19 0 0.00 0.0 0 9.2 22 180 M M 0 29 190
20 78 29 54 5 11 0 0.00 0.0 0 6.5 18 270 M M 0 25 260
21 75 35 55 6 10 0 0.00 0.0 0 15.5 37 200 M M 1 46 200
22 73 32 53 4 12 0 0.00 0.0 0 17.3 36 210 M M 0 49 200
23 37 17 27 -23 38 0 0.00 0.0 0 10.0 22 50 M M 0 30 50
24 50 15 33 -17 32 0 0.00 0.0 0 5.9 14 150 M M 0 17 140
25 51 24 38 -12 27 0 0.00 0.0 0 8.0 23 150 M M 0 30 140
26 53 18 36 -14 29 0 0.00 0.0 0 3.9 9 310 M M 0 12 320
27 59 26 43 -7 22 0 0.00 0.0 0 6.9 15 160 M M 0 24 150
28 62 27 45 -6 20 0 0.00 0.0 0 3.8 13 180 M M 0 17 160
================================================================================
SM 1665 662 648 0 0.04 0.8 242.4 M 26
================================================================================
AV 59.5 23.6 8.7 FASTST M M 1 MAX(MPH)
MISC ----> 41 250 54 220
================================================================================
NOTES:
# LAST OF SEVERAL OCCURRENCES
COLUMN 17 PEAK WIND IN M.P.H.
PRELIMINARY LOCAL CLIMATOLOGICAL DATA (WS FORM: F-6) , PAGE 2
STATION: ROSWELL NM
MONTH: FEBRUARY
YEAR: 2022
LATITUDE: 33 17 N
LONGITUDE: 104 32 W
[TEMPERATURE DATA] [PRECIPITATION DATA] SYMBOLS USED IN COLUMN 16
AVERAGE MONTHLY: 41.6 TOTAL FOR MONTH: 0.04 1 = FOG OR MIST
DPTR FM NORMAL: -6.2 DPTR FM NORMAL: -0.31 2 = FOG REDUCING VISIBILITY
HIGHEST: 82 ON 15 GRTST 24HR 0.04 ON 2- 3 TO 1/4 MILE OR LESS
LOWEST: 4 ON 4 3 = THUNDER
SNOW, ICE PELLETS, HAIL 4 = ICE PELLETS
TOTAL MONTH: 0.8 INCH 5 = HAIL
GRTST 24HR 0.4 ON 2- 2 6 = FREEZING RAIN OR DRIZZLE
GRTST DEPTH: 1 ON 3 7 = DUSTSTORM OR SANDSTORM:
VSBY 1/2 MILE OR LESS
8 = SMOKE OR HAZE
[NO. OF DAYS WITH] [WEATHER - DAYS WITH] 9 = BLOWING SNOW
X = TORNADO
MAX 32 OR BELOW: 1 0.01 INCH OR MORE: 2
MAX 90 OR ABOVE: 0 0.10 INCH OR MORE: 0
MIN 32 OR BELOW: 25 0.50 INCH OR MORE: 0
MIN 0 OR BELOW: 0 1.00 INCH OR MORE: 0
[HDD (BASE 65) ]
TOTAL THIS MO. 648 CLEAR (SCALE 0-3) 25
DPTR FM NORMAL 167 PTCLDY (SCALE 4-7) 3
TOTAL FM JUL 1 2235 CLOUDY (SCALE 8-10) 0
DPTR FM NORMAL -191
[CDD (BASE 65) ]
TOTAL THIS MO. 0
DPTR FM NORMAL -1 [PRESSURE DATA]
TOTAL FM JAN 1 0 HIGHEST SLP 30.69 ON 4
DPTR FM NORMAL 0 LOWEST SLP 29.41 ON 16
[REMARKS]
#FINAL-02-22#