000
CXUS55 KABQ 011247
CF6ROW
PRELIMINARY LOCAL CLIMATOLOGICAL DATA (WS FORM: F-6)
STATION: ROSWELL NM
MONTH: OCTOBER
YEAR: 2023
LATITUDE: 33 17 N
LONGITUDE: 104 32 W
TEMPERATURE IN F: :PCPN: SNOW: WIND :SUNSHINE: SKY :PK WND
================================================================================
1 2 3 4 5 6A 6B 7 8 9 10 11 12 13 14 15 16 17 18
12Z AVG MX 2MIN
DY MAX MIN AVG DEP HDD CDD WTR SNW DPTH SPD SPD DIR MIN PSBL S-S WX SPD DR
================================================================================
1 81 63 72 3 0 7 0.19 0.0 0 7.6 30 190 M M 5 138 38 220
2 82 65 74 5 0 9 T 0.0 0 9.2 25 150 M M 5 35 150
3 90 66 78 10 0 13 0.00 0.0 0 8.0 16 190 M M 4 24 210
4 88 63 76 8 0 11 0.00 0.0 0 7.2 14 20 M M 2 18 10
5 83 56 70 2 0 5 0.00 0.0 0 7.2 14 10 M M 0 18 10
6 81 57 69 2 0 4 0.00 0.0 0 8.7 24 80 M M 0 35 80
7 74 49 62 -5 3 0 0.00 0.0 0 8.7 18 190 M M 1 24 180
8 84 50 67 1 0 2 0.00 0.0 0 5.9 14 180 M M 0 18 180
9 87 55 71 5 0 6 T 0.0 0 4.8 26 200 M M 1 8 35 190
10 86 56 71 5 0 6 T 0.0 0 5.5 21 280 M M 1 8 28 290
11 92 54 73 8 0 8 0.00 0.0 0 12.2 29 230 M M 0 39 230
12 91 57 74 9 0 9 0.00 0.0 0 11.3 24 260 M M 0 36 260
13 74 51 63 -1 2 0 0.00 0.0 0 4.9 16 50 M M 1 22 40
14 68 47 58 -6 7 0 0.00 0.0 0 4.7 10 180 M M 0 15 140
15 71 46 59 -5 6 0 0.00 0.0 0 4.5 10 160 M M 0 16 190
16 78 45 62 -1 3 0 0.00 0.0 0 7.1 17 160 M M 0 25 160
17 87 48 68 5 0 3 0.00 0.0 0 8.0 17 170 M M 0 24 170
18 88 51 70 8 0 5 0.00 0.0 0 7.2 21 20 M M 0 8 31 40
19 83 50 67 5 0 2 0.00 0.0 0 6.1 18 150 M M 0 25 160
20 90 49 70 8 0 5 0.00 0.0 0 5.9 13 170 M M 0 8 17 140
21 89 55 72 11 0 7 0.00 0.0 0 5.0 14 190 M M 0 19 200
22 90 59 75 14 0 10 0.00 0.0 0 12.7 23 170 M M 0 31 170
23 84 59 72 12 0 7 0.00 0.0 0 11.7 24 150 M M 1 31 150
24 83 60 72 12 0 7 0.12 0.0 0 7.6 35 290 M M 5 138 43 300
25 77 52 65 5 0 0 T 0.0 0 6.4 24 340 M M 2 123 31 320
26 85 50 68 9 0 3 0.00 0.0 0 6.8 20 140 M M 0 26 130
27 69 48 59 0 6 0 0.00 0.0 0 7.2 21 20 M M 1 27 350
28 72 54 63 5 2 0 0.01 0.0 0 5.4 22 70 M M 9 1 28 60
29 54 35 45 -13 20 0 0.01 T 0 15.9 25 20 M M 10 1 30 70
30 47 33 40 -18 25 0 0.00 0.0 0 5.1 18 30 M M 4 23 20
31 57 27 42 -15 23 0 0.00 0.0 0 6.1 13 210 M M 0 15 210
================================================================================
SM 2465 1610 97 129 0.33 T 234.6 M 52
================================================================================
AV 79.5 51.9 7.6 FASTST M M 2 MAX(MPH)
MISC ----> 35 290 43 300
================================================================================
NOTES:
# LAST OF SEVERAL OCCURRENCES
COLUMN 17 PEAK WIND IN M.P.H.
PRELIMINARY LOCAL CLIMATOLOGICAL DATA (WS FORM: F-6) , PAGE 2
STATION: ROSWELL NM
MONTH: OCTOBER
YEAR: 2023
LATITUDE: 33 17 N
LONGITUDE: 104 32 W
[TEMPERATURE DATA] [PRECIPITATION DATA] SYMBOLS USED IN COLUMN 16
AVERAGE MONTHLY: 65.7 TOTAL FOR MONTH: 0.33 1 = FOG OR MIST
DPTR FM NORMAL: 2.5 DPTR FM NORMAL: -1.00 2 = FOG REDUCING VISIBILITY
HIGHEST: 92 ON 11 GRTST 24HR 1.13 ON 30- 1 TO 1/4 MILE OR LESS
LOWEST: 27 ON 31 3 = THUNDER
SNOW, ICE PELLETS, HAIL 4 = ICE PELLETS
TOTAL MONTH: T 5 = HAIL
GRTST 24HR T ON 29-29 6 = FREEZING RAIN OR DRIZZLE
GRTST DEPTH: 0 7 = DUSTSTORM OR SANDSTORM:
VSBY 1/2 MILE OR LESS
8 = SMOKE OR HAZE
[NO. OF DAYS WITH] [WEATHER - DAYS WITH] 9 = BLOWING SNOW
X = TORNADO
MAX 32 OR BELOW: 0 0.01 INCH OR MORE: 4
MAX 90 OR ABOVE: 5 0.10 INCH OR MORE: 2
MIN 32 OR BELOW: 1 0.50 INCH OR MORE: 0
MIN 0 OR BELOW: 0 1.00 INCH OR MORE: 0
[HDD (BASE 65) ]
TOTAL THIS MO. 97 CLEAR (SCALE 0-3) 24
DPTR FM NORMAL -25 PTCLDY (SCALE 4-7) 5
TOTAL FM JUL 1 97 CLOUDY (SCALE 8-10) 2
DPTR FM NORMAL -34
[CDD (BASE 65) ]
TOTAL THIS MO. 129
DPTR FM NORMAL 62 [PRESSURE DATA]
TOTAL FM JAN 1 2823 HIGHEST SLP 30.52 ON 30
DPTR FM NORMAL 589 LOWEST SLP 29.29 ON 11
[REMARKS]
#FINAL-10-23#