000
CXUS55 KABQ 022009
CLMROW
CLIMATE REPORT
NATIONAL WEATHER SERVICE ALBUQUERQUE NM
109 PM MST SAT DEC 02 2023
...................................
...THE ROSWELL NM CLIMATE SUMMARY FOR THE MONTH OF NOVEMBER 2023...
CLIMATE NORMAL PERIOD 1991 TO 2020
CLIMATE RECORD PERIOD 1893 TO 2023
WEATHER OBSERVED NORMAL DEPART LAST YEAR`S
VALUE DATE(S) VALUE FROM VALUE DATE(S)
NORMAL
................................................................
TEMPERATURE (F)
RECORD
HIGH 89 11/19/2020
11/17/2017
06/27/1924
LOW -6 11/21/1906
HIGHEST 89R 11/06 MM MM 84 11/09
11/07
LOWEST 28 11/28 MM MM 22 11/17
AVG. MAXIMUM 66.8 65.7 1.1 60.6
AVG. MINIMUM 40.2 36.3 3.9 34.6
MEAN 53.5 51.0 2.5 47.6
DAYS MAX >= 90 0 0.0 0.0 0
DAYS MAX <= 32 0 0.2 -0.2 0
DAYS MIN <= 32 7 12.0 -5.0 15
DAYS MIN <= 0 0 0.0 0.0 0
PRECIPITATION (INCHES)
TOTALS 0.45 0.45 0.00 0.83
DAILY AVG. 0.02 0.01 0.01 0.03
DAYS >= .01 3 2.7 0.3 3
DAYS >= .10 1 1.2 -0.2 2
DAYS >= .50 0 0.2 -0.2 1
DAYS >= 1.00 0 0.0 0.0 0
GREATEST
24 HR. TOTAL 0.42 11/10 TO 11/10 0.75
SNOWFALL (INCHES)
TOTALS T 1.2 -1.2 0.3
SINCE 7/1 T 1.6 -1.6 MM
DAYS >= 1.0 0 0.4 -0.4 0
GREATEST
SNOW DEPTH 0 0 MM
24 HR TOTAL T 11/10 TO 11/10 MM
DEGREE DAYS
HEATING TOTAL 347 422 -75 525
SINCE 7/1 444 554 -110 MM
COOLING TOTAL 9 2 7 9
SINCE 1/1 2832 2236 596 MM
................................................................
WIND (MPH)
AVERAGE WIND SPEED 6.9
HIGHEST WIND SPEED/DIRECTION 31/320 DATE 11/19
HIGHEST GUST SPEED/DIRECTION 46/320 DATE 11/19
SKY COVER
AVERAGE SKY COVER 0.25
AVERAGE RH (PERCENT) 53
WEATHER CONDITIONS. NUMBER OF DAYS WITH
THUNDERSTORM 0 MIXED PRECIP 0
HEAVY RAIN 0 RAIN 2
LIGHT RAIN 4 FREEZING RAIN 0
LT FREEZING RAIN 0 HAIL 0
HEAVY SNOW 0 SNOW 0
LIGHT SNOW 1 SLEET 0
FOG 9 FOG W/VIS <= 1/4 MILE 5
HAZE 2
- INDICATES NEGATIVE NUMBERS.
R INDICATES RECORD WAS SET OR TIED.
MM INDICATES DATA IS MISSING.
T INDICATES TRACE AMOUNT.
$$