000
CXUS54 KFWD 010731
CF6RPH
PRELIMINARY LOCAL CLIMATOLOGICAL DATA (WS FORM: F-6)
STATION: GRAHAM
MONTH: AUGUST
YEAR: 2023
LATITUDE: 33 6 N
LONGITUDE: 98 30 W
TEMPERATURE IN F: :PCPN: SNOW: WIND :SUNSHINE: SKY :PK WND
================================================================================
1 2 3 4 5 6A 6B 7 8 9 10 11 12 13 14 15 16 17 18
12Z AVG MX 2MIN
DY MAX MIN AVG DEP HDD CDD WTR SNW DPTH SPD SPD DIR MIN PSBL S-S WX SPD DR
================================================================================
1 106 74 90 6 0 25 0.00 M M 5.0 10 130 M M 0 21 160
2 106 78 92 8 0 27 0.00 M M 4.9 10 170 M M 1 18 200
3 106 82 94 10 0 29 0.00 M M 6.8 12 220 M M 0 18 210
4 107 82 95 11 0 30 0.00 M M 6.0 10 120 M M 1 18 190
5 108 83 96 12 0 31 0.00 M M 7.0 12 160 M M 0 18 180
6 107 79 93 9 0 28 T M M 6.2 13 230 M M 1 20 130
7 105 77 91 7 0 26 0.00 M M 6.1 9 100 M M 1 18 30
8 105 83 94 10 0 29 0.00 M M 7.1 10 130 M M 3 22 210
9 109 79 94 10 0 29 T M M 9.1 16 210 M M 3 33 10
10 108 72 90 6 0 25 T M M 3.5 12 60 M M 1 26 140
11 110 79 95 11 0 30 0.00 M M 7.2 14 140 M M 1 22 210
12 109 84 97 13 0 32 0.00 M M 8.1 13 210 M M 0 21 230
13 108 83 96 12 0 31 0.00 M M 7.0 16 190 M M 0 22 190
14 94 75 85 1 0 20 0.00 M M 9.4 17 360 M M 0 24 10
15 96 66 81 -3 0 16 0.00 M M 4.5 10 340 M M 1 18 99
16 101 67 84 0 0 19 0.00 M M 4.5 8 130 M M 0 M M
17 111 75 93 9 0 28 0.00 M M 4.9 12 240 M M 0 17 240
18 111 80 96 12 0 31 0.00 M M 4.6 9 140 M M 0 17 240
19 108 79 94 11 0 29 0.00 M M 5.9 13 130 M M 0 21 130
20 109 74 92 9 0 27 0.00 M M 4.4 13 120 M M 0 18 120
21 107 78 93 10 0 28 0.00 M M 6.9 14 70 M M 0 22 60
22 98 78 88 5 0 23 0.00 M M 2.8 6 140 M M 0 M M
23 103 76 90 7 0 25 0.00 M M 5.7 14 150 M M 0 21 150
24 105 73 89 7 0 24 0.00 M M 3.0 9 120 M M 1 M M
25 108 78 93 11 0 28 0.00 M M 4.4 9 310 M M 1 M M
26 107 79 93 11 0 28 T M M 3.6 13 20 M M 3 8 17 20
27 93 77 85 3 0 20 0.01 M M 5.5 15 300 M M 2 22 270
28 96 71 84 2 0 19 0.00 M M 6.0 13 10 M M 0 20 20
29 97 66 82 1 0 17 0.00 M M 5.0 13 360 M M 1 20 0
30 98 67 83 2 0 18 0.00 M M 3.6 9 330 M M 1 18 330
31 101 67 84 3 0 19 0.00 M M 3.5 8 60 M M 0 M M
================================================================================
SM 3237 2361 0 791 0.01 M 172.2 M 22
================================================================================
AV104.4 76.2 5.6 FASTST M M 1 MAX(MPH)
MISC ----> 17 360 33 10
================================================================================
NOTES:
# LAST OF SEVERAL OCCURRENCES
COLUMN 17 PEAK WIND IN M.P.H.
PRELIMINARY LOCAL CLIMATOLOGICAL DATA (WS FORM: F-6) , PAGE 2
STATION: GRAHAM
MONTH: AUGUST
YEAR: 2023
LATITUDE: 33 6 N
LONGITUDE: 98 30 W
[TEMPERATURE DATA] [PRECIPITATION DATA] SYMBOLS USED IN COLUMN 16
AVERAGE MONTHLY: 90.3 TOTAL FOR MONTH: 0.01 1 = FOG OR MIST
DPTR FM NORMAL: 6.9 DPTR FM NORMAL: -1.74 2 = FOG REDUCING VISIBILITY
HIGHEST: 111 ON 18,17 GRTST 24HR 0.01 ON 27-27 TO 1/4 MILE OR LESS
LOWEST: 66 ON 29,15 3 = THUNDER
SNOW, ICE PELLETS, HAIL 4 = ICE PELLETS
TOTAL MONTH: M 5 = HAIL
GRTST 24HR M ON M 6 = FREEZING RAIN OR DRIZZLE
GRTST DEPTH: M ON M 7 = DUSTSTORM OR SANDSTORM:
VSBY 1/2 MILE OR LESS
8 = SMOKE OR HAZE
[NO. OF DAYS WITH] [WEATHER - DAYS WITH] 9 = BLOWING SNOW
X = TORNADO
MAX 32 OR BELOW: 0 0.01 INCH OR MORE: 1
MAX 90 OR ABOVE: 31 0.10 INCH OR MORE: 0
MIN 32 OR BELOW: 0 0.50 INCH OR MORE: 0
MIN 0 OR BELOW: 0 1.00 INCH OR MORE: 0
[HDD (BASE 65) ]
TOTAL THIS MO. 0 CLEAR (SCALE 0-3) 31
DPTR FM NORMAL 0 PTCLDY (SCALE 4-7) 0
TOTAL FM JUL 1 0 CLOUDY (SCALE 8-10) 0
DPTR FM NORMAL 0
[CDD (BASE 65) ]
TOTAL THIS MO. 791
DPTR FM NORMAL 222 [PRESSURE DATA]
TOTAL FM JAN 1 2395 HIGHEST SLP M ON M
DPTR FM NORMAL 522 LOWEST SLP M ON M
[REMARKS]
#FINAL-08-23#