000
CXUS53 KARX 011232
CF6RST
PRELIMINARY LOCAL CLIMATOLOGICAL DATA (WS FORM: F-6)
STATION: ROCHESTER MN
MONTH: SEPTEMBER
YEAR: 2023
LATITUDE: 43 55 N
LONGITUDE: 92 30 W
TEMPERATURE IN F: :PCPN: SNOW: WIND :SUNSHINE: SKY :PK WND
================================================================================
1 2 3 4 5 6A 6B 7 8 9 10 11 12 13 14 15 16 17 18
12Z AVG MX 2MIN
DY MAX MIN AVG DEP HDD CDD WTR SNW DPTH SPD SPD DIR MIN PSBL S-S WX SPD DR
================================================================================
1 85 55 70 4 0 5 0.00 0.0 0 12.5 22 190 M M 0 32 190
2 94 63 79 13 0 14 0.00 0.0 0 12.9 21 200 M M 0 30 190
3 94 66 80 15 0 15 0.00 0.0 0 12.2 20 200 M M 0 27 200
4 93 66 80 15 0 15 0.00 0.0 0 11.5 23 200 M M 0 36 200
5 89 69 79 14 0 14 T 0.0 0 11.5 22 200 M M 1 3 35 160
6 71 58 65 1 0 0 0.01 0.0 0 12.0 20 310 M M 10 1 28 330
7 62 53 58 -6 7 0 T 0.0 0 6.5 13 20 M M 10 1 18 360
8 76 47 62 -2 3 0 0.00 0.0 0 4.1 10 10 M M 1 12 15 20
9 82 51 67 3 0 2 0.31 0.0 0 8.2 29 260 M M 3 13 44 260
10 68 56 62 -1 3 0 0.00 0.0 0 6.9 12 30 M M 7 12 15 20
11 72 50 61 -2 4 0 0.00 0.0 0 7.8 17 360 M M 1 24 40
12 69 47 58 -5 7 0 0.02 0.0 0 7.1 20 330 M M 4 13 26 310
13 68 41 55 -7 10 0 0.00 0.0 0 4.3 8 160 M M 0 1 13 70
14 80 46 63 1 2 0 0.00 0.0 0 9.5 18 180 M M 3 26 190
15 64 52 58 -4 7 0 0.10 0.0 0 7.1 14 260 M M 6 12 20 180
16 75 51 63 2 2 0 0.01 0.0 0 6.9 17 340 M M 4 12 22 330
17 73 47 60 -1 5 0 0.00 0.0 0 5.5 12 20 M M 1 1 17 30
18 77 43 60 0 5 0 0.00 0.0 0 7.9 16 160 M M 3 24 160
19 82 57 70 10 0 5 0.00 0.0 0 9.6 16 150 M M 1 3 34 150
20 82 55 69 9 0 4 0.00 0.0 0 7.4 16 170 M M 1 1 24 120
21 82 56 69 10 0 4 0.00 0.0 0 6.6 15 110 M M 1 1 22 80
22 73 58 66 7 0 1 0.90 0.0 0 8.5 16 110 M M 9 1 23 120
23 73 60 67 9 0 2 1.82 0.0 0 10.0 25 120 M M 10 123 37 110
24 77 58 68 10 0 3 0.01 0.0 0 9.2 20 140 M M 8 3 35 140
25 71 57 64 6 1 0 0.03 0.0 0 6.5 14 230 M M 7 12 22 220
26 70 59 65 8 0 0 0.22 0.0 0 8.0 17 50 M M 10 1 23 70
27 70 60 65 8 0 0 T 0.0 0 9.3 17 100 M M 10 23 100
28 71 58 65 9 0 0 0.00 0.0 0 9.5 17 120 M M 7 23 140
29 83 57 70 14 0 5 T 0.0 0 12.7 21 140 M M 3 3 29 160
30 90 67 79 24 0 14 0.00 0.0 0 10.8 17 180 M M 1 26 170
================================================================================
SM 2316 1663 56 103 3.43 0.0 262.5 M 122
================================================================================
AV 77.2 55.4 8.8 FASTST M M 4 MAX(MPH)
MISC ----> 29 260 44 260
================================================================================
NOTES:
# LAST OF SEVERAL OCCURRENCES
COLUMN 17 PEAK WIND IN M.P.H.
PRELIMINARY LOCAL CLIMATOLOGICAL DATA (WS FORM: F-6) , PAGE 2
STATION: ROCHESTER MN
MONTH: SEPTEMBER
YEAR: 2023
LATITUDE: 43 55 N
LONGITUDE: 92 30 W
[TEMPERATURE DATA] [PRECIPITATION DATA] SYMBOLS USED IN COLUMN 16
AVERAGE MONTHLY: 66.3 TOTAL FOR MONTH: 3.43 1 = FOG OR MIST
DPTR FM NORMAL: 5.2 DPTR FM NORMAL: -0.17 2 = FOG REDUCING VISIBILITY
HIGHEST: 94 ON 3, 2 GRTST 24HR 2.66 ON 22-23 TO 1/4 MILE OR LESS
LOWEST: 41 ON 13 3 = THUNDER
SNOW, ICE PELLETS, HAIL 4 = ICE PELLETS
TOTAL MONTH: 0.0 INCH 5 = HAIL
GRTST 24HR 0.0 6 = FREEZING RAIN OR DRIZZLE
GRTST DEPTH: 0 7 = DUSTSTORM OR SANDSTORM:
VSBY 1/2 MILE OR LESS
8 = SMOKE OR HAZE
[NO. OF DAYS WITH] [WEATHER - DAYS WITH] 9 = BLOWING SNOW
X = TORNADO
MAX 32 OR BELOW: 0 0.01 INCH OR MORE: 10
MAX 90 OR ABOVE: 4 0.10 INCH OR MORE: 5
MIN 32 OR BELOW: 0 0.50 INCH OR MORE: 2
MIN 0 OR BELOW: 0 1.00 INCH OR MORE: 1
[HDD (BASE 65) ]
TOTAL THIS MO. 56 CLEAR (SCALE 0-3) 15
DPTR FM NORMAL -114 PTCLDY (SCALE 4-7) 9
TOTAL FM JUL 1 82 CLOUDY (SCALE 8-10) 6
DPTR FM NORMAL -132
[CDD (BASE 65) ]
TOTAL THIS MO. 103
DPTR FM NORMAL 50 [PRESSURE DATA]
TOTAL FM JAN 1 666 HIGHEST SLP 30.22 ON 9
DPTR FM NORMAL 139 LOWEST SLP 29.62 ON 5
[REMARKS]
#FINAL-09-23#