000
CXUS54 KLZK 011130
CF6RUE
PRELIMINARY LOCAL CLIMATOLOGICAL DATA (WS FORM: F-6)
STATION: RUSSELLVILLE
MONTH: JULY
YEAR: 2021
LATITUDE: 35 15 N
LONGITUDE: 93 6 W
TEMPERATURE IN F: :PCPN: SNOW: WIND :SUNSHINE: SKY :PK WND
================================================================================
1 2 3 4 5 6A 6B 7 8 9 10 11 12 13 14 15 16 17 18
12Z AVG MX 2MIN
DY MAX MIN AVG DEP HDD CDD WTR SNW DPTH SPD SPD DIR MIN PSBL S-S WX SPD DR
================================================================================
1 84 73 79 -2 0 14 0.94 M M 5.3 18 270 M M 4 13 24 280
2 87 65 76 -5 0 11 0.00 M M 5.7 16 60 M M 4 20 50
3 85 60 73 -8 0 8 0.00 M M 1.5 12 40 M M 1 1 14 40
4 86 60 73 -8 0 8 0.00 M M 1.2 8 160 M M 0 13 140
5 88 62 75 -6 0 10 0.00 M M 1.9 9 60 M M 1 1 12 60
6 92 64 78 -3 0 13 0.00 M M 1.3 10 60 M M 2 1 15 50
7 94 72 83 2 0 18 0.00 M M 2.1 13 190 M M 3 1 16 180
8 95 70 83 2 0 18 0.95 M M 3.1 23 220 M M 3 13 31 240
9 93 74 84 2 0 19 T M M 3.3 12 210 M M 3 1 16 190
10 90 70 80 -2 0 15 0.16 M M 5.0 18 330 M M 5 3 25 350
11 86 68 77 -5 0 12 0.09 M M 5.5 17 290 M M 6 138 22 280
12 86 67 77 -5 0 12 0.00 M M 4.5 15 260 M M 4 20 260
13 91 65 78 -4 0 13 0.00 M M 2.0 10 300 M M 1 1 14 300
14 92 68 80 -2 0 15 0.00 M M 3.0 12 190 M M 1 16 190
15 92 70 81 -1 0 16 0.00 M M 4.6 13 190 M M 2 18 190
16 81 68 75 -7 0 10 1.36 M M 2.0 22 350 M M 6 13 33 320
17 91 69 80 -2 0 15 0.20 M M 1.7 14 130 M M 5 13 23 130
18 86 72 79 -3 0 14 0.67 M M 2.7 14 50 M M 7 13 19 60
19 87 71 79 -3 0 14 0.05 M M 2.0 15 50 M M 4 13 21 60
20 89 69 79 -3 0 14 0.00 M M 4.7 14 70 M M 2 20 70
21 90 67 79 -3 0 14 0.00 M M 3.5 9 60 M M 2 18 13 40
22 90 72 81 -1 0 16 0.00 M M 1.8 9 190 M M 3 18 13 180
23 93 72 83 1 0 18 0.00 M M 2.0 12 260 M M 2 1 14 260
24 94 73 84 2 0 19 0.00 M M 1.3 8 180 M M 1 1 12 260
25 94 75 85 3 0 20 0.00 M M 3.1 13 270 M M 1 1 17 290
26 96 74 85 3 0 20 0.00 M M 1.5 14 30 M M 1 13 17 40
27 96 76 86 4 0 21 T M M 2.1 13 290 M M 0 13 17 290
28 96 75 86 4 0 21 0.00 M M 1.5 8 70 M M 0 1 11 200
29 96 72 84 2 0 19 0.00 M M 1.3 8 290 M M 0 1 11 340
30 96 73 85 3 0 20 0.00 M M 2.2 9 250 M M 0 18 12 260
31 98 71 85 3 0 20 0.00 0.0 0 3.8 14 280 M M 0 1 19 290
================================================================================
SM 2814 2157 0 477 4.42 0.0 87.2 M 74
================================================================================
AV 90.8 69.6 2.8 FASTST M M 2 MAX(MPH)
MISC ----> 23 220 33 320
================================================================================
NOTES:
# LAST OF SEVERAL OCCURRENCES
COLUMN 17 PEAK WIND IN M.P.H.
PRELIMINARY LOCAL CLIMATOLOGICAL DATA (WS FORM: F-6) , PAGE 2
STATION: RUSSELLVILLE
MONTH: JULY
YEAR: 2021
LATITUDE: 35 15 N
LONGITUDE: 93 6 W
[TEMPERATURE DATA] [PRECIPITATION DATA] SYMBOLS USED IN COLUMN 16
AVERAGE MONTHLY: 80.2 TOTAL FOR MONTH: 4.42 1 = FOG OR MIST
DPTR FM NORMAL: -1.6 DPTR FM NORMAL: 0.97 2 = FOG REDUCING VISIBILITY
HIGHEST: 98 ON 31 GRTST 24HR 1.36 ON 16-16 TO 1/4 MILE OR LESS
LOWEST: 60 ON 4, 3 3 = THUNDER
SNOW, ICE PELLETS, HAIL 4 = ICE PELLETS
TOTAL MONTH: 0.0 INCH 5 = HAIL
GRTST 24HR 0.0 6 = FREEZING RAIN OR DRIZZLE
GRTST DEPTH: 0 7 = DUSTSTORM OR SANDSTORM:
VSBY 1/2 MILE OR LESS
8 = SMOKE OR HAZE
[NO. OF DAYS WITH] [WEATHER - DAYS WITH] 9 = BLOWING SNOW
X = TORNADO
MAX 32 OR BELOW: 0 0.01 INCH OR MORE: 8
MAX 90 OR ABOVE: 20 0.10 INCH OR MORE: 6
MIN 32 OR BELOW: 0 0.50 INCH OR MORE: 4
MIN 0 OR BELOW: 0 1.00 INCH OR MORE: 1
[HDD (BASE 65) ]
TOTAL THIS MO. 0 CLEAR (SCALE 0-3) 22
DPTR FM NORMAL 0 PTCLDY (SCALE 4-7) 9
TOTAL FM JUL 1 0 CLOUDY (SCALE 8-10) 0
DPTR FM NORMAL 0
[CDD (BASE 65) ]
TOTAL THIS MO. 477
DPTR FM NORMAL -44 [PRESSURE DATA]
TOTAL FM JAN 1 1014 HIGHEST SLP 30.18 ON 14
DPTR FM NORMAL -129 LOWEST SLP 29.77 ON 11
[REMARKS]
#FINAL-07-21#