000
CXUS54 KLZK 011230
CF6RUE
PRELIMINARY LOCAL CLIMATOLOGICAL DATA (WS FORM: F-6)
STATION: RUSSELLVILLE
MONTH: AUGUST
YEAR: 2023
LATITUDE: 35 15 N
LONGITUDE: 93 6 W
TEMPERATURE IN F: :PCPN: SNOW: WIND :SUNSHINE: SKY :PK WND
================================================================================
1 2 3 4 5 6A 6B 7 8 9 10 11 12 13 14 15 16 17 18
12Z AVG MX 2MIN
DY MAX MIN AVG DEP HDD CDD WTR SNW DPTH SPD SPD DIR MIN PSBL S-S WX SPD DR
================================================================================
1 94 75 85 3 0 20 0.00 M M 2.7 10 70 M M 0 16 80
2 98 76 87 5 0 22 0.00 M M 3.6 9 90 M M 0 14 80
3 102 78 90 8 0 25 0.00 M M 2.0 9 340 M M 0 13 310
4 97 76 87 5 0 22 0.03 M M 3.4 10 120 M M 0 3 18 110
5 95 74 85 3 0 20 0.00 M M 2.4 18 350 M M 0 1 27 310
6 92 72 82 0 0 17 0.23 M M 3.2 20 280 M M 3 13 27 280
7 86 70 78 -4 0 13 0.25 M M 3.6 21 320 M M 2 13 26 320
8 86 71 79 -3 0 14 0.55 M M 3.3 12 190 M M 3 13 16 180
9 81 72 77 -5 0 12 0.16 M M 2.5 8 30 M M 4 138 14 100
10 92 70 81 -1 0 16 0.00 M M 3.2 10 100 M M 5 3 14 110
11 95 73 84 2 0 19 0.03 M M 4.0 13 280 M M 2 13 19 270
12 89 78 84 2 0 19 0.26 M M 3.1 15 180 M M 2 138 20 120
13 97 78 88 6 0 23 0.00 M M 2.3 12 360 M M 0 16 360
14 88 72 80 -2 0 15 0.08 M M 5.7 21 340 M M 2 13 32 340
15 87 62 75 -7 0 10 0.00 M M 4.5 14 360 M M 1 20 350
16 84 60 72 -10 0 7 0.00 M M 1.3 8 190 M M 2 1 12 180
17 95 61 78 -3 0 13 0.00 M M 1.8 12 220 M M 0 1 17 220
18 94 70 82 1 0 17 0.00 M M 4.1 10 60 M M 0 16 110
19 100 70 85 4 0 20 0.00 M M 1.6 7 110 M M 0 10 70
20 105 74 90 9 0 25 0.00 M M 1.5 8 120 M M 0 1 13 160
21 102 75 89 8 0 24 0.00 M M 1.4 10 190 M M 0 1 14 140
22 100 74 87 6 0 22 0.00 M M 2.0 9 150 M M 0 13 200
23 100 77 89 9 0 24 0.00 M M 1.9 9 70 M M 1 18 11 130
24 102 76 89 9 0 24 0.00 M M 2.1 13 330 M M 0 13 17 280
25 104 74 89 9 0 24 0.00 M M 1.7 18 320 M M 0 3 25 320
26 104 73 89 9 0 24 0.00 M M 2.6 15 70 M M 0 3 20 80
27 93 73 83 3 0 18 0.00 M M 4.5 20 30 M M 6 24 30
28 92 69 81 1 0 16 0.00 M M 4.7 12 70 M M 7 16 70
29 94 63 79 0 0 14 0.00 M M 2.7 14 360 M M 0 18 50
30 94 66 80 1 0 15 0.00 M M 4.2 14 70 M M 4 19 60
31 92 62 77 -2 0 12 0.00 M M 3.7 12 40 M M 1 15 130
================================================================================
SM 2934 2214 0 566 1.59 M 91.3 M 45
================================================================================
AV 94.6 71.4 2.9 FASTST M M 1 MAX(MPH)
MISC ----> # 21 320 32 340
================================================================================
NOTES:
# LAST OF SEVERAL OCCURRENCES
COLUMN 17 PEAK WIND IN M.P.H.
PRELIMINARY LOCAL CLIMATOLOGICAL DATA (WS FORM: F-6) , PAGE 2
STATION: RUSSELLVILLE
MONTH: AUGUST
YEAR: 2023
LATITUDE: 35 15 N
LONGITUDE: 93 6 W
[TEMPERATURE DATA] [PRECIPITATION DATA] SYMBOLS USED IN COLUMN 16
AVERAGE MONTHLY: 83.0 TOTAL FOR MONTH: 1.59 1 = FOG OR MIST
DPTR FM NORMAL: 1.9 DPTR FM NORMAL: -1.92 2 = FOG REDUCING VISIBILITY
HIGHEST: 105 ON 20 GRTST 24HR 0.67 ON 7- 8 TO 1/4 MILE OR LESS
LOWEST: 60 ON 16 3 = THUNDER
SNOW, ICE PELLETS, HAIL 4 = ICE PELLETS
TOTAL MONTH: M 5 = HAIL
GRTST 24HR M ON M 6 = FREEZING RAIN OR DRIZZLE
GRTST DEPTH: M ON M 7 = DUSTSTORM OR SANDSTORM:
VSBY 1/2 MILE OR LESS
8 = SMOKE OR HAZE
[NO. OF DAYS WITH] [WEATHER - DAYS WITH] 9 = BLOWING SNOW
X = TORNADO
MAX 32 OR BELOW: 0 0.01 INCH OR MORE: 8
MAX 90 OR ABOVE: 24 0.10 INCH OR MORE: 5
MIN 32 OR BELOW: 0 0.50 INCH OR MORE: 1
MIN 0 OR BELOW: 0 1.00 INCH OR MORE: 0
[HDD (BASE 65) ]
TOTAL THIS MO. 0 CLEAR (SCALE 0-3) 26
DPTR FM NORMAL 0 PTCLDY (SCALE 4-7) 5
TOTAL FM JUL 1 0 CLOUDY (SCALE 8-10) 0
DPTR FM NORMAL 0
[CDD (BASE 65) ]
TOTAL THIS MO. 566
DPTR FM NORMAL 66 [PRESSURE DATA]
TOTAL FM JAN 1 1728 HIGHEST SLP 30.11 ON 8
DPTR FM NORMAL 85 LOWEST SLP 29.70 ON 9
[REMARKS]
#FINAL-08-23#