000
CXUS53 KMPX 111649
CF6RWF
PRELIMINARY LOCAL CLIMATOLOGICAL DATA (WS FORM: F-6)
STATION: REDWOOD FALLS MN
MONTH: JULY
YEAR: 2023
LATITUDE: 44 32 N
LONGITUDE: 95 5 W
TEMPERATURE IN F: :PCPN: SNOW: WIND :SUNSHINE: SKY :PK WND
================================================================================
1 2 3 4 5 6A 6B 7 8 9 10 11 12 13 14 15 16 17 18
12Z AVG MX 2MIN
DY MAX MIN AVG DEP HDD CDD WTR SNW DPTH SPD SPD DIR MIN PSBL S-S WX SPD DR
================================================================================
1 87 62 75 3 0 10 0.00 M M 4.1 9 340 M M 1 18 14 360
2 90 61 76 4 0 11 T M M 4.3 12 220 M M 1 15 240
3 90 70 80 8 0 15 0.00 M M 8.2 15 340 M M 1 3 22 330
4 79 64 72 0 0 7 0.02 M M 6.2 18 120 M M 4 13 24 120
5 72 55 64 -8 1 0 0.00 M M 10.1 20 300 M M 3 27 340
6 76 49 63 -10 2 0 0.00 M M 5.0 12 280 M M 1 17 270
7 72 51 62 -11 3 0 0.00 M M 7.5 15 210 M M 0 19 200
8 77 54 66 -7 0 1 0.00 M M 6.8 15 300 M M 3 1 23 300
9 87 54 71 -2 0 6 0.00 M M 11.4 22 220 M M 0 30 210
10 95 63 79 6 0 14 0.00 M M 10.1 16 350 M M 1 8 24 340
11 73 53 63 -10 2 0 T M M 4.3 12 60 M M 2 3 16 60
12 79 57 68 -5 0 3 0.11 M M 6.1 21 120 M M 4 1 28 120
13 90 63 77 4 0 12 T M M 9.0 23 270 M M 2 3 30 270
14 90 62 76 3 0 11 0.36 M M 5.6 32 350 M M 2 138 50 350
15 79 60 70 -3 0 5 0.00 M M 8.6 22 290 M M 2 18 30 290
16 79 56 68 -5 0 3 0.00 M M 10.5 23 300 M M 1 8 33 300
17 75 51 63 -10 2 0 0.00 M M 6.8 16 300 M M 3 27 320
18 80 54 67 -6 0 2 0.02 M M 5.7 15 130 M M 1 38 18 140
19 91 62 77 4 0 12 0.06 M M 10.7 26 220 M M 1 3 35 220
20 80 60 70 -3 0 5 0.00 M M 8.9 20 330 M M 3 32 330
21 84 57 71 -2 0 6 0.00 M M 5.0 16 230 M M 2 21 230
22 90 61 76 3 0 11 0.00 M M 8.4 21 230 M M 1 18 28 220
23 85 59 72 -1 0 7 0.00 M M 5.2 9 200 M M 0 18 14 310
24 92 62 77 4 0 12 0.00 M M 5.7 13 140 M M 0 18 18 170
25 93 63 78 6 0 13 T M M 9.8 21 140 M M 0 18 26 130
26 98 70 84 12 0 19 0.12 M M 6.3 15 60 M M 2 13 25 60
27 98 70 84 12 0 19 0.26 M M 8.6 16 110 M M 3 3 24 110
28 89 69 79 7 0 14 0.00 M M 6.1 21 330 M M 0 33 320
29 81 62 72 0 0 7 0.00 M M 8.2 15 330 M M 0 22 320
30 80 55 68 -4 0 3 0.00 M M 4.7 10 70 M M 3 13 70
31 84 59 72 0 0 7 0.00 M M 6.7 15 140 M M 0 1 21 120
================================================================================
SM 2615 1848 10 235 0.95 M 224.6 M 47
================================================================================
AV 84.4 59.6 7.2 FASTST M M 2 MAX(MPH)
MISC ----> 32 350 50 350
================================================================================
NOTES:
# LAST OF SEVERAL OCCURRENCES
COLUMN 17 PEAK WIND IN M.P.H.
PRELIMINARY LOCAL CLIMATOLOGICAL DATA (WS FORM: F-6) , PAGE 2
STATION: REDWOOD FALLS MN
MONTH: JULY
YEAR: 2023
LATITUDE: 44 32 N
LONGITUDE: 95 5 W
[TEMPERATURE DATA] [PRECIPITATION DATA] SYMBOLS USED IN COLUMN 16
AVERAGE MONTHLY: 72.0 TOTAL FOR MONTH: 0.95 1 = FOG OR MIST
DPTR FM NORMAL: -0.6 DPTR FM NORMAL: -2.42 2 = FOG REDUCING VISIBILITY
HIGHEST: 98 ON 27,26 GRTST 24HR 0.36 ON 13-14 TO 1/4 MILE OR LESS
LOWEST: 49 ON 6 3 = THUNDER
SNOW, ICE PELLETS, HAIL 4 = ICE PELLETS
TOTAL MONTH: M 5 = HAIL
GRTST 24HR M ON M 6 = FREEZING RAIN OR DRIZZLE
GRTST DEPTH: M ON M 7 = DUSTSTORM OR SANDSTORM:
VSBY 1/2 MILE OR LESS
8 = SMOKE OR HAZE
[NO. OF DAYS WITH] [WEATHER - DAYS WITH] 9 = BLOWING SNOW
X = TORNADO
MAX 32 OR BELOW: 0 0.01 INCH OR MORE: 7
MAX 90 OR ABOVE: 11 0.10 INCH OR MORE: 4
MIN 32 OR BELOW: 0 0.50 INCH OR MORE: 0
MIN 0 OR BELOW: 0 1.00 INCH OR MORE: 0
[HDD (BASE 65) ]
TOTAL THIS MO. 10 CLEAR (SCALE 0-3) 28
DPTR FM NORMAL 3 PTCLDY (SCALE 4-7) 3
TOTAL FM JUL 1 10 CLOUDY (SCALE 8-10) 0
DPTR FM NORMAL 10
[CDD (BASE 65) ]
TOTAL THIS MO. 235
DPTR FM NORMAL -7 [PRESSURE DATA]
TOTAL FM JAN 1 540 HIGHEST SLP 30.20 ON 30
DPTR FM NORMAL 98 LOWEST SLP 29.68 ON 13
[REMARKS]
#FINAL-07-23#